{"id":89,"date":"2025-10-29T17:04:34","date_gmt":"2025-10-29T16:04:34","guid":{"rendered":"https:\/\/gicd.inf.um.es\/csidcav\/lab1\/?page_id=89"},"modified":"2025-11-19T17:10:41","modified_gmt":"2025-11-19T16:10:41","slug":"especial-series-dramaticas","status":"publish","type":"page","link":"https:\/\/gicd.inf.um.es\/csidcav\/lab1\/especial-series-dramaticas\/","title":{"rendered":"Especial series dram\u00e1ticas"},"content":{"rendered":"\n<div class=\"wp-block-media-text is-stacked-on-mobile\" style=\"grid-template-columns:33% auto\"><figure class=\"wp-block-media-text__media\"><img loading=\"lazy\" decoding=\"async\" width=\"1024\" height=\"683\" src=\"https:\/\/gicd.inf.um.es\/csidcav\/lab1\/wp-content\/uploads\/2025\/10\/cie-philippegenty05-1024x683.jpg\" alt=\"\" class=\"wp-image-90 size-full\" srcset=\"https:\/\/gicd.inf.um.es\/csidcav\/lab1\/wp-content\/uploads\/2025\/10\/cie-philippegenty05-1024x683.jpg 1024w, https:\/\/gicd.inf.um.es\/csidcav\/lab1\/wp-content\/uploads\/2025\/10\/cie-philippegenty05-300x200.jpg 300w, https:\/\/gicd.inf.um.es\/csidcav\/lab1\/wp-content\/uploads\/2025\/10\/cie-philippegenty05-768x512.jpg 768w, https:\/\/gicd.inf.um.es\/csidcav\/lab1\/wp-content\/uploads\/2025\/10\/cie-philippegenty05-1536x1024.jpg 1536w, https:\/\/gicd.inf.um.es\/csidcav\/lab1\/wp-content\/uploads\/2025\/10\/cie-philippegenty05-2048x1365.jpg 2048w\" sizes=\"auto, (max-width: 1024px) 100vw, 1024px\" \/><\/figure><div class=\"wp-block-media-text__content\">\n<p>En la cinematograf\u00eda y la televisi\u00f3n, el drama es un g\u00e9nero que trata situaciones generalmente no \u00e9picas en un contexto serio, con un tono y una orientaci\u00f3n m\u00e1s susceptible de inspirar tristeza y compasi\u00f3n que risa o gracia. Sin embargo, desde el punto de vista etimol\u00f3gico, el drama evoca acci\u00f3n y di\u00e1logo.<\/p>\n\n\n\n<p>Este tipo de obra recientemente ha ganado popularidad en varios pa\u00edses del mundo, con series tales como Prison Break, Dr House, etc. Generalmente, una obra dram\u00e1tica se basa en un guion donde con el menor humor posible y de una manera natural, se aborda un tema grave y trascendente (muerte, miseria, infidelidad, violaci\u00f3n, sexualidad, toxicoman\u00eda,&#8230;<\/p>\n<\/div><\/div>\n\n\n\n<div class=\"wp-block-query is-layout-flow wp-block-query-is-layout-flow\"><ul class=\"columns-2 wp-block-post-template is-layout-grid wp-container-core-post-template-is-layout-17361a50 wp-block-post-template-is-layout-grid\"><li class=\"wp-block-post post-75 post type-post status-publish format-standard has-post-thumbnail hentry category-drama category-thriller tag-comedia-negra tag-drogas tag-enfermedad tag-policiaco\">\n\n<div class=\"wp-block-group bs-blog-post\"><div class=\"wp-block-group__inner-container is-layout-constrained wp-block-group-is-layout-constrained\"><figure class=\"wp-block-post-featured-image\"><a href=\"https:\/\/gicd.inf.um.es\/csidcav\/lab1\/breaking-bad\/\" target=\"_self\"  ><img loading=\"lazy\" decoding=\"async\" width=\"1920\" height=\"1080\" src=\"https:\/\/gicd.inf.um.es\/csidcav\/lab1\/wp-content\/uploads\/2025\/10\/bb-poster-horizonal.jpg\" class=\"attachment-post-thumbnail size-post-thumbnail wp-post-image\" alt=\"Breaking Bad\" style=\"object-fit:cover;\" srcset=\"https:\/\/gicd.inf.um.es\/csidcav\/lab1\/wp-content\/uploads\/2025\/10\/bb-poster-horizonal.jpg 1920w, https:\/\/gicd.inf.um.es\/csidcav\/lab1\/wp-content\/uploads\/2025\/10\/bb-poster-horizonal-300x169.jpg 300w, https:\/\/gicd.inf.um.es\/csidcav\/lab1\/wp-content\/uploads\/2025\/10\/bb-poster-horizonal-1024x576.jpg 1024w, https:\/\/gicd.inf.um.es\/csidcav\/lab1\/wp-content\/uploads\/2025\/10\/bb-poster-horizonal-768x432.jpg 768w, https:\/\/gicd.inf.um.es\/csidcav\/lab1\/wp-content\/uploads\/2025\/10\/bb-poster-horizonal-1536x864.jpg 1536w, https:\/\/gicd.inf.um.es\/csidcav\/lab1\/wp-content\/uploads\/2025\/10\/bb-poster-horizonal-1280x720.jpg 1280w\" sizes=\"auto, (max-width: 1920px) 100vw, 1920px\" \/><\/a><\/figure>\n\n\n<div class=\"wp-block-group small\"><div class=\"wp-block-group__inner-container is-layout-constrained wp-block-group-is-layout-constrained\"><div class=\"taxonomy-category wp-block-post-terms\"><a href=\"https:\/\/gicd.inf.um.es\/csidcav\/lab1\/category\/drama\/\" rel=\"tag\">Drama<\/a><span class=\"wp-block-post-terms__separator\">, <\/span><a href=\"https:\/\/gicd.inf.um.es\/csidcav\/lab1\/category\/thriller\/\" rel=\"tag\">Thriller<\/a><\/div>\n\n<h2 class=\"has-link-color wp-elements-e7d87caf282a7e0ce1fa9993174240d8 wp-block-post-title has-text-color has-vivid-red-color\"><a href=\"https:\/\/gicd.inf.um.es\/csidcav\/lab1\/breaking-bad\/\" target=\"_self\" >Breaking Bad<\/a><\/h2>\n\n<div class=\"wp-block-post-excerpt\"><p class=\"wp-block-post-excerpt__excerpt\">Walter White es un profesor de qu\u00edmica de instituto con c\u00e1ncer de pulm\u00f3n incurable. Para ayudar a su familia decide fabricar anfetaminas y venderlas ayudado por un antiguo alumno. <\/p><\/div><\/div><\/div>\n\n\n\n<div style=\"height:30px\" aria-hidden=\"true\" class=\"wp-block-spacer\"><\/div>\n<\/div><\/div>\n\n<\/li><li class=\"wp-block-post post-70 post type-post status-publish format-standard has-post-thumbnail hentry category-accion category-drama category-fantastico tag-dragones tag-espada-y-brujeria tag-fantasia-medieval tag-venganza\">\n\n<div class=\"wp-block-group bs-blog-post\"><div class=\"wp-block-group__inner-container is-layout-constrained wp-block-group-is-layout-constrained\"><figure class=\"wp-block-post-featured-image\"><a href=\"https:\/\/gicd.inf.um.es\/csidcav\/lab1\/juego-de-tronos\/\" target=\"_self\"  ><img loading=\"lazy\" decoding=\"async\" width=\"1920\" height=\"1080\" src=\"https:\/\/gicd.inf.um.es\/csidcav\/lab1\/wp-content\/uploads\/2025\/10\/jdt-poster-horizonal.jpg\" class=\"attachment-post-thumbnail size-post-thumbnail wp-post-image\" alt=\"Juego de tronos\" style=\"object-fit:cover;\" srcset=\"https:\/\/gicd.inf.um.es\/csidcav\/lab1\/wp-content\/uploads\/2025\/10\/jdt-poster-horizonal.jpg 1920w, https:\/\/gicd.inf.um.es\/csidcav\/lab1\/wp-content\/uploads\/2025\/10\/jdt-poster-horizonal-300x169.jpg 300w, https:\/\/gicd.inf.um.es\/csidcav\/lab1\/wp-content\/uploads\/2025\/10\/jdt-poster-horizonal-1024x576.jpg 1024w, https:\/\/gicd.inf.um.es\/csidcav\/lab1\/wp-content\/uploads\/2025\/10\/jdt-poster-horizonal-768x432.jpg 768w, https:\/\/gicd.inf.um.es\/csidcav\/lab1\/wp-content\/uploads\/2025\/10\/jdt-poster-horizonal-1536x864.jpg 1536w, https:\/\/gicd.inf.um.es\/csidcav\/lab1\/wp-content\/uploads\/2025\/10\/jdt-poster-horizonal-1280x720.jpg 1280w\" sizes=\"auto, (max-width: 1920px) 100vw, 1920px\" \/><\/a><\/figure>\n\n\n<div class=\"wp-block-group small\"><div class=\"wp-block-group__inner-container is-layout-constrained wp-block-group-is-layout-constrained\"><div class=\"taxonomy-category wp-block-post-terms\"><a href=\"https:\/\/gicd.inf.um.es\/csidcav\/lab1\/category\/accion\/\" rel=\"tag\">Acci\u00f3n<\/a><span class=\"wp-block-post-terms__separator\">, <\/span><a href=\"https:\/\/gicd.inf.um.es\/csidcav\/lab1\/category\/drama\/\" rel=\"tag\">Drama<\/a><span class=\"wp-block-post-terms__separator\">, <\/span><a href=\"https:\/\/gicd.inf.um.es\/csidcav\/lab1\/category\/fantastico\/\" rel=\"tag\">Fant\u00e1stico<\/a><\/div>\n\n<h2 class=\"has-link-color wp-elements-e7d87caf282a7e0ce1fa9993174240d8 wp-block-post-title has-text-color has-vivid-red-color\"><a href=\"https:\/\/gicd.inf.um.es\/csidcav\/lab1\/juego-de-tronos\/\" target=\"_self\" >Juego de tronos<\/a><\/h2>\n\n<div class=\"wp-block-post-excerpt\"><p class=\"wp-block-post-excerpt__excerpt\">Las distintas casas nobiliarias del continente ficticio de Poniente luchan entre s\u00ed para tener el control del Trono de Hierro y gobernar los siete reinos que conforman el territorio. <\/p><\/div><\/div><\/div>\n\n\n\n<div style=\"height:30px\" aria-hidden=\"true\" class=\"wp-block-spacer\"><\/div>\n<\/div><\/div>\n\n<\/li><\/ul>\n\n\n\n<\/div>\n\n\n\n<div class=\"wp-block-cp-timeline-content-timeline Cool-Content-Timeline\"><div class=\"cool-timeline-block-2b95e9e1-600b-47d0-adc4-09f7d8fb05ab\"><style>.cool-timeline-block-2b95e9e1-600b-47d0-adc4-09f7d8fb05ab .cool-vertical-timeline-body{--ctlb-date-color: #6ed450;--ctlb-line-color: #476fd3;}<\/style><div class=\"cool-vertical-timeline-body ctlb-wrapper both-sided right\"><div class=\"cool-timeline-block-list\">\n<div class=\"wp-block-cp-timeline-content-timeline-child swiper-slide\"><div class=\"timeline-content icon-true \"><div class=\"timeline-block-timeline ctl-row  position-right\"><div class=\"ctl-6 timeline-block-time\"><div class=\"story-time\"><p>2021<\/p><\/div><\/div><div class=\"timeline-block-icon\"><span class=\"timeline-block-render-icon\" style=\"fill:white\"><div class=\"iconpicker-item\" style=\"font-size:24px;color:white;padding:2px\"><svg stroke=\"currentColor\" fill=\"currentColor\" stroke-width=\"0\" viewBox=\"0 0 496 512\" height=\"1em\" width=\"1em\" xmlns=\"http:\/\/www.w3.org\/2000\/svg\"><path d=\"M248 8C111 8 0 119 0 256s111 248 248 248 248-111 248-248S385 8 248 8zM136 240c0-9.3 4.1-17.5 10.5-23.4l-31-9.3c-8.5-2.5-13.3-11.5-10.7-19.9 2.5-8.5 11.4-13.2 19.9-10.7l80 24c8.5 2.5 13.3 11.5 10.7 19.9-2.1 6.9-8.4 11.4-15.3 11.4-.5 0-1.1-.2-1.7-.2.7 2.7 1.7 5.3 1.7 8.2 0 17.7-14.3 32-32 32S136 257.7 136 240zm168 154.2c-27.8-33.4-84.2-33.4-112.1 0-13.5 16.3-38.2-4.2-24.6-20.5 20-24 49.4-37.8 80.6-37.8s60.6 13.8 80.6 37.8c13.8 16.5-11.1 36.6-24.5 20.5zm76.6-186.9l-31 9.3c6.3 5.8 10.5 14.1 10.5 23.4 0 17.7-14.3 32-32 32s-32-14.3-32-32c0-2.9.9-5.6 1.7-8.2-.6.1-1.1.2-1.7.2-6.9 0-13.2-4.5-15.3-11.4-2.5-8.5 2.3-17.4 10.7-19.9l80-24c8.4-2.5 17.4 2.3 19.9 10.7 2.5 8.5-2.3 17.4-10.8 19.9z\"><\/path><\/svg><\/div><\/span><\/div><div class=\"ctl-6 timeline-block-detail\"><div class=\"story-details\"><div class=\"story-content\">\n<figure class=\"wp-block-image size-full ctlb-block-image is-style-rounded\"><img loading=\"lazy\" decoding=\"async\" width=\"300\" height=\"436\" src=\"https:\/\/gicd.inf.um.es\/csidcav\/lab1\/wp-content\/uploads\/2025\/11\/P-2020-The-Crown.jpg\" alt=\"\" class=\"wp-image-149\" srcset=\"https:\/\/gicd.inf.um.es\/csidcav\/lab1\/wp-content\/uploads\/2025\/11\/P-2020-The-Crown.jpg 300w, https:\/\/gicd.inf.um.es\/csidcav\/lab1\/wp-content\/uploads\/2025\/11\/P-2020-The-Crown-206x300.jpg 206w\" sizes=\"auto, (max-width: 300px) 100vw, 300px\" \/><\/figure>\n\n\n\n<h3 class=\"wp-block-heading ctlb-block-title\" style=\"padding-top:0px;padding-right:0px;padding-bottom:0px;padding-left:0px\">The Crown<\/h3>\n\n\n\n<p class=\"ctlb-block-desc\" style=\"padding-top:0px;padding-right:0px;padding-bottom:0px;padding-left:0px\">The Crown recibi\u00f3 todos los premios Grammy y tal y cual.<\/p>\n<\/div><\/div><\/div><\/div><\/div><\/div>\n\n\n\n<div class=\"wp-block-cp-timeline-content-timeline-child swiper-slide\"><div class=\"timeline-content icon-false \"><div class=\"timeline-block-timeline ctl-row  position-left\"><div class=\"ctl-6 timeline-block-time\"><div class=\"story-time\"><p>2022<\/p><\/div><\/div><div class=\"timeline-block-icon\"><svg stroke=\"currentColor\" fill=\"currentColor\" stroke-width=\"0\" viewBox=\"0 0 512 512\" height=\"1em\" width=\"1em\" xmlns=\"http:\/\/www.w3.org\/2000\/svg\"><path d=\"M256 8C119 8 8 119 8 256s111 248 248 248 248-111 248-248S393 8 256 8z\"><\/path><\/svg><\/div><div class=\"ctl-6 timeline-block-detail\"><div class=\"story-details\"><div class=\"story-content\">\n<h3 class=\"wp-block-heading ctlb-block-title\" style=\"padding-top:0px;padding-right:0px;padding-bottom:0px;padding-left:0px\">Stranger Things (T3)<\/h3>\n\n\n\n<p class=\"ctlb-block-desc\" style=\"padding-top:0px;padding-right:0px;padding-bottom:0px;padding-left:0px\">Aliter homines, aliter philosophos loqui putas oportere? Sin aliud quid voles, postea. Mihi enim satis est, ipsis non satis. Negat enim summo bono afferre incrementum diem. Quod ea non occurrentia fingunt, vincunt Aristonem., you can change me anytime click here, <\/p>\n<\/div><\/div><\/div><\/div><\/div><\/div>\n\n\n\n<div class=\"wp-block-cp-timeline-content-timeline-child swiper-slide\"><div class=\"timeline-content icon-false \"><div class=\"timeline-block-timeline ctl-row  position-right\"><div class=\"ctl-6 timeline-block-time\"><div class=\"story-time\"><p>Jan 31, 2021<\/p><\/div><\/div><div class=\"timeline-block-icon\"><svg stroke=\"currentColor\" fill=\"currentColor\" stroke-width=\"0\" viewBox=\"0 0 512 512\" height=\"1em\" width=\"1em\" xmlns=\"http:\/\/www.w3.org\/2000\/svg\"><path d=\"M256 8C119 8 8 119 8 256s111 248 248 248 248-111 248-248S393 8 256 8z\"><\/path><\/svg><\/div><div class=\"ctl-6 timeline-block-detail\"><div class=\"story-details\"><div class=\"story-content\">\n<figure class=\"wp-block-image ctlb-block-image\"><img decoding=\"async\" src=\"https:\/\/cooltimeline.com\/wp-content\/uploads\/2022\/11\/amazon3-1-600x338.png\" alt=\"\" style=\"aspect-ratio:4\/3;object-fit:cover\"\/><\/figure>\n\n\n\n<h3 class=\"wp-block-heading ctlb-block-title\" style=\"padding-top:0px;padding-right:0px;padding-bottom:0px;padding-left:0px\">Amazon acquires Audible<\/h3>\n\n\n\n<p class=\"ctlb-block-desc\" style=\"padding-top:0px;padding-right:0px;padding-bottom:0px;padding-left:0px\">Lorem ipsum dolor sit amet, consectetur adipiscing elit, sed do eiusmod tempor incididunt ut labore et dolore magna aliqua. Ut enim ad minim veniam, quis nostrud exercitation ullamco laboris nisi ut aliquip ex ea commodo consequat.<\/p>\n<\/div><\/div><\/div><\/div><\/div><\/div>\n\n\n\n<div class=\"wp-block-cp-timeline-content-timeline-child swiper-slide\"><div class=\"timeline-content icon-false \"><div class=\"timeline-block-timeline ctl-row  position-left\"><div class=\"ctl-6 timeline-block-time\"><div class=\"story-time\"><p>Hola hola<\/p><\/div><\/div><div class=\"timeline-block-icon\"><svg stroke=\"currentColor\" fill=\"currentColor\" stroke-width=\"0\" viewBox=\"0 0 512 512\" height=\"1em\" width=\"1em\" xmlns=\"http:\/\/www.w3.org\/2000\/svg\"><path d=\"M256 8C119 8 8 119 8 256s111 248 248 248 248-111 248-248S393 8 256 8z\"><\/path><\/svg><\/div><div class=\"ctl-6 timeline-block-detail\"><div class=\"story-details\"><div class=\"story-content\">\n<h3 class=\"wp-block-heading ctlb-block-title\" style=\"padding-top:0px;padding-right:0px;padding-bottom:0px;padding-left:0px\"><\/h3>\n\n\n\n<p class=\"ctlb-block-desc\" style=\"padding-top:0px;padding-right:0px;padding-bottom:0px;padding-left:0px\"><\/p>\n<\/div><\/div><\/div><\/div><\/div><\/div>\n<\/div><\/div><\/div><\/div>\n\n\n\n<div class=\"wp-block-cover is-light\"><img loading=\"lazy\" decoding=\"async\" width=\"612\" height=\"412\" class=\"wp-block-cover__image-background wp-image-92 size-full\" alt=\"\" src=\"https:\/\/gicd.inf.um.es\/csidcav\/lab1\/wp-content\/uploads\/2025\/10\/istockphoto-497056962-612x612-1.jpg\" data-object-fit=\"cover\" srcset=\"https:\/\/gicd.inf.um.es\/csidcav\/lab1\/wp-content\/uploads\/2025\/10\/istockphoto-497056962-612x612-1.jpg 612w, https:\/\/gicd.inf.um.es\/csidcav\/lab1\/wp-content\/uploads\/2025\/10\/istockphoto-497056962-612x612-1-300x202.jpg 300w\" sizes=\"auto, (max-width: 612px) 100vw, 612px\" \/><span aria-hidden=\"true\" class=\"wp-block-cover__background has-background-dim\" style=\"background-color:#cfaaa1\"><\/span><div class=\"wp-block-cover__inner-container is-layout-constrained wp-block-cover-is-layout-constrained\">\n<p class=\"has-text-align-center has-large-font-size\">\u00abEl drama me hace llorar\u00bb<\/p>\n\n\n\n<p>MKike Tyson<\/p>\n<\/div><\/div>\n","protected":false},"excerpt":{"rendered":"<p>En la cinematograf\u00eda y la televisi\u00f3n, el drama es un g\u00e9nero que trata situaciones generalmente no \u00e9picas en un contexto serio, con un tono y una orientaci\u00f3n m\u00e1s susceptible de inspirar tristeza y compasi\u00f3n que risa o gracia. Sin embargo, desde el punto de vista etimol\u00f3gico, el drama evoca acci\u00f3n y di\u00e1logo. Este tipo de [&hellip;]<\/p>\n","protected":false},"author":1,"featured_media":0,"parent":0,"menu_order":0,"comment_status":"closed","ping_status":"closed","template":"","meta":{"pgc_sgb_lightbox_settings":"","footnotes":""},"class_list":["post-89","page","type-page","status-publish","hentry"],"_links":{"self":[{"href":"https:\/\/gicd.inf.um.es\/csidcav\/lab1\/wp-json\/wp\/v2\/pages\/89","targetHints":{"allow":["GET"]}}],"collection":[{"href":"https:\/\/gicd.inf.um.es\/csidcav\/lab1\/wp-json\/wp\/v2\/pages"}],"about":[{"href":"https:\/\/gicd.inf.um.es\/csidcav\/lab1\/wp-json\/wp\/v2\/types\/page"}],"author":[{"embeddable":true,"href":"https:\/\/gicd.inf.um.es\/csidcav\/lab1\/wp-json\/wp\/v2\/users\/1"}],"replies":[{"embeddable":true,"href":"https:\/\/gicd.inf.um.es\/csidcav\/lab1\/wp-json\/wp\/v2\/comments?post=89"}],"version-history":[{"count":21,"href":"https:\/\/gicd.inf.um.es\/csidcav\/lab1\/wp-json\/wp\/v2\/pages\/89\/revisions"}],"predecessor-version":[{"id":155,"href":"https:\/\/gicd.inf.um.es\/csidcav\/lab1\/wp-json\/wp\/v2\/pages\/89\/revisions\/155"}],"wp:attachment":[{"href":"https:\/\/gicd.inf.um.es\/csidcav\/lab1\/wp-json\/wp\/v2\/media?parent=89"}],"curies":[{"name":"wp","href":"https:\/\/api.w.org\/{rel}","templated":true}]}}