{"id":351,"date":"2025-12-08T17:12:29","date_gmt":"2025-12-08T16:12:29","guid":{"rendered":"https:\/\/gicd.inf.um.es\/csidcav\/usuario07\/?page_id=351"},"modified":"2025-12-10T14:41:04","modified_gmt":"2025-12-10T13:41:04","slug":"paul-atreides","status":"publish","type":"page","link":"https:\/\/gicd.inf.um.es\/csidcav\/usuario07\/paul-atreides\/","title":{"rendered":"Paul Atreides"},"content":{"rendered":"\n<div class=\"wp-block-media-text is-stacked-on-mobile\"><figure class=\"wp-block-media-text__media\"><img loading=\"lazy\" decoding=\"async\" width=\"300\" height=\"450\" src=\"https:\/\/gicd.inf.um.es\/csidcav\/usuario07\/wp-content\/uploads\/2025\/12\/65f623895d7ac-1.jpg\" alt=\"\" class=\"wp-image-352 size-full\" srcset=\"https:\/\/gicd.inf.um.es\/csidcav\/usuario07\/wp-content\/uploads\/2025\/12\/65f623895d7ac-1.jpg 300w, https:\/\/gicd.inf.um.es\/csidcav\/usuario07\/wp-content\/uploads\/2025\/12\/65f623895d7ac-1-200x300.jpg 200w\" sizes=\"auto, (max-width: 300px) 100vw, 300px\" \/><\/figure><div class=\"wp-block-media-text__content\">\n<p>Hijo del Duque Leto Atreides y Lady Jessica. Naci\u00f3 con una herencia gen\u00e9tica especial, ya que su madre, miembro de la hermandad Bene Gesserit, desobedeci\u00f3 una orden de solo tener hijas. Su traslado al planeta des\u00e9rtico Arrakis (Dune) se convierte en una trampa para su familia. Tras el exterminio de su padre, Paul y su madre huyen al desierto, donde se integran con los nativos Fremen. All\u00ed, Paul se convierte en el l\u00edder profetizado, Muad&#8217;Dib, y utiliza la guerra santa como veh\u00edculo para asegurar el trono imperial y evitar un futuro de caos.<\/p>\n\n\n\n<p>ue entrenado por su madre desde ni\u00f1o, dominando las t\u00e9cnicas de combate y la mente, aunque es un var\u00f3n (algo inusual).<\/p>\n\n\n\n<p>Capacidad para controlar a las personas usando modulaciones espec\u00edficas de su tono vocal.<\/p>\n\n\n\n<p>Tras el despertar de su conciencia Fremen y consumir la Especia (melange), desarrolla la capacidad de ver m\u00faltiples futuros potenciales, un poder que lo convierte en el Kwisatz Haderach.<\/p>\n\n\n\n<p>Experto en el combate de cuerpo a cuerpo y en el uso del cuchillo (crysknife) gracias a su instructor, Duncan Idaho.<\/p>\n\n\n\n<p>Interpretado en las peliculas por <a href=\"https:\/\/gicd.inf.um.es\/csidcav\/usuario07\/actor\/timothee-chalamet\/\" data-type=\"link\" data-id=\"https:\/\/gicd.inf.um.es\/csidcav\/usuario07\/actor\/timothee-chalamet\/\">Timoth\u00e9e Chalamet<\/a><\/p>\n<\/div><\/div>\n\n\n\n<p><\/p>\n","protected":false},"excerpt":{"rendered":"<p>Hijo del Duque Leto Atreides y Lady Jessica. Naci\u00f3 con una herencia gen\u00e9tica especial, ya que su madre, miembro de la hermandad Bene Gesserit, desobedeci\u00f3 una orden de solo tener hijas. Su traslado al planeta des\u00e9rtico Arrakis (Dune) se convierte en una trampa para su familia. Tras el exterminio de su padre, Paul y su [&hellip;]<\/p>\n","protected":false},"author":1,"featured_media":0,"parent":0,"menu_order":0,"comment_status":"closed","ping_status":"closed","template":"","meta":{"pgc_sgb_lightbox_settings":"","footnotes":""},"class_list":["post-351","page","type-page","status-publish","hentry"],"_links":{"self":[{"href":"https:\/\/gicd.inf.um.es\/csidcav\/usuario07\/wp-json\/wp\/v2\/pages\/351","targetHints":{"allow":["GET"]}}],"collection":[{"href":"https:\/\/gicd.inf.um.es\/csidcav\/usuario07\/wp-json\/wp\/v2\/pages"}],"about":[{"href":"https:\/\/gicd.inf.um.es\/csidcav\/usuario07\/wp-json\/wp\/v2\/types\/page"}],"author":[{"embeddable":true,"href":"https:\/\/gicd.inf.um.es\/csidcav\/usuario07\/wp-json\/wp\/v2\/users\/1"}],"replies":[{"embeddable":true,"href":"https:\/\/gicd.inf.um.es\/csidcav\/usuario07\/wp-json\/wp\/v2\/comments?post=351"}],"version-history":[{"count":3,"href":"https:\/\/gicd.inf.um.es\/csidcav\/usuario07\/wp-json\/wp\/v2\/pages\/351\/revisions"}],"predecessor-version":[{"id":1050,"href":"https:\/\/gicd.inf.um.es\/csidcav\/usuario07\/wp-json\/wp\/v2\/pages\/351\/revisions\/1050"}],"wp:attachment":[{"href":"https:\/\/gicd.inf.um.es\/csidcav\/usuario07\/wp-json\/wp\/v2\/media?parent=351"}],"curies":[{"name":"wp","href":"https:\/\/api.w.org\/{rel}","templated":true}]}}