{"id":372,"date":"2025-12-08T17:44:06","date_gmt":"2025-12-08T16:44:06","guid":{"rendered":"https:\/\/gicd.inf.um.es\/csidcav\/usuario07\/?page_id=372"},"modified":"2025-12-10T14:43:01","modified_gmt":"2025-12-10T13:43:01","slug":"stilgar","status":"publish","type":"page","link":"https:\/\/gicd.inf.um.es\/csidcav\/usuario07\/stilgar\/","title":{"rendered":"Stilgar"},"content":{"rendered":"\n<div class=\"wp-block-media-text is-stacked-on-mobile\"><figure class=\"wp-block-media-text__media\"><img loading=\"lazy\" decoding=\"async\" width=\"300\" height=\"450\" src=\"https:\/\/gicd.inf.um.es\/csidcav\/usuario07\/wp-content\/uploads\/2025\/12\/65f623a8073a3-1.jpg\" alt=\"\" class=\"wp-image-373 size-full\" srcset=\"https:\/\/gicd.inf.um.es\/csidcav\/usuario07\/wp-content\/uploads\/2025\/12\/65f623a8073a3-1.jpg 300w, https:\/\/gicd.inf.um.es\/csidcav\/usuario07\/wp-content\/uploads\/2025\/12\/65f623a8073a3-1-200x300.jpg 200w\" sizes=\"auto, (max-width: 300px) 100vw, 300px\" \/><\/figure><div class=\"wp-block-media-text__content\">\n<p>L\u00edder (Naib) del Sietch Tabr, uno de los mayores asentamientos Fremen en el desierto de Arrakis. Es un guerrero pragm\u00e1tico y disciplinado. Inicialmente, ve a Paul y Lady Jessica con escepticismo, pero su profunda fe en las profec\u00edas Fremen (sembradas por los Bene Gesserit) lo convence de que Paul es el Mahdi (el mes\u00edas). Se convierte en el mentor de Paul sobre las costumbres del desierto y en el lugarteniente m\u00e1s leal de Muad&#8217;Dib.<\/p>\n\n\n\n<p>Uno de los luchadores m\u00e1s formidables del desierto, experto en el uso del cuchillo (crysknife) y en el combate cuerpo a cuerpo bajo el escudo.<\/p>\n\n\n\n<p>Mantiene la disciplina y la cohesi\u00f3n de su <em>sietch<\/em> con una autoridad absoluta.<\/p>\n\n\n\n<p>Posee un dominio total de la ecolog\u00eda y las leyes de supervivencia del desierto, incluyendo c\u00f3mo caminar para evitar a los gusanos de arena (Shai-Hulud) y c\u00f3mo conservar la escasa agua.<\/p>\n\n\n\n<p id=\"block-5d73bcb3-cc66-486a-8475-49235c3a9e6a\">Interpretado en las peliculas por <a href=\"https:\/\/gicd.inf.um.es\/csidcav\/usuario07\/actor\/javier-bardem\/\" data-type=\"link\" data-id=\"https:\/\/gicd.inf.um.es\/csidcav\/usuario07\/actor\/javier-bardem\/\">Javier Bardem<\/a><\/p>\n<\/div><\/div>\n","protected":false},"excerpt":{"rendered":"<p>L\u00edder (Naib) del Sietch Tabr, uno de los mayores asentamientos Fremen en el desierto de Arrakis. Es un guerrero pragm\u00e1tico y disciplinado. Inicialmente, ve a Paul y Lady Jessica con escepticismo, pero su profunda fe en las profec\u00edas Fremen (sembradas por los Bene Gesserit) lo convence de que Paul es el Mahdi (el mes\u00edas). Se [&hellip;]<\/p>\n","protected":false},"author":1,"featured_media":0,"parent":0,"menu_order":0,"comment_status":"closed","ping_status":"closed","template":"","meta":{"pgc_sgb_lightbox_settings":"","footnotes":""},"class_list":["post-372","page","type-page","status-publish","hentry"],"_links":{"self":[{"href":"https:\/\/gicd.inf.um.es\/csidcav\/usuario07\/wp-json\/wp\/v2\/pages\/372","targetHints":{"allow":["GET"]}}],"collection":[{"href":"https:\/\/gicd.inf.um.es\/csidcav\/usuario07\/wp-json\/wp\/v2\/pages"}],"about":[{"href":"https:\/\/gicd.inf.um.es\/csidcav\/usuario07\/wp-json\/wp\/v2\/types\/page"}],"author":[{"embeddable":true,"href":"https:\/\/gicd.inf.um.es\/csidcav\/usuario07\/wp-json\/wp\/v2\/users\/1"}],"replies":[{"embeddable":true,"href":"https:\/\/gicd.inf.um.es\/csidcav\/usuario07\/wp-json\/wp\/v2\/comments?post=372"}],"version-history":[{"count":3,"href":"https:\/\/gicd.inf.um.es\/csidcav\/usuario07\/wp-json\/wp\/v2\/pages\/372\/revisions"}],"predecessor-version":[{"id":1054,"href":"https:\/\/gicd.inf.um.es\/csidcav\/usuario07\/wp-json\/wp\/v2\/pages\/372\/revisions\/1054"}],"wp:attachment":[{"href":"https:\/\/gicd.inf.um.es\/csidcav\/usuario07\/wp-json\/wp\/v2\/media?parent=372"}],"curies":[{"name":"wp","href":"https:\/\/api.w.org\/{rel}","templated":true}]}}