{"id":483,"date":"2025-12-08T19:44:08","date_gmt":"2025-12-08T18:44:08","guid":{"rendered":"https:\/\/gicd.inf.um.es\/csidcav\/usuario07\/?page_id=483"},"modified":"2025-12-08T19:53:35","modified_gmt":"2025-12-08T18:53:35","slug":"eddie-dean","status":"publish","type":"page","link":"https:\/\/gicd.inf.um.es\/csidcav\/usuario07\/eddie-dean\/","title":{"rendered":"Eddie Dean"},"content":{"rendered":"\n<div class=\"wp-block-media-text alignfull has-media-on-the-right is-stacked-on-mobile is-vertically-aligned-center is-style-default\" style=\"grid-template-columns:auto 32%\"><div class=\"wp-block-media-text__content\">\n<p><strong><strong>Descripci\u00f3n<\/strong><\/strong><\/p>\n\n\n\n<p>Eddie Dean aparece por primera vez como el \u00abPrisionero\u00bb en el segundo libro de la saga,&nbsp;<em>La llegada de los tres<\/em>. Roland Deschain lo \u00absaca\u00bb de su mundo (Nueva York, 1987) a trav\u00e9s de una puerta m\u00e1gica en una playa del Mundo Medio. En ese momento, Eddie es un joven de 23 a\u00f1os que trabaja como traficante de drogas para el jefe de la mafia Enrico Balazar y lucha contra una fuerte adicci\u00f3n a la hero\u00edna, a la que le introdujo su hermano mayor, Henry.&nbsp;<\/p>\n\n\n\n<p>La transformaci\u00f3n de Eddie es uno de los temas centrales de la saga:&nbsp;<\/p>\n\n\n\n<p><strong>Adicci\u00f3n y recuperaci\u00f3n:<\/strong>&nbsp;Una gran parte de su historia inicial se centra en superar su adicci\u00f3n con la ayuda de Roland y Susannah.<\/p>\n\n\n\n<p><strong>Desarrollo de habilidades:<\/strong>&nbsp;Aunque al principio es reacio y choca frecuentemente con el estoico Roland, Eddie demuestra ser un \u00abpistolero por naturaleza\u00bb con un talento innato para la punter\u00eda y la supervivencia.<\/p>\n\n\n\n<p><strong>Rol en el&nbsp;<em>ka-tet<\/em>:<\/strong>&nbsp;Aporta humor, intuici\u00f3n y profundidad emocional al grupo, sirviendo como contrapeso a la personalidad m\u00e1s fr\u00eda y distante de Roland. Su sentido del humor y su visi\u00f3n del mundo a menudo recuerdan a Roland a su antiguo amigo de la infancia, Cuthbert Allgood.<\/p>\n\n\n\n<p><strong>Relaciones:<\/strong>&nbsp;Forma un v\u00ednculo profundo con Susannah Dean, y finalmente se casan en el Mundo Medio.&nbsp;<\/p>\n\n\n\n<p><strong>Desenlace<\/strong><\/p>\n\n\n\n<p>Eddie acompa\u00f1a a Roland en la mayor parte de su \u00e9pica b\u00fasqueda de la Torre Oscura. En el s\u00e9ptimo y \u00faltimo libro de la serie,&nbsp;<em>La Torre Oscura VII: La Torre Oscura<\/em>, Eddie es fatalmente herido durante un ataque a Algul Siento y muere en brazos de Roland. Su muerte es un momento tr\u00e1gico y conmovedor que afecta profundamente al protagonista.<\/p>\n<\/div><figure class=\"wp-block-media-text__media\"><img loading=\"lazy\" decoding=\"async\" width=\"653\" height=\"1000\" src=\"https:\/\/gicd.inf.um.es\/csidcav\/usuario07\/wp-content\/uploads\/2025\/12\/Eddie_Dean.webp\" alt=\"\" class=\"wp-image-484 size-full\" srcset=\"https:\/\/gicd.inf.um.es\/csidcav\/usuario07\/wp-content\/uploads\/2025\/12\/Eddie_Dean.webp 653w, https:\/\/gicd.inf.um.es\/csidcav\/usuario07\/wp-content\/uploads\/2025\/12\/Eddie_Dean-196x300.webp 196w\" sizes=\"auto, (max-width: 653px) 100vw, 653px\" \/><\/figure><\/div>\n","protected":false},"excerpt":{"rendered":"<p>Descripci\u00f3n Eddie Dean aparece por primera vez como el \u00abPrisionero\u00bb en el segundo libro de la saga,&nbsp;La llegada de los tres. Roland Deschain lo \u00absaca\u00bb de su mundo (Nueva York, 1987) a trav\u00e9s de una puerta m\u00e1gica en una playa del Mundo Medio. En ese momento, Eddie es un joven de 23 a\u00f1os que trabaja [&hellip;]<\/p>\n","protected":false},"author":1,"featured_media":0,"parent":0,"menu_order":0,"comment_status":"closed","ping_status":"closed","template":"","meta":{"pgc_sgb_lightbox_settings":"","footnotes":""},"class_list":["post-483","page","type-page","status-publish","hentry"],"_links":{"self":[{"href":"https:\/\/gicd.inf.um.es\/csidcav\/usuario07\/wp-json\/wp\/v2\/pages\/483","targetHints":{"allow":["GET"]}}],"collection":[{"href":"https:\/\/gicd.inf.um.es\/csidcav\/usuario07\/wp-json\/wp\/v2\/pages"}],"about":[{"href":"https:\/\/gicd.inf.um.es\/csidcav\/usuario07\/wp-json\/wp\/v2\/types\/page"}],"author":[{"embeddable":true,"href":"https:\/\/gicd.inf.um.es\/csidcav\/usuario07\/wp-json\/wp\/v2\/users\/1"}],"replies":[{"embeddable":true,"href":"https:\/\/gicd.inf.um.es\/csidcav\/usuario07\/wp-json\/wp\/v2\/comments?post=483"}],"version-history":[{"count":3,"href":"https:\/\/gicd.inf.um.es\/csidcav\/usuario07\/wp-json\/wp\/v2\/pages\/483\/revisions"}],"predecessor-version":[{"id":506,"href":"https:\/\/gicd.inf.um.es\/csidcav\/usuario07\/wp-json\/wp\/v2\/pages\/483\/revisions\/506"}],"wp:attachment":[{"href":"https:\/\/gicd.inf.um.es\/csidcav\/usuario07\/wp-json\/wp\/v2\/media?parent=483"}],"curies":[{"name":"wp","href":"https:\/\/api.w.org\/{rel}","templated":true}]}}