{"id":693,"date":"2025-12-09T18:50:34","date_gmt":"2025-12-09T17:50:34","guid":{"rendered":"https:\/\/gicd.inf.um.es\/csidcav\/usuario07\/?page_id=693"},"modified":"2025-12-09T18:57:02","modified_gmt":"2025-12-09T17:57:02","slug":"constance-langdon","status":"publish","type":"page","link":"https:\/\/gicd.inf.um.es\/csidcav\/usuario07\/constance-langdon\/","title":{"rendered":"Constance Langdon"},"content":{"rendered":"\n<div class=\"wp-block-media-text is-stacked-on-mobile\"><figure class=\"wp-block-media-text__media\"><img loading=\"lazy\" decoding=\"async\" width=\"300\" height=\"450\" src=\"https:\/\/gicd.inf.um.es\/csidcav\/usuario07\/wp-content\/uploads\/2025\/12\/6567bbf5e2674.jpg\" alt=\"\" class=\"wp-image-694 size-full\" srcset=\"https:\/\/gicd.inf.um.es\/csidcav\/usuario07\/wp-content\/uploads\/2025\/12\/6567bbf5e2674.jpg 300w, https:\/\/gicd.inf.um.es\/csidcav\/usuario07\/wp-content\/uploads\/2025\/12\/6567bbf5e2674-200x300.jpg 200w\" sizes=\"auto, (max-width: 300px) 100vw, 300px\" \/><\/figure><div class=\"wp-block-media-text__content\">\n<p>Constance es la vecina de al lado; una antigua reina de belleza sure\u00f1a, elegante pero profundamente siniestra y manipuladora. Vivi\u00f3 en la casa a\u00f1os atr\u00e1s y conoce todos sus secretos oscuros. Aunque se presenta como una vecina entrometida, es una figura tr\u00e1gica y cruel que ha perdido a casi todos sus hijos en circunstancias horribles, y que har\u00e1 lo que sea para mantener el control sobre la casa y su nieto, el futuro Anticristo.<\/p>\n\n\n\n<p>Interpretada magistralmente por <a href=\"https:\/\/gicd.inf.um.es\/csidcav\/usuario07\/actor\/jessica-lange\/\" data-type=\"link\" data-id=\"https:\/\/gicd.inf.um.es\/csidcav\/usuario07\/actor\/jessica-lange\/\">Jessica Lange<\/a><\/p>\n<\/div><\/div>\n","protected":false},"excerpt":{"rendered":"<p>Constance es la vecina de al lado; una antigua reina de belleza sure\u00f1a, elegante pero profundamente siniestra y manipuladora. Vivi\u00f3 en la casa a\u00f1os atr\u00e1s y conoce todos sus secretos oscuros. Aunque se presenta como una vecina entrometida, es una figura tr\u00e1gica y cruel que ha perdido a casi todos sus hijos en circunstancias horribles, [&hellip;]<\/p>\n","protected":false},"author":1,"featured_media":0,"parent":0,"menu_order":0,"comment_status":"closed","ping_status":"closed","template":"","meta":{"pgc_sgb_lightbox_settings":"","footnotes":""},"class_list":["post-693","page","type-page","status-publish","hentry"],"_links":{"self":[{"href":"https:\/\/gicd.inf.um.es\/csidcav\/usuario07\/wp-json\/wp\/v2\/pages\/693","targetHints":{"allow":["GET"]}}],"collection":[{"href":"https:\/\/gicd.inf.um.es\/csidcav\/usuario07\/wp-json\/wp\/v2\/pages"}],"about":[{"href":"https:\/\/gicd.inf.um.es\/csidcav\/usuario07\/wp-json\/wp\/v2\/types\/page"}],"author":[{"embeddable":true,"href":"https:\/\/gicd.inf.um.es\/csidcav\/usuario07\/wp-json\/wp\/v2\/users\/1"}],"replies":[{"embeddable":true,"href":"https:\/\/gicd.inf.um.es\/csidcav\/usuario07\/wp-json\/wp\/v2\/comments?post=693"}],"version-history":[{"count":2,"href":"https:\/\/gicd.inf.um.es\/csidcav\/usuario07\/wp-json\/wp\/v2\/pages\/693\/revisions"}],"predecessor-version":[{"id":710,"href":"https:\/\/gicd.inf.um.es\/csidcav\/usuario07\/wp-json\/wp\/v2\/pages\/693\/revisions\/710"}],"wp:attachment":[{"href":"https:\/\/gicd.inf.um.es\/csidcav\/usuario07\/wp-json\/wp\/v2\/media?parent=693"}],"curies":[{"name":"wp","href":"https:\/\/api.w.org\/{rel}","templated":true}]}}