{"id":729,"date":"2025-12-09T19:16:55","date_gmt":"2025-12-09T18:16:55","guid":{"rendered":"https:\/\/gicd.inf.um.es\/csidcav\/usuario07\/?page_id=729"},"modified":"2025-12-09T19:16:55","modified_gmt":"2025-12-09T18:16:55","slug":"moff-gideon","status":"publish","type":"page","link":"https:\/\/gicd.inf.um.es\/csidcav\/usuario07\/moff-gideon\/","title":{"rendered":"Moff Gideon"},"content":{"rendered":"\n<div class=\"wp-block-media-text is-stacked-on-mobile\"><figure class=\"wp-block-media-text__media\"><img loading=\"lazy\" decoding=\"async\" width=\"300\" height=\"450\" src=\"https:\/\/gicd.inf.um.es\/csidcav\/usuario07\/wp-content\/uploads\/2025\/12\/677da7d7389c4.jpg\" alt=\"\" class=\"wp-image-730 size-full\" srcset=\"https:\/\/gicd.inf.um.es\/csidcav\/usuario07\/wp-content\/uploads\/2025\/12\/677da7d7389c4.jpg 300w, https:\/\/gicd.inf.um.es\/csidcav\/usuario07\/wp-content\/uploads\/2025\/12\/677da7d7389c4-200x300.jpg 200w\" sizes=\"auto, (max-width: 300px) 100vw, 300px\" \/><\/figure><div class=\"wp-block-media-text__content\">\n<p>Moff Gideon es el formidable y despiadado antagonista principal de la serie, un antiguo oficial de la Oficina de Seguridad Imperial (ISB) que lidera un remanente del Imperio Gal\u00e1ctico con mano de hierro. Su inteligencia t\u00e1ctica y su naturaleza calculadora lo convierten en una amenaza aterradora, ya que busca incansablemente a Grogu para extraer su sangre y utilizar su conexi\u00f3n con la Fuerza en experimentos gen\u00e9ticos oscuros. Gideon se distingue no solo por su crueldad, sino por haber sido el portador del legendario Sable Oscuro (<em>Darksaber<\/em>) durante gran parte de la trama, un s\u00edmbolo de autoridad que le conecta directamente con la tr\u00e1gica historia de la Gran Purga de Mandalore, evento en el que \u00e9l mismo tuvo un papel decisivo para diezmar al pueblo mandaloriano.<\/p>\n\n\n\n<p>Interpretado por <a href=\"https:\/\/gicd.inf.um.es\/csidcav\/usuario07\/actor\/giancarlo-esposito\/\" data-type=\"link\" data-id=\"https:\/\/gicd.inf.um.es\/csidcav\/usuario07\/actor\/giancarlo-esposito\/\">Giancarlo Esposito<\/a><\/p>\n<\/div><\/div>\n","protected":false},"excerpt":{"rendered":"<p>Moff Gideon es el formidable y despiadado antagonista principal de la serie, un antiguo oficial de la Oficina de Seguridad Imperial (ISB) que lidera un remanente del Imperio Gal\u00e1ctico con mano de hierro. Su inteligencia t\u00e1ctica y su naturaleza calculadora lo convierten en una amenaza aterradora, ya que busca incansablemente a Grogu para extraer su [&hellip;]<\/p>\n","protected":false},"author":1,"featured_media":0,"parent":0,"menu_order":0,"comment_status":"closed","ping_status":"closed","template":"","meta":{"pgc_sgb_lightbox_settings":"","footnotes":""},"class_list":["post-729","page","type-page","status-publish","hentry"],"_links":{"self":[{"href":"https:\/\/gicd.inf.um.es\/csidcav\/usuario07\/wp-json\/wp\/v2\/pages\/729","targetHints":{"allow":["GET"]}}],"collection":[{"href":"https:\/\/gicd.inf.um.es\/csidcav\/usuario07\/wp-json\/wp\/v2\/pages"}],"about":[{"href":"https:\/\/gicd.inf.um.es\/csidcav\/usuario07\/wp-json\/wp\/v2\/types\/page"}],"author":[{"embeddable":true,"href":"https:\/\/gicd.inf.um.es\/csidcav\/usuario07\/wp-json\/wp\/v2\/users\/1"}],"replies":[{"embeddable":true,"href":"https:\/\/gicd.inf.um.es\/csidcav\/usuario07\/wp-json\/wp\/v2\/comments?post=729"}],"version-history":[{"count":1,"href":"https:\/\/gicd.inf.um.es\/csidcav\/usuario07\/wp-json\/wp\/v2\/pages\/729\/revisions"}],"predecessor-version":[{"id":731,"href":"https:\/\/gicd.inf.um.es\/csidcav\/usuario07\/wp-json\/wp\/v2\/pages\/729\/revisions\/731"}],"wp:attachment":[{"href":"https:\/\/gicd.inf.um.es\/csidcav\/usuario07\/wp-json\/wp\/v2\/media?parent=729"}],"curies":[{"name":"wp","href":"https:\/\/api.w.org\/{rel}","templated":true}]}}