{"id":885,"date":"2025-12-10T02:38:12","date_gmt":"2025-12-10T01:38:12","guid":{"rendered":"https:\/\/gicd.inf.um.es\/csidcav\/usuario07\/?page_id=885"},"modified":"2025-12-10T03:01:17","modified_gmt":"2025-12-10T02:01:17","slug":"sabias-que","status":"publish","type":"page","link":"https:\/\/gicd.inf.um.es\/csidcav\/usuario07\/sabias-que\/","title":{"rendered":"\u00bfSab\u00edas que?"},"content":{"rendered":"\n<p>En esta secci\u00f3n te traemos an\u00e9cdotas, detalles y curiosidades de tus series favoritas!<\/p>\n\n\n<div class=\"wp-block-image\">\n<figure class=\"aligncenter size-large\"><img loading=\"lazy\" decoding=\"async\" width=\"1024\" height=\"576\" src=\"https:\/\/gicd.inf.um.es\/csidcav\/usuario07\/wp-content\/uploads\/2025\/12\/305288-16-1024x576.jpg\" alt=\"\" class=\"wp-image-886\" srcset=\"https:\/\/gicd.inf.um.es\/csidcav\/usuario07\/wp-content\/uploads\/2025\/12\/305288-16-1024x576.jpg 1024w, https:\/\/gicd.inf.um.es\/csidcav\/usuario07\/wp-content\/uploads\/2025\/12\/305288-16-300x169.jpg 300w, https:\/\/gicd.inf.um.es\/csidcav\/usuario07\/wp-content\/uploads\/2025\/12\/305288-16-768x432.jpg 768w, https:\/\/gicd.inf.um.es\/csidcav\/usuario07\/wp-content\/uploads\/2025\/12\/305288-16-1536x864.jpg 1536w, https:\/\/gicd.inf.um.es\/csidcav\/usuario07\/wp-content\/uploads\/2025\/12\/305288-16-1280x720.jpg 1280w, https:\/\/gicd.inf.um.es\/csidcav\/usuario07\/wp-content\/uploads\/2025\/12\/305288-16.jpg 1920w\" sizes=\"auto, (max-width: 1024px) 100vw, 1024px\" \/><\/figure><\/div>\n\n\n<h2 class=\"wp-block-heading has-text-align-center\">El fen\u00f3meno de la m\u00fasica<\/h2>\n\n\n\n<div class=\"wp-block-columns is-layout-flex wp-container-core-columns-is-layout-9d6595d7 wp-block-columns-is-layout-flex\">\n<div class=\"wp-block-column is-layout-flow wp-block-column-is-layout-flow\">\n<h2 class=\"wp-block-heading has-text-align-center\">El efecto Kate Bush<\/h2>\n\n\n\n<figure class=\"wp-block-image size-large\"><a href=\"https:\/\/gicd.inf.um.es\/csidcav\/usuario07\/wp-content\/uploads\/2025\/12\/dfugiofhduiogbndfgdfni-1.png\"><img loading=\"lazy\" decoding=\"async\" width=\"1024\" height=\"508\" src=\"https:\/\/gicd.inf.um.es\/csidcav\/usuario07\/wp-content\/uploads\/2025\/12\/dfugiofhduiogbndfgdfni-1-1024x508.png\" alt=\"\" class=\"wp-image-888\" srcset=\"https:\/\/gicd.inf.um.es\/csidcav\/usuario07\/wp-content\/uploads\/2025\/12\/dfugiofhduiogbndfgdfni-1-1024x508.png 1024w, https:\/\/gicd.inf.um.es\/csidcav\/usuario07\/wp-content\/uploads\/2025\/12\/dfugiofhduiogbndfgdfni-1-300x149.png 300w, https:\/\/gicd.inf.um.es\/csidcav\/usuario07\/wp-content\/uploads\/2025\/12\/dfugiofhduiogbndfgdfni-1-768x381.png 768w, https:\/\/gicd.inf.um.es\/csidcav\/usuario07\/wp-content\/uploads\/2025\/12\/dfugiofhduiogbndfgdfni-1.png 1267w\" sizes=\"auto, (max-width: 1024px) 100vw, 1024px\" \/><\/a><\/figure>\n\n\n\n<p>En la temporada 4, la canci\u00f3n <em>Running Up That Hill<\/em> de Kate Bush es fundamental para la trama de Max. Tras el estreno, la canci\u00f3n (publicada originalmente en 1985) volvi\u00f3 a las listas de \u00e9xitos mundiales 37 a\u00f1os despu\u00e9s, alcanzando el n\u00famero 1 en Reino Unido y el top 5 en EE. UU., algo que la propia artista agradeci\u00f3 emocionada.<\/p>\n<\/div>\n\n\n\n<div class=\"wp-block-column is-layout-flow wp-block-column-is-layout-flow\">\n<h2 class=\"wp-block-heading has-text-align-center\">Metallica<\/h2>\n\n\n\n<figure class=\"wp-block-image size-full\"><a href=\"https:\/\/gicd.inf.um.es\/csidcav\/usuario07\/wp-content\/uploads\/2025\/12\/eddie-munson-master-of-puppets-stranger-things-1656788440.avif\"><img loading=\"lazy\" decoding=\"async\" width=\"768\" height=\"431\" src=\"https:\/\/gicd.inf.um.es\/csidcav\/usuario07\/wp-content\/uploads\/2025\/12\/eddie-munson-master-of-puppets-stranger-things-1656788440.avif\" alt=\"\" class=\"wp-image-889\" srcset=\"https:\/\/gicd.inf.um.es\/csidcav\/usuario07\/wp-content\/uploads\/2025\/12\/eddie-munson-master-of-puppets-stranger-things-1656788440.avif 768w, https:\/\/gicd.inf.um.es\/csidcav\/usuario07\/wp-content\/uploads\/2025\/12\/eddie-munson-master-of-puppets-stranger-things-1656788440-300x168.jpg 300w\" sizes=\"auto, (max-width: 768px) 100vw, 768px\" \/><\/a><\/figure>\n\n\n\n<p>Para la escena donde Eddie Munson toca <em>Master of Puppets<\/em>, el actor Joseph Quinn realmente aprendi\u00f3 a tocar la canci\u00f3n en la guitarra. Adem\u00e1s, el hijo del bajista de Metallica (Tye Trujillo) grab\u00f3 algunas pistas adicionales de guitarra para la serie.<\/p>\n<\/div>\n<\/div>\n\n\n\n<h2 class=\"wp-block-heading has-text-align-center\">Los actores y sus personajes<\/h2>\n\n\n\n<div class=\"wp-block-columns is-layout-flex wp-container-core-columns-is-layout-9d6595d7 wp-block-columns-is-layout-flex\">\n<div class=\"wp-block-column is-layout-flow wp-block-column-is-layout-flow\">\n<h2 class=\"wp-block-heading\">Steve Harrington iba a morir<\/h2>\n\n\n\n<figure class=\"wp-block-image size-large\"><a href=\"https:\/\/gicd.inf.um.es\/csidcav\/usuario07\/wp-content\/uploads\/2025\/12\/dufghduiofghg-scaled.jpg\"><img loading=\"lazy\" decoding=\"async\" width=\"768\" height=\"1024\" src=\"https:\/\/gicd.inf.um.es\/csidcav\/usuario07\/wp-content\/uploads\/2025\/12\/dufghduiofghg-768x1024.jpg\" alt=\"\" class=\"wp-image-897\" srcset=\"https:\/\/gicd.inf.um.es\/csidcav\/usuario07\/wp-content\/uploads\/2025\/12\/dufghduiofghg-768x1024.jpg 768w, https:\/\/gicd.inf.um.es\/csidcav\/usuario07\/wp-content\/uploads\/2025\/12\/dufghduiofghg-225x300.jpg 225w, https:\/\/gicd.inf.um.es\/csidcav\/usuario07\/wp-content\/uploads\/2025\/12\/dufghduiofghg-1152x1536.jpg 1152w, https:\/\/gicd.inf.um.es\/csidcav\/usuario07\/wp-content\/uploads\/2025\/12\/dufghduiofghg-1536x2048.jpg 1536w, https:\/\/gicd.inf.um.es\/csidcav\/usuario07\/wp-content\/uploads\/2025\/12\/dufghduiofghg-1024x1365.jpg 1024w, https:\/\/gicd.inf.um.es\/csidcav\/usuario07\/wp-content\/uploads\/2025\/12\/dufghduiofghg-scaled.jpg 1920w\" sizes=\"auto, (max-width: 768px) 100vw, 768px\" \/><\/a><\/figure>\n\n\n\n<p>Originalmente, los hermanos Duffer planearon que Steve fuera el t\u00edpico mat\u00f3n de instituto ochentero que no sobrevive a la primera temporada. Sin embargo, el Joe Keery era tan carism\u00e1tico y simp\u00e1tico que decidieron reescribir el personaje, d\u00e1ndole un arco de redenci\u00f3n convirti\u00e9ndolo en la \u00abmadre luchona\u00bb del grupo.<\/p>\n<\/div>\n\n\n\n<div class=\"wp-block-column is-layout-flow wp-block-column-is-layout-flow\">\n<h2 class=\"wp-block-heading\">La audici\u00f3n de Dacre Montgomery (Billy)<\/h2>\n\n\n\n<figure class=\"wp-block-image size-full\"><a href=\"https:\/\/gicd.inf.um.es\/csidcav\/usuario07\/wp-content\/uploads\/2025\/12\/fguiohgihgfi.jpg\"><img loading=\"lazy\" decoding=\"async\" width=\"398\" height=\"530\" src=\"https:\/\/gicd.inf.um.es\/csidcav\/usuario07\/wp-content\/uploads\/2025\/12\/fguiohgihgfi.jpg\" alt=\"\" class=\"wp-image-896\" srcset=\"https:\/\/gicd.inf.um.es\/csidcav\/usuario07\/wp-content\/uploads\/2025\/12\/fguiohgihgfi.jpg 398w, https:\/\/gicd.inf.um.es\/csidcav\/usuario07\/wp-content\/uploads\/2025\/12\/fguiohgihgfi-225x300.jpg 225w\" sizes=\"auto, (max-width: 398px) 100vw, 398px\" \/><\/a><\/figure>\n\n\n\n<p>En la cinta de video que envi\u00f3 Dacre Montgomery para su audici\u00f3n, (actor de Billy), aparec\u00eda \u00e9l bailando canciones de los 80 en tanga, con gafas locas y gritando y llorando hist\u00e9ricamente. Los creadores quedaron tan impresionados por esa energ\u00eda impredecible que lo contrataron de inmediato.<\/p>\n<\/div>\n\n\n\n<div class=\"wp-block-column is-layout-flow wp-block-column-is-layout-flow\">\n<h2 class=\"wp-block-heading\">Bob Newby, el Goonie de los Goonies<\/h2>\n\n\n\n<figure class=\"wp-block-image size-full\"><a href=\"https:\/\/gicd.inf.um.es\/csidcav\/usuario07\/wp-content\/uploads\/2025\/12\/ughsughgs.jpg\"><img loading=\"lazy\" decoding=\"async\" width=\"655\" height=\"873\" src=\"https:\/\/gicd.inf.um.es\/csidcav\/usuario07\/wp-content\/uploads\/2025\/12\/ughsughgs.jpg\" alt=\"\" class=\"wp-image-898\" srcset=\"https:\/\/gicd.inf.um.es\/csidcav\/usuario07\/wp-content\/uploads\/2025\/12\/ughsughgs.jpg 655w, https:\/\/gicd.inf.um.es\/csidcav\/usuario07\/wp-content\/uploads\/2025\/12\/ughsughgs-225x300.jpg 225w\" sizes=\"auto, (max-width: 655px) 100vw, 655px\" \/><\/a><\/figure>\n\n\n\n<p>El personaje de Bob fue interpretado por Sean Astin, famoso por ser Sam Gamyi en <em>El Se\u00f1or de los Anillos<\/em> y Mikey en <em>Los Goonies<\/em>. Los creadores dudaron en contratarlo porque pensaban que ser\u00eda una distracci\u00f3n ver a un \u00abGoonie\u00bb en una serie que homenajea a los <em>Goonies<\/em>, pero lo hizo tan bien que expandieron su papel.<\/p>\n<\/div>\n<\/div>\n\n\n\n<h2 class=\"wp-block-heading has-text-align-center\">Detalles Visuales y Referencias<\/h2>\n\n\n\n<div class=\"wp-block-columns .post-thumbnail {display: none; } is-layout-flex wp-container-core-columns-is-layout-9d6595d7 wp-block-columns-is-layout-flex\">\n<div class=\"wp-block-column is-layout-flow wp-block-column-is-layout-flow\" style=\"flex-basis:25%\">\n<h2 class=\"wp-block-heading\">Grano de pel\u00edcula vintage<\/h2>\n\n\n\n<figure class=\"wp-block-image size-full\"><a href=\"https:\/\/gicd.inf.um.es\/csidcav\/usuario07\/wp-content\/uploads\/2025\/12\/98505040_everything-you-need-to-know-about-stranger-things-the-netflix-show-people-are-obsessed-with.jpg\"><img loading=\"lazy\" decoding=\"async\" width=\"976\" height=\"549\" src=\"https:\/\/gicd.inf.um.es\/csidcav\/usuario07\/wp-content\/uploads\/2025\/12\/98505040_everything-you-need-to-know-about-stranger-things-the-netflix-show-people-are-obsessed-with.jpg\" alt=\"\" class=\"wp-image-903\" srcset=\"https:\/\/gicd.inf.um.es\/csidcav\/usuario07\/wp-content\/uploads\/2025\/12\/98505040_everything-you-need-to-know-about-stranger-things-the-netflix-show-people-are-obsessed-with.jpg 976w, https:\/\/gicd.inf.um.es\/csidcav\/usuario07\/wp-content\/uploads\/2025\/12\/98505040_everything-you-need-to-know-about-stranger-things-the-netflix-show-people-are-obsessed-with-300x169.jpg 300w, https:\/\/gicd.inf.um.es\/csidcav\/usuario07\/wp-content\/uploads\/2025\/12\/98505040_everything-you-need-to-know-about-stranger-things-the-netflix-show-people-are-obsessed-with-768x432.jpg 768w\" sizes=\"auto, (max-width: 976px) 100vw, 976px\" \/><\/a><\/figure>\n\n\n\n<p>Para lograr que la serie se sintiera realmente como una pel\u00edcula de 1983, los editores a\u00f1aden una capa de \u00abgrano de pel\u00edcula\u00bb digital escaneado de cintas de los a\u00f1os 80 reales sobre la imagen digital n\u00edtida de las c\u00e1maras modernas.<\/p>\n<\/div>\n\n\n\n<div class=\"wp-block-column is-layout-flow wp-block-column-is-layout-flow\" style=\"flex-basis:50%\">\n<h2 class=\"wp-block-heading\">Homenaje a E.T.<\/h2>\n\n\n\n<figure class=\"wp-block-image size-full\"><a href=\"https:\/\/gicd.inf.um.es\/csidcav\/usuario07\/wp-content\/uploads\/2025\/12\/df9ugfhdghgfd.png\"><img loading=\"lazy\" decoding=\"async\" width=\"629\" height=\"349\" src=\"https:\/\/gicd.inf.um.es\/csidcav\/usuario07\/wp-content\/uploads\/2025\/12\/df9ugfhdghgfd.png\" alt=\"\" class=\"wp-image-905\" srcset=\"https:\/\/gicd.inf.um.es\/csidcav\/usuario07\/wp-content\/uploads\/2025\/12\/df9ugfhdghgfd.png 629w, https:\/\/gicd.inf.um.es\/csidcav\/usuario07\/wp-content\/uploads\/2025\/12\/df9ugfhdghgfd-300x166.png 300w\" sizes=\"auto, (max-width: 629px) 100vw, 629px\" \/><\/a><\/figure>\n\n\n\n<p>En la primera temporada, cuando Eleven se pone la peluca rubia y el vestido rosa, es un homenaje visual directo a <em>E.T. El Extraterrestre<\/em>, cuando visten al alien\u00edgena para disfrazarlo. Adem\u00e1s, Eleven es fan de los <em>Eggos<\/em> (waffles) porque es la primera comida que roba, similar a c\u00f3mo E.T. descubre la comida humana.<\/p>\n<\/div>\n\n\n\n<div class=\"wp-block-column is-layout-flow wp-block-column-is-layout-flow\" style=\"flex-basis:25%\">\n<h2 class=\"wp-block-heading\">El n\u00famero real<\/h2>\n\n\n\n<figure class=\"wp-block-image size-full\"><a href=\"https:\/\/gicd.inf.um.es\/csidcav\/usuario07\/wp-content\/uploads\/2025\/12\/ES4RXRQ4YJHLLDNECEOIXTNXL4.jpg\"><img loading=\"lazy\" decoding=\"async\" width=\"615\" height=\"438\" src=\"https:\/\/gicd.inf.um.es\/csidcav\/usuario07\/wp-content\/uploads\/2025\/12\/ES4RXRQ4YJHLLDNECEOIXTNXL4.jpg\" alt=\"\" class=\"wp-image-906\" srcset=\"https:\/\/gicd.inf.um.es\/csidcav\/usuario07\/wp-content\/uploads\/2025\/12\/ES4RXRQ4YJHLLDNECEOIXTNXL4.jpg 615w, https:\/\/gicd.inf.um.es\/csidcav\/usuario07\/wp-content\/uploads\/2025\/12\/ES4RXRQ4YJHLLDNECEOIXTNXL4-300x214.jpg 300w\" sizes=\"auto, (max-width: 615px) 100vw, 615px\" \/><\/a><\/figure>\n\n\n\n<p>En la temporada 4, aparece el n\u00famero de tel\u00e9fono de la pizzer\u00eda <em>Surfer Boy Pizza<\/em> (805-45-PIZZA). Si llamabas a ese n\u00famero real en Estados Unidos durante la emisi\u00f3n de la serie, pod\u00edas escuchar un mensaje grabado por el personaje de Argyle (el pizzero fumador) hablando sobre sus ingredientes extra\u00f1os.<\/p>\n\n\n\n<p><\/p>\n<\/div>\n<\/div>\n\n\n\n<p><\/p>\n","protected":false},"excerpt":{"rendered":"<p>En esta secci\u00f3n te traemos an\u00e9cdotas, detalles y curiosidades de tus series favoritas! El fen\u00f3meno de la m\u00fasica El efecto Kate Bush En la temporada 4, la canci\u00f3n Running Up That Hill de Kate Bush es fundamental para la trama de Max. Tras el estreno, la canci\u00f3n (publicada originalmente en 1985) volvi\u00f3 a las listas [&hellip;]<\/p>\n","protected":false},"author":1,"featured_media":0,"parent":0,"menu_order":0,"comment_status":"closed","ping_status":"closed","template":"","meta":{"pgc_sgb_lightbox_settings":"","footnotes":""},"class_list":["post-885","page","type-page","status-publish","hentry"],"_links":{"self":[{"href":"https:\/\/gicd.inf.um.es\/csidcav\/usuario07\/wp-json\/wp\/v2\/pages\/885","targetHints":{"allow":["GET"]}}],"collection":[{"href":"https:\/\/gicd.inf.um.es\/csidcav\/usuario07\/wp-json\/wp\/v2\/pages"}],"about":[{"href":"https:\/\/gicd.inf.um.es\/csidcav\/usuario07\/wp-json\/wp\/v2\/types\/page"}],"author":[{"embeddable":true,"href":"https:\/\/gicd.inf.um.es\/csidcav\/usuario07\/wp-json\/wp\/v2\/users\/1"}],"replies":[{"embeddable":true,"href":"https:\/\/gicd.inf.um.es\/csidcav\/usuario07\/wp-json\/wp\/v2\/comments?post=885"}],"version-history":[{"count":18,"href":"https:\/\/gicd.inf.um.es\/csidcav\/usuario07\/wp-json\/wp\/v2\/pages\/885\/revisions"}],"predecessor-version":[{"id":918,"href":"https:\/\/gicd.inf.um.es\/csidcav\/usuario07\/wp-json\/wp\/v2\/pages\/885\/revisions\/918"}],"wp:attachment":[{"href":"https:\/\/gicd.inf.um.es\/csidcav\/usuario07\/wp-json\/wp\/v2\/media?parent=885"}],"curies":[{"name":"wp","href":"https:\/\/api.w.org\/{rel}","templated":true}]}}