{"id":980,"date":"2025-12-10T13:37:06","date_gmt":"2025-12-10T12:37:06","guid":{"rendered":"https:\/\/gicd.inf.um.es\/csidcav\/usuario07\/?page_id=980"},"modified":"2025-12-10T13:37:06","modified_gmt":"2025-12-10T12:37:06","slug":"mikasa-ackerman","status":"publish","type":"page","link":"https:\/\/gicd.inf.um.es\/csidcav\/usuario07\/mikasa-ackerman\/","title":{"rendered":"Mikasa Ackerman"},"content":{"rendered":"\n<div class=\"wp-block-media-text has-media-on-the-right is-stacked-on-mobile\"><div class=\"wp-block-media-text__content\">\n<p>De ni\u00f1a, Mikasa perdi\u00f3 a sus padres a manos de traficantes de personas y fue salvada por Eren, quien le dijo que \u00abluchara para sobrevivir\u00bb. Ese evento despert\u00f3 su poder latente. Fue adoptada por la familia Yeager y, desde la ca\u00edda del muro, ha dedicado su vida enteramente a proteger a Eren, sigui\u00e9ndolo al ej\u00e9rcito y al Cuerpo de Exploraci\u00f3n. A pesar de su estoicismo, carga con un profundo dolor y un amor incondicional por su \u00fanica familia restante.<\/p>\n\n\n\n<p>Como descendiente del clan Ackerman, posee fuerza f\u00edsica, agilidad y reflejos muy superiores a los de un humano normal. Es una maestra absoluta del Equipo de Maniobras Tridimensionales y puede realizar cortes precisos a velocidades extremas sin perder el equilibrio.<\/p>\n<\/div><figure class=\"wp-block-media-text__media\"><img loading=\"lazy\" decoding=\"async\" width=\"300\" height=\"450\" src=\"https:\/\/gicd.inf.um.es\/csidcav\/usuario07\/wp-content\/uploads\/2025\/12\/5f959490e76e9.jpg\" alt=\"\" class=\"wp-image-981 size-full\" srcset=\"https:\/\/gicd.inf.um.es\/csidcav\/usuario07\/wp-content\/uploads\/2025\/12\/5f959490e76e9.jpg 300w, https:\/\/gicd.inf.um.es\/csidcav\/usuario07\/wp-content\/uploads\/2025\/12\/5f959490e76e9-200x300.jpg 200w\" sizes=\"auto, (max-width: 300px) 100vw, 300px\" \/><\/figure><\/div>\n\n\n\n<p><\/p>\n","protected":false},"excerpt":{"rendered":"<p>De ni\u00f1a, Mikasa perdi\u00f3 a sus padres a manos de traficantes de personas y fue salvada por Eren, quien le dijo que \u00abluchara para sobrevivir\u00bb. Ese evento despert\u00f3 su poder latente. Fue adoptada por la familia Yeager y, desde la ca\u00edda del muro, ha dedicado su vida enteramente a proteger a Eren, sigui\u00e9ndolo al ej\u00e9rcito [&hellip;]<\/p>\n","protected":false},"author":1,"featured_media":0,"parent":0,"menu_order":0,"comment_status":"closed","ping_status":"closed","template":"","meta":{"pgc_sgb_lightbox_settings":"","footnotes":""},"class_list":["post-980","page","type-page","status-publish","hentry"],"_links":{"self":[{"href":"https:\/\/gicd.inf.um.es\/csidcav\/usuario07\/wp-json\/wp\/v2\/pages\/980","targetHints":{"allow":["GET"]}}],"collection":[{"href":"https:\/\/gicd.inf.um.es\/csidcav\/usuario07\/wp-json\/wp\/v2\/pages"}],"about":[{"href":"https:\/\/gicd.inf.um.es\/csidcav\/usuario07\/wp-json\/wp\/v2\/types\/page"}],"author":[{"embeddable":true,"href":"https:\/\/gicd.inf.um.es\/csidcav\/usuario07\/wp-json\/wp\/v2\/users\/1"}],"replies":[{"embeddable":true,"href":"https:\/\/gicd.inf.um.es\/csidcav\/usuario07\/wp-json\/wp\/v2\/comments?post=980"}],"version-history":[{"count":1,"href":"https:\/\/gicd.inf.um.es\/csidcav\/usuario07\/wp-json\/wp\/v2\/pages\/980\/revisions"}],"predecessor-version":[{"id":982,"href":"https:\/\/gicd.inf.um.es\/csidcav\/usuario07\/wp-json\/wp\/v2\/pages\/980\/revisions\/982"}],"wp:attachment":[{"href":"https:\/\/gicd.inf.um.es\/csidcav\/usuario07\/wp-json\/wp\/v2\/media?parent=980"}],"curies":[{"name":"wp","href":"https:\/\/api.w.org\/{rel}","templated":true}]}}