{"id":983,"date":"2025-12-10T13:37:45","date_gmt":"2025-12-10T12:37:45","guid":{"rendered":"https:\/\/gicd.inf.um.es\/csidcav\/usuario07\/?page_id=983"},"modified":"2025-12-10T13:37:45","modified_gmt":"2025-12-10T12:37:45","slug":"armin-arlert","status":"publish","type":"page","link":"https:\/\/gicd.inf.um.es\/csidcav\/usuario07\/armin-arlert\/","title":{"rendered":"Armin Arlert"},"content":{"rendered":"\n<div class=\"wp-block-media-text has-media-on-the-right is-stacked-on-mobile\"><div class=\"wp-block-media-text__content\">\n<p>El mejor amigo de la infancia de Eren y Mikasa. Siempre fue f\u00edsicamente d\u00e9bil y t\u00edmido, lo que le hac\u00eda blanco de abusos, pero su abuelo le dej\u00f3 un libro prohibido sobre el mundo exterior (el mar, desiertos de fuego), sembrando en \u00e9l la semilla de la curiosidad. Aunque se uni\u00f3 al ej\u00e9rcito sinti\u00e9ndose una carga, su intelecto salv\u00f3 a sus amigos en m\u00faltiples ocasiones (descubriendo la identidad de la Tit\u00e1n Hembra, por ejemplo). Eventualmente, asume un rol de liderazgo crucial en el Cuerpo de Exploraci\u00f3n.<\/p>\n\n\n\n<p>Es un genio estratega capaz de analizar situaciones complejas bajo presi\u00f3n extrema. A menudo encuentra soluciones diplom\u00e1ticas o trampas ingeniosas donde otros solo ven fuerza bruta.<\/p>\n\n\n\n<p>Hereda el Tit\u00e1n Colosal. Su transformaci\u00f3n provoca una explosi\u00f3n nuclear devastadora, y su tama\u00f1o (60 metros) le permite destruir flotas enteras, aunque su resistencia es baja.<\/p>\n<\/div><figure class=\"wp-block-media-text__media\"><img loading=\"lazy\" decoding=\"async\" width=\"300\" height=\"450\" src=\"https:\/\/gicd.inf.um.es\/csidcav\/usuario07\/wp-content\/uploads\/2025\/12\/5f9594659b97f.jpg\" alt=\"\" class=\"wp-image-984 size-full\" srcset=\"https:\/\/gicd.inf.um.es\/csidcav\/usuario07\/wp-content\/uploads\/2025\/12\/5f9594659b97f.jpg 300w, https:\/\/gicd.inf.um.es\/csidcav\/usuario07\/wp-content\/uploads\/2025\/12\/5f9594659b97f-200x300.jpg 200w\" sizes=\"auto, (max-width: 300px) 100vw, 300px\" \/><\/figure><\/div>\n","protected":false},"excerpt":{"rendered":"<p>El mejor amigo de la infancia de Eren y Mikasa. Siempre fue f\u00edsicamente d\u00e9bil y t\u00edmido, lo que le hac\u00eda blanco de abusos, pero su abuelo le dej\u00f3 un libro prohibido sobre el mundo exterior (el mar, desiertos de fuego), sembrando en \u00e9l la semilla de la curiosidad. Aunque se uni\u00f3 al ej\u00e9rcito sinti\u00e9ndose una [&hellip;]<\/p>\n","protected":false},"author":1,"featured_media":0,"parent":0,"menu_order":0,"comment_status":"closed","ping_status":"closed","template":"","meta":{"pgc_sgb_lightbox_settings":"","footnotes":""},"class_list":["post-983","page","type-page","status-publish","hentry"],"_links":{"self":[{"href":"https:\/\/gicd.inf.um.es\/csidcav\/usuario07\/wp-json\/wp\/v2\/pages\/983","targetHints":{"allow":["GET"]}}],"collection":[{"href":"https:\/\/gicd.inf.um.es\/csidcav\/usuario07\/wp-json\/wp\/v2\/pages"}],"about":[{"href":"https:\/\/gicd.inf.um.es\/csidcav\/usuario07\/wp-json\/wp\/v2\/types\/page"}],"author":[{"embeddable":true,"href":"https:\/\/gicd.inf.um.es\/csidcav\/usuario07\/wp-json\/wp\/v2\/users\/1"}],"replies":[{"embeddable":true,"href":"https:\/\/gicd.inf.um.es\/csidcav\/usuario07\/wp-json\/wp\/v2\/comments?post=983"}],"version-history":[{"count":1,"href":"https:\/\/gicd.inf.um.es\/csidcav\/usuario07\/wp-json\/wp\/v2\/pages\/983\/revisions"}],"predecessor-version":[{"id":985,"href":"https:\/\/gicd.inf.um.es\/csidcav\/usuario07\/wp-json\/wp\/v2\/pages\/983\/revisions\/985"}],"wp:attachment":[{"href":"https:\/\/gicd.inf.um.es\/csidcav\/usuario07\/wp-json\/wp\/v2\/media?parent=983"}],"curies":[{"name":"wp","href":"https:\/\/api.w.org\/{rel}","templated":true}]}}