{"id":986,"date":"2025-12-10T13:38:56","date_gmt":"2025-12-10T12:38:56","guid":{"rendered":"https:\/\/gicd.inf.um.es\/csidcav\/usuario07\/?page_id=986"},"modified":"2025-12-10T13:38:56","modified_gmt":"2025-12-10T12:38:56","slug":"levi-ackerman","status":"publish","type":"page","link":"https:\/\/gicd.inf.um.es\/csidcav\/usuario07\/levi-ackerman\/","title":{"rendered":"Levi Ackerman"},"content":{"rendered":"\n<div class=\"wp-block-media-text has-media-on-the-right is-stacked-on-mobile\"><div class=\"wp-block-media-text__content\">\n<p>El soldado m\u00e1s fuerte de la humanidad<\/p>\n\n\n\n<p>Criado en la inmundicia de la Ciudad Subterr\u00e1nea por su t\u00edo, el asesino Kenny Ackerman, Levi aprendi\u00f3 a sobrevivir mediante la violencia. Fue reclutado (inicialmente a la fuerza) por Erwin Smith para unirse al Cuerpo de Exploraci\u00f3n. Pas\u00f3 de ser un mat\u00f3n callejero a convertirse en el Capit\u00e1n del Escuadr\u00f3n de Operaciones Especiales. <\/p>\n\n\n\n<p>A pesar de su obsesi\u00f3n por la limpieza y su actitud fr\u00eda y grosera, valora la vida de sus subordinados m\u00e1s que nada y sufre en silencio por cada baja bajo su mando. Su t\u00e9cnica insignia consiste en usar el equipo de maniobras para girar como una sierra circular humana, mutilando a los titanes antes de que puedan reaccionar.<\/p>\n\n\n\n<p>Es tan r\u00e1pido que, para el ojo inexperto, parece teletransportarse.<\/p>\n\n\n\n<p>Ha derrotado al Tit\u00e1n Bestia, uno de los enemigos m\u00e1s peligrosos, en combate singular m\u00faltiples veces, demostrando que su habilidad supera incluso a los poderes de los Nueve Titanes.<\/p>\n<\/div><figure class=\"wp-block-media-text__media\"><img loading=\"lazy\" decoding=\"async\" width=\"300\" height=\"450\" src=\"https:\/\/gicd.inf.um.es\/csidcav\/usuario07\/wp-content\/uploads\/2025\/12\/5f959f72a234a.jpg\" alt=\"\" class=\"wp-image-987 size-full\" srcset=\"https:\/\/gicd.inf.um.es\/csidcav\/usuario07\/wp-content\/uploads\/2025\/12\/5f959f72a234a.jpg 300w, https:\/\/gicd.inf.um.es\/csidcav\/usuario07\/wp-content\/uploads\/2025\/12\/5f959f72a234a-200x300.jpg 200w\" sizes=\"auto, (max-width: 300px) 100vw, 300px\" \/><\/figure><\/div>\n","protected":false},"excerpt":{"rendered":"<p>El soldado m\u00e1s fuerte de la humanidad Criado en la inmundicia de la Ciudad Subterr\u00e1nea por su t\u00edo, el asesino Kenny Ackerman, Levi aprendi\u00f3 a sobrevivir mediante la violencia. Fue reclutado (inicialmente a la fuerza) por Erwin Smith para unirse al Cuerpo de Exploraci\u00f3n. Pas\u00f3 de ser un mat\u00f3n callejero a convertirse en el Capit\u00e1n [&hellip;]<\/p>\n","protected":false},"author":1,"featured_media":0,"parent":0,"menu_order":0,"comment_status":"closed","ping_status":"closed","template":"","meta":{"pgc_sgb_lightbox_settings":"","footnotes":""},"class_list":["post-986","page","type-page","status-publish","hentry"],"_links":{"self":[{"href":"https:\/\/gicd.inf.um.es\/csidcav\/usuario07\/wp-json\/wp\/v2\/pages\/986","targetHints":{"allow":["GET"]}}],"collection":[{"href":"https:\/\/gicd.inf.um.es\/csidcav\/usuario07\/wp-json\/wp\/v2\/pages"}],"about":[{"href":"https:\/\/gicd.inf.um.es\/csidcav\/usuario07\/wp-json\/wp\/v2\/types\/page"}],"author":[{"embeddable":true,"href":"https:\/\/gicd.inf.um.es\/csidcav\/usuario07\/wp-json\/wp\/v2\/users\/1"}],"replies":[{"embeddable":true,"href":"https:\/\/gicd.inf.um.es\/csidcav\/usuario07\/wp-json\/wp\/v2\/comments?post=986"}],"version-history":[{"count":1,"href":"https:\/\/gicd.inf.um.es\/csidcav\/usuario07\/wp-json\/wp\/v2\/pages\/986\/revisions"}],"predecessor-version":[{"id":988,"href":"https:\/\/gicd.inf.um.es\/csidcav\/usuario07\/wp-json\/wp\/v2\/pages\/986\/revisions\/988"}],"wp:attachment":[{"href":"https:\/\/gicd.inf.um.es\/csidcav\/usuario07\/wp-json\/wp\/v2\/media?parent=986"}],"curies":[{"name":"wp","href":"https:\/\/api.w.org\/{rel}","templated":true}]}}