{"id":992,"date":"2025-12-10T13:45:17","date_gmt":"2025-12-10T12:45:17","guid":{"rendered":"https:\/\/gicd.inf.um.es\/csidcav\/usuario07\/?page_id=992"},"modified":"2025-12-10T13:45:29","modified_gmt":"2025-12-10T12:45:29","slug":"992-2","status":"publish","type":"page","link":"https:\/\/gicd.inf.um.es\/csidcav\/usuario07\/992-2\/","title":{"rendered":"Walter White (Heisenberg)"},"content":{"rendered":"\n<div class=\"wp-block-media-text is-stacked-on-mobile\"><figure class=\"wp-block-media-text__media\"><img loading=\"lazy\" decoding=\"async\" width=\"300\" height=\"450\" src=\"https:\/\/gicd.inf.um.es\/csidcav\/usuario07\/wp-content\/uploads\/2025\/10\/80112.jpg\" alt=\"\" class=\"wp-image-606 size-full\" srcset=\"https:\/\/gicd.inf.um.es\/csidcav\/usuario07\/wp-content\/uploads\/2025\/10\/80112.jpg 300w, https:\/\/gicd.inf.um.es\/csidcav\/usuario07\/wp-content\/uploads\/2025\/10\/80112-200x300.jpg 200w\" sizes=\"auto, (max-width: 300px) 100vw, 300px\" \/><\/figure><div class=\"wp-block-media-text__content\">\n<p>Un profesor de qu\u00edmica de instituto sobrecualificado y mal pagado en Albuquerque, Nuevo M\u00e9xico. Tras ser diagnosticado con un c\u00e1ncer de pulm\u00f3n inoperable y temer dejar a su familia en la ruina, decide usar sus conocimientos para cocinar metanfetamina. Lo que comienza como una medida desesperada se transforma en un viaje de ego y poder. Walter adopta el alias \u00abHeisenberg\u00bb, descendiendo moralmente hasta convertirse en un despiadado capo de la droga, admitiendo finalmente que no lo hizo por su familia, sino porque \u00abera bueno en ello y se sent\u00eda vivo\u00bb.<\/p>\n\n\n\n<p>Capaz de sintetizar metanfetamina con una pureza del 99.1% (\u00abBlue Sky\u00bb), un est\u00e1ndar inalcanzable para cualquier otro cocinero.<\/p>\n\n\n\n<p>Posee una mente maquiav\u00e9lica para salir de situaciones mortales, manipulando a enemigos y aliados (especialmente a Jesse) como piezas de ajedrez.<\/p>\n\n\n\n<p>Puede crear venenos (ricina), explosivos (fulminato de mercurio) o bater\u00edas caseras con materiales b\u00e1sicos en situaciones l\u00edmite.<\/p>\n\n\n\n<p>Interpretado por <a href=\"https:\/\/gicd.inf.um.es\/csidcav\/usuario07\/actor\/bryan-cranston\/?customize_changeset_uuid=27208d6c-cf43-4555-b6c7-906ed2a82418&amp;customize_autosaved=on\" data-type=\"link\" data-id=\"https:\/\/gicd.inf.um.es\/csidcav\/usuario07\/actor\/bryan-cranston\/?customize_changeset_uuid=27208d6c-cf43-4555-b6c7-906ed2a82418&amp;customize_autosaved=on\">Bryan Cranston<\/a><\/p>\n<\/div><\/div>\n","protected":false},"excerpt":{"rendered":"<p>Un profesor de qu\u00edmica de instituto sobrecualificado y mal pagado en Albuquerque, Nuevo M\u00e9xico. Tras ser diagnosticado con un c\u00e1ncer de pulm\u00f3n inoperable y temer dejar a su familia en la ruina, decide usar sus conocimientos para cocinar metanfetamina. Lo que comienza como una medida desesperada se transforma en un viaje de ego y poder. [&hellip;]<\/p>\n","protected":false},"author":1,"featured_media":0,"parent":0,"menu_order":0,"comment_status":"closed","ping_status":"closed","template":"","meta":{"pgc_sgb_lightbox_settings":"","footnotes":""},"class_list":["post-992","page","type-page","status-publish","hentry"],"_links":{"self":[{"href":"https:\/\/gicd.inf.um.es\/csidcav\/usuario07\/wp-json\/wp\/v2\/pages\/992","targetHints":{"allow":["GET"]}}],"collection":[{"href":"https:\/\/gicd.inf.um.es\/csidcav\/usuario07\/wp-json\/wp\/v2\/pages"}],"about":[{"href":"https:\/\/gicd.inf.um.es\/csidcav\/usuario07\/wp-json\/wp\/v2\/types\/page"}],"author":[{"embeddable":true,"href":"https:\/\/gicd.inf.um.es\/csidcav\/usuario07\/wp-json\/wp\/v2\/users\/1"}],"replies":[{"embeddable":true,"href":"https:\/\/gicd.inf.um.es\/csidcav\/usuario07\/wp-json\/wp\/v2\/comments?post=992"}],"version-history":[{"count":2,"href":"https:\/\/gicd.inf.um.es\/csidcav\/usuario07\/wp-json\/wp\/v2\/pages\/992\/revisions"}],"predecessor-version":[{"id":994,"href":"https:\/\/gicd.inf.um.es\/csidcav\/usuario07\/wp-json\/wp\/v2\/pages\/992\/revisions\/994"}],"wp:attachment":[{"href":"https:\/\/gicd.inf.um.es\/csidcav\/usuario07\/wp-json\/wp\/v2\/media?parent=992"}],"curies":[{"name":"wp","href":"https:\/\/api.w.org\/{rel}","templated":true}]}}