{"id":999,"date":"2025-12-10T13:48:54","date_gmt":"2025-12-10T12:48:54","guid":{"rendered":"https:\/\/gicd.inf.um.es\/csidcav\/usuario07\/?page_id=999"},"modified":"2025-12-10T13:48:54","modified_gmt":"2025-12-10T12:48:54","slug":"hank-schrader","status":"publish","type":"page","link":"https:\/\/gicd.inf.um.es\/csidcav\/usuario07\/hank-schrader\/","title":{"rendered":"Hank Schrader"},"content":{"rendered":"\n<div class=\"wp-block-media-text is-stacked-on-mobile\"><figure class=\"wp-block-media-text__media\"><a href=\"https:\/\/gicd.inf.um.es\/csidcav\/usuario07\/wp-content\/uploads\/2025\/10\/75478.jpg\"><img loading=\"lazy\" decoding=\"async\" width=\"300\" height=\"450\" src=\"https:\/\/gicd.inf.um.es\/csidcav\/usuario07\/wp-content\/uploads\/2025\/10\/75478.jpg\" alt=\"\" class=\"wp-image-609 size-full\" srcset=\"https:\/\/gicd.inf.um.es\/csidcav\/usuario07\/wp-content\/uploads\/2025\/10\/75478.jpg 300w, https:\/\/gicd.inf.um.es\/csidcav\/usuario07\/wp-content\/uploads\/2025\/10\/75478-200x300.jpg 200w\" sizes=\"auto, (max-width: 300px) 100vw, 300px\" \/><\/a><\/figure><div class=\"wp-block-media-text__content\">\n<p>Agente de la DEA y cu\u00f1ado de Walter. Es ruidoso, fanfarr\u00f3n y aparentemente superficial, pero es un detective brillante y tenaz. Pasa toda la serie persiguiendo al misterioso \u00abHeisenberg\u00bb, sin saber que el criminal que busca se sienta a su mesa en las barbacoas familiares. Sufre de estr\u00e9s postraum\u00e1tico tras enfrentamientos con el c\u00e1rtel (Tuco, los Primos). Su descubrimiento final de la identidad de Walt en el ba\u00f1o (gracias al libro <em>Leaves of Grass<\/em>) desencadena el cl\u00edmax de la serie.<\/p>\n\n\n\n<p>Posee una intuici\u00f3n excepcional; a menudo es el \u00fanico en la DEA que sigue pistas correctas cuando los dem\u00e1s quieren cerrar el caso.<\/p>\n\n\n\n<p>Demuestra una habilidad letal bajo fuego, capaz de eliminar a los gemelos Salamanca a pesar de estar herido y desarmado.<\/p>\n\n\n\n<p>Una vez que muerde una pista, no la suelta, obsesion\u00e1ndose hasta resolver el rompecabezas.<\/p>\n\n\n\n<p>Interpretado por <a href=\"https:\/\/gicd.inf.um.es\/csidcav\/usuario07\/actor\/dean-norris\/\" data-type=\"link\" data-id=\"https:\/\/gicd.inf.um.es\/csidcav\/usuario07\/actor\/dean-norris\/\">Dean Norris<\/a><\/p>\n<\/div><\/div>\n","protected":false},"excerpt":{"rendered":"<p>Agente de la DEA y cu\u00f1ado de Walter. Es ruidoso, fanfarr\u00f3n y aparentemente superficial, pero es un detective brillante y tenaz. Pasa toda la serie persiguiendo al misterioso \u00abHeisenberg\u00bb, sin saber que el criminal que busca se sienta a su mesa en las barbacoas familiares. Sufre de estr\u00e9s postraum\u00e1tico tras enfrentamientos con el c\u00e1rtel (Tuco, [&hellip;]<\/p>\n","protected":false},"author":1,"featured_media":0,"parent":0,"menu_order":0,"comment_status":"closed","ping_status":"closed","template":"","meta":{"pgc_sgb_lightbox_settings":"","footnotes":""},"class_list":["post-999","page","type-page","status-publish","hentry"],"_links":{"self":[{"href":"https:\/\/gicd.inf.um.es\/csidcav\/usuario07\/wp-json\/wp\/v2\/pages\/999","targetHints":{"allow":["GET"]}}],"collection":[{"href":"https:\/\/gicd.inf.um.es\/csidcav\/usuario07\/wp-json\/wp\/v2\/pages"}],"about":[{"href":"https:\/\/gicd.inf.um.es\/csidcav\/usuario07\/wp-json\/wp\/v2\/types\/page"}],"author":[{"embeddable":true,"href":"https:\/\/gicd.inf.um.es\/csidcav\/usuario07\/wp-json\/wp\/v2\/users\/1"}],"replies":[{"embeddable":true,"href":"https:\/\/gicd.inf.um.es\/csidcav\/usuario07\/wp-json\/wp\/v2\/comments?post=999"}],"version-history":[{"count":1,"href":"https:\/\/gicd.inf.um.es\/csidcav\/usuario07\/wp-json\/wp\/v2\/pages\/999\/revisions"}],"predecessor-version":[{"id":1001,"href":"https:\/\/gicd.inf.um.es\/csidcav\/usuario07\/wp-json\/wp\/v2\/pages\/999\/revisions\/1001"}],"wp:attachment":[{"href":"https:\/\/gicd.inf.um.es\/csidcav\/usuario07\/wp-json\/wp\/v2\/media?parent=999"}],"curies":[{"name":"wp","href":"https:\/\/api.w.org\/{rel}","templated":true}]}}