{"id":672,"date":"2025-12-08T20:22:00","date_gmt":"2025-12-08T19:22:00","guid":{"rendered":"https:\/\/gicd.inf.um.es\/csidcav\/usuario10\/?page_id=672"},"modified":"2025-12-09T00:33:11","modified_gmt":"2025-12-08T23:33:11","slug":"equipo-de-redaccion","status":"publish","type":"page","link":"https:\/\/gicd.inf.um.es\/csidcav\/usuario10\/equipo-de-redaccion\/","title":{"rendered":"Equipo de redacci\u00f3n"},"content":{"rendered":"\n<div class=\"wp-block-columns is-layout-flex wp-container-core-columns-is-layout-9d6595d7 wp-block-columns-is-layout-flex\">\n<div class=\"wp-block-column bs-blog-post is-layout-flow wp-block-column-is-layout-flow\">\n<h2 class=\"wp-block-heading has-text-align-center has-text-color has-link-color wp-elements-c3e7bfd343f7924e0acda2c5ceb1cfe3\" style=\"color:#0081cc\">Redactora Principal<\/h2>\n\n\n\n<div class=\"wp-block-group has-background\" style=\"background-color:#d2eeff\"><div class=\"wp-block-group__inner-container is-layout-constrained wp-block-group-is-layout-constrained\"><div class=\"wp-block-image is-style-rounded\">\n<figure class=\"aligncenter size-large is-resized\"><img loading=\"lazy\" decoding=\"async\" width=\"1024\" height=\"768\" src=\"https:\/\/gicd.inf.um.es\/csidcav\/usuario10\/wp-content\/uploads\/2025\/12\/IMG_0776-1024x768.jpg\" alt=\"Noelia D\u00f3lera\" class=\"wp-image-697\" style=\"aspect-ratio:1;object-fit:cover;width:200px\" srcset=\"https:\/\/gicd.inf.um.es\/csidcav\/usuario10\/wp-content\/uploads\/2025\/12\/IMG_0776-1024x768.jpg 1024w, https:\/\/gicd.inf.um.es\/csidcav\/usuario10\/wp-content\/uploads\/2025\/12\/IMG_0776-300x225.jpg 300w, https:\/\/gicd.inf.um.es\/csidcav\/usuario10\/wp-content\/uploads\/2025\/12\/IMG_0776-768x576.jpg 768w, https:\/\/gicd.inf.um.es\/csidcav\/usuario10\/wp-content\/uploads\/2025\/12\/IMG_0776-1536x1152.jpg 1536w, https:\/\/gicd.inf.um.es\/csidcav\/usuario10\/wp-content\/uploads\/2025\/12\/IMG_0776-2048x1536.jpg 2048w\" sizes=\"auto, (max-width: 1024px) 100vw, 1024px\" \/><\/figure><\/div>\n\n\n<p class=\"has-text-align-center\">Noelia D\u00f3lera, 21, Murcia. <\/p>\n\n\n\n<p class=\"has-text-align-center\">Noelia es nuestra Redactora Principal, responsable de dar vida a las ideas a trav\u00e9s de textos claros, creativos y orientados a las necesidades de nuestra audiencia. Con una s\u00f3lida experiencia en creaci\u00f3n de contenido, domina la estructura narrativa, el estilo y la voz editorial del proyecto. Su enfoque combina investigaci\u00f3n rigurosa con una escritura cercana y efectiva, asegurando que cada pieza comunique con precisi\u00f3n y atractivo.<\/p>\n<\/div><\/div>\n<\/div>\n\n\n\n<div class=\"wp-block-column bs-blog-post is-layout-flow wp-block-column-is-layout-flow\">\n<h2 class=\"wp-block-heading has-text-align-center has-text-color has-link-color wp-elements-442b4ecb906b028378832311339712d9\" style=\"color:#0081cc\">Jefa de Redacci\u00f3n<\/h2>\n\n\n\n<div class=\"wp-block-group has-background\" style=\"background-color:#d2eeff\"><div class=\"wp-block-group__inner-container is-layout-constrained wp-block-group-is-layout-constrained\"><div class=\"wp-block-image is-style-rounded\">\n<figure class=\"aligncenter size-full is-resized\"><img loading=\"lazy\" decoding=\"async\" width=\"850\" height=\"720\" src=\"https:\/\/gicd.inf.um.es\/csidcav\/usuario10\/wp-content\/uploads\/2025\/12\/Captura-de-pantalla-2025-12-09-a-las-0.13.03.png\" alt=\"sofia hamela\" class=\"wp-image-689\" style=\"aspect-ratio:1;object-fit:cover;width:200px\" srcset=\"https:\/\/gicd.inf.um.es\/csidcav\/usuario10\/wp-content\/uploads\/2025\/12\/Captura-de-pantalla-2025-12-09-a-las-0.13.03.png 850w, https:\/\/gicd.inf.um.es\/csidcav\/usuario10\/wp-content\/uploads\/2025\/12\/Captura-de-pantalla-2025-12-09-a-las-0.13.03-300x254.png 300w, https:\/\/gicd.inf.um.es\/csidcav\/usuario10\/wp-content\/uploads\/2025\/12\/Captura-de-pantalla-2025-12-09-a-las-0.13.03-768x651.png 768w\" sizes=\"auto, (max-width: 850px) 100vw, 850px\" \/><\/figure><\/div>\n\n\n<p class=\"has-text-align-center\">Sof\u00eda Hamela, 27, San Sebasti\u00e1n. <\/p>\n\n\n\n<p class=\"has-text-align-center\">Sof\u00eda es la Jefa de Redacci\u00f3n y la encargada de coordinar todo el proceso editorial. Supervisa la l\u00ednea narrativa, organiza el trabajo del equipo y garantiza que cada contenido sea coherente, de alta calidad y alineado con los objetivos del proyecto. Con una visi\u00f3n estrat\u00e9gica y una amplia trayectoria en gesti\u00f3n editorial, lidera el flujo de ideas y asegura que cada publicaci\u00f3n mantenga el est\u00e1ndar profesional que nos caracteriza.<\/p>\n<\/div><\/div>\n<\/div>\n<\/div>\n\n\n\n<div style=\"height:100px\" aria-hidden=\"true\" class=\"wp-block-spacer\"><\/div>\n\n\n\n<h2 class=\"wp-block-heading has-text-align-center has-text-color has-link-color wp-elements-f611b8f33ebdfdb6390fac2c5c094b47\" style=\"color:#0081cc\">Contacta con nosotros<\/h2>\n\n\n\n<p class=\"has-text-align-center\">M\u00e1ndanos un mensaje con tus dudas, sugerencias o preguntas, y te responderemos lo antes posible por correo electr\u00f3nico. \u00a1Gracias!<\/p>\n\n\n\n<div class=\"wp-block-contact-form-7-contact-form-selector\">\n<div class=\"wpcf7 no-js\" id=\"wpcf7-f139-o1\" lang=\"es-ES\" dir=\"ltr\" data-wpcf7-id=\"139\">\n<div class=\"screen-reader-response\"><p role=\"status\" aria-live=\"polite\" aria-atomic=\"true\"><\/p> <ul><\/ul><\/div>\n<form action=\"\/csidcav\/usuario10\/wp-json\/wp\/v2\/pages\/672#wpcf7-f139-o1\" method=\"post\" class=\"wpcf7-form init\" aria-label=\"Formulario de contacto\" novalidate=\"novalidate\" data-status=\"init\">\n<fieldset class=\"hidden-fields-container\"><input type=\"hidden\" name=\"_wpcf7\" value=\"139\" \/><input type=\"hidden\" name=\"_wpcf7_version\" value=\"6.1.3\" \/><input type=\"hidden\" name=\"_wpcf7_locale\" value=\"es_ES\" \/><input type=\"hidden\" name=\"_wpcf7_unit_tag\" value=\"wpcf7-f139-o1\" \/><input type=\"hidden\" name=\"_wpcf7_container_post\" value=\"0\" \/><input type=\"hidden\" name=\"_wpcf7_posted_data_hash\" value=\"\" \/>\n<\/fieldset>\n<p><label> Tu nombre<br \/>\n<span class=\"wpcf7-form-control-wrap\" data-name=\"your-name\"><input size=\"40\" maxlength=\"400\" class=\"wpcf7-form-control wpcf7-text wpcf7-validates-as-required\" autocomplete=\"name\" aria-required=\"true\" aria-invalid=\"false\" value=\"\" type=\"text\" name=\"your-name\" \/><\/span> <\/label>\n<\/p>\n<p><label> Tu correo electr\u00f3nico<br \/>\n<span class=\"wpcf7-form-control-wrap\" data-name=\"your-email\"><input size=\"40\" maxlength=\"400\" class=\"wpcf7-form-control wpcf7-email wpcf7-validates-as-required wpcf7-text wpcf7-validates-as-email\" autocomplete=\"email\" aria-required=\"true\" aria-invalid=\"false\" value=\"\" type=\"email\" name=\"your-email\" \/><\/span> <\/label>\n<\/p>\n<p><label> Asunto<br \/>\n<span class=\"wpcf7-form-control-wrap\" data-name=\"your-subject\"><select class=\"wpcf7-form-control wpcf7-select wpcf7-validates-as-required\" aria-required=\"true\" aria-invalid=\"false\" name=\"your-subject\"><option value=\"Consulta general\">Consulta general<\/option><option value=\"Informaci\u00f3n sobre series\">Informaci\u00f3n sobre series<\/option><option value=\"Informaci\u00f3n sobre libros\">Informaci\u00f3n sobre libros<\/option><option value=\"Productos de Ficciones \u00c9picas\">Productos de Ficciones \u00c9picas<\/option><\/select><\/span><\/label>\n<\/p>\n<p><label> Tu mensaje (opcional)<br \/>\n<span class=\"wpcf7-form-control-wrap\" data-name=\"your-message\"><textarea cols=\"40\" rows=\"10\" maxlength=\"2000\" class=\"wpcf7-form-control wpcf7-textarea\" aria-invalid=\"false\" name=\"your-message\"><\/textarea><\/span> <\/label>\n<\/p>\n<p><span class=\"wpcf7-form-control-wrap\" data-name=\"checkbox-528\"><span class=\"wpcf7-form-control wpcf7-checkbox wpcf7-validates-as-required\"><span class=\"wpcf7-list-item first last\"><label><input type=\"checkbox\" name=\"checkbox-528[]\" value=\"Acepto la pol\u00edtica de privacidad\" \/><span class=\"wpcf7-list-item-label\">Acepto la pol\u00edtica de privacidad<\/span><\/label><\/span><\/span><\/span>\n<\/p>\n<p><input class=\"wpcf7-form-control wpcf7-submit has-spinner\" type=\"submit\" value=\"Enviar\" \/>\n<\/p><div class=\"wpcf7-response-output\" aria-hidden=\"true\"><\/div>\n<\/form>\n<\/div>\n<\/div>\n","protected":false},"excerpt":{"rendered":"<p>Redactora Principal Noelia D\u00f3lera, 21, Murcia. Noelia es nuestra Redactora Principal, responsable de dar vida a las ideas a trav\u00e9s de textos claros, creativos y orientados a las necesidades de nuestra audiencia. Con una s\u00f3lida experiencia en creaci\u00f3n de contenido, domina la estructura narrativa, el estilo y la voz editorial del proyecto. Su enfoque combina [&hellip;]<\/p>\n","protected":false},"author":1,"featured_media":0,"parent":0,"menu_order":0,"comment_status":"closed","ping_status":"closed","template":"","meta":{"pgc_sgb_lightbox_settings":"","footnotes":""},"class_list":["post-672","page","type-page","status-publish","hentry"],"_links":{"self":[{"href":"https:\/\/gicd.inf.um.es\/csidcav\/usuario10\/wp-json\/wp\/v2\/pages\/672","targetHints":{"allow":["GET"]}}],"collection":[{"href":"https:\/\/gicd.inf.um.es\/csidcav\/usuario10\/wp-json\/wp\/v2\/pages"}],"about":[{"href":"https:\/\/gicd.inf.um.es\/csidcav\/usuario10\/wp-json\/wp\/v2\/types\/page"}],"author":[{"embeddable":true,"href":"https:\/\/gicd.inf.um.es\/csidcav\/usuario10\/wp-json\/wp\/v2\/users\/1"}],"replies":[{"embeddable":true,"href":"https:\/\/gicd.inf.um.es\/csidcav\/usuario10\/wp-json\/wp\/v2\/comments?post=672"}],"version-history":[{"count":23,"href":"https:\/\/gicd.inf.um.es\/csidcav\/usuario10\/wp-json\/wp\/v2\/pages\/672\/revisions"}],"predecessor-version":[{"id":709,"href":"https:\/\/gicd.inf.um.es\/csidcav\/usuario10\/wp-json\/wp\/v2\/pages\/672\/revisions\/709"}],"wp:attachment":[{"href":"https:\/\/gicd.inf.um.es\/csidcav\/usuario10\/wp-json\/wp\/v2\/media?parent=672"}],"curies":[{"name":"wp","href":"https:\/\/api.w.org\/{rel}","templated":true}]}}