{"id":190,"date":"2025-11-12T18:04:38","date_gmt":"2025-11-12T17:04:38","guid":{"rendered":"https:\/\/gicd.inf.um.es\/csidcav\/usuario15\/?page_id=190"},"modified":"2025-11-29T17:51:54","modified_gmt":"2025-11-29T16:51:54","slug":"contacta-con-nosotros","status":"publish","type":"page","link":"https:\/\/gicd.inf.um.es\/csidcav\/usuario15\/contacta-con-nosotros\/","title":{"rendered":"Equipo de redacci\u00f3n"},"content":{"rendered":"\n<p>Nuestro equipo de redacci\u00f3n est\u00e1 formado por profesionales apasionados por la literatura y la cultura. Conoce a nuestros colaboradores:<\/p>\n\n\n\n<div class=\"wp-block-media-text alignwide is-stacked-on-mobile\" style=\"grid-template-columns:34% auto\"><figure class=\"wp-block-media-text__media\"><img loading=\"lazy\" decoding=\"async\" width=\"1024\" height=\"1024\" src=\"https:\/\/gicd.inf.um.es\/csidcav\/usuario15\/wp-content\/uploads\/2025\/11\/IMG_3253-1024x1024.jpeg\" alt=\"\u00c1lvaro Gabarr\u00f3n\" class=\"wp-image-512 size-full\" srcset=\"https:\/\/gicd.inf.um.es\/csidcav\/usuario15\/wp-content\/uploads\/2025\/11\/IMG_3253-1024x1024.jpeg 1024w, https:\/\/gicd.inf.um.es\/csidcav\/usuario15\/wp-content\/uploads\/2025\/11\/IMG_3253-300x300.jpeg 300w, https:\/\/gicd.inf.um.es\/csidcav\/usuario15\/wp-content\/uploads\/2025\/11\/IMG_3253-150x150.jpeg 150w, https:\/\/gicd.inf.um.es\/csidcav\/usuario15\/wp-content\/uploads\/2025\/11\/IMG_3253-768x768.jpeg 768w, https:\/\/gicd.inf.um.es\/csidcav\/usuario15\/wp-content\/uploads\/2025\/11\/IMG_3253-1536x1536.jpeg 1536w, https:\/\/gicd.inf.um.es\/csidcav\/usuario15\/wp-content\/uploads\/2025\/11\/IMG_3253-2048x2048.jpeg 2048w\" sizes=\"auto, (max-width: 1024px) 100vw, 1024px\" \/><\/figure><div class=\"wp-block-media-text__content\">\n<p><strong>\u00c1lvaro Gabarr\u00f3n<\/strong> <strong>Lucas<\/strong><\/p>\n\n\n\n<p>J\u00f3ven creador audiovisual comprometido con historias humanas, de est\u00e9tica po\u00e9tica y mirada intimista. Su obra combina sensibilidad, denuncia social y una narrativa profunda. Entre sus trabajos destacan cortometrajes como\u00a0<em>Zheimer<\/em>, premiado internacionalmente. Actualmente, sigue desarrollando proyectos con vocaci\u00f3n social y art\u00edstica.<\/p>\n<\/div><\/div>\n\n\n\n<div class=\"wp-block-media-text alignwide has-media-on-the-right is-stacked-on-mobile\" style=\"grid-template-columns:auto 34%\"><div class=\"wp-block-media-text__content\">\n<p><strong>Pedro Jim\u00e9nez Mart\u00ednez<\/strong><\/p>\n\n\n\n<p>Periodista que ha trabajado y colaborado en diferentes peri\u00f3dicos y canales de televisi\u00f3n internacionales. Adem\u00e1s es creador de contenido especializado en el s\u00e9ptimo arte.<\/p>\n<\/div><figure class=\"wp-block-media-text__media\"><img loading=\"lazy\" decoding=\"async\" width=\"740\" height=\"740\" src=\"https:\/\/gicd.inf.um.es\/csidcav\/usuario15\/wp-content\/uploads\/2025\/11\/imagen-perfil-avatar-hombre-aislada-fondo-imagen-profil-avatar-hombre_1293239-4861.jpg.avif\" alt=\"Pedro Jim\u00e9nez\" class=\"wp-image-514 size-full\" srcset=\"https:\/\/gicd.inf.um.es\/csidcav\/usuario15\/wp-content\/uploads\/2025\/11\/imagen-perfil-avatar-hombre-aislada-fondo-imagen-profil-avatar-hombre_1293239-4861.jpg.avif 740w, https:\/\/gicd.inf.um.es\/csidcav\/usuario15\/wp-content\/uploads\/2025\/11\/imagen-perfil-avatar-hombre-aislada-fondo-imagen-profil-avatar-hombre_1293239-4861.jpg-300x300.jpg 300w, https:\/\/gicd.inf.um.es\/csidcav\/usuario15\/wp-content\/uploads\/2025\/11\/imagen-perfil-avatar-hombre-aislada-fondo-imagen-profil-avatar-hombre_1293239-4861.jpg-150x150.jpg 150w\" sizes=\"auto, (max-width: 740px) 100vw, 740px\" \/><\/figure><\/div>\n\n\n\n<hr class=\"wp-block-separator has-alpha-channel-opacity\"\/>\n\n\n\n<div class=\"wpcf7 no-js\" id=\"wpcf7-f515-o1\" lang=\"es-ES\" dir=\"ltr\" data-wpcf7-id=\"515\">\n<div class=\"screen-reader-response\"><p role=\"status\" aria-live=\"polite\" aria-atomic=\"true\"><\/p> <ul><\/ul><\/div>\n<form action=\"\/csidcav\/usuario15\/wp-json\/wp\/v2\/pages\/190#wpcf7-f515-o1\" method=\"post\" class=\"wpcf7-form init\" aria-label=\"Formulario de contacto\" novalidate=\"novalidate\" data-status=\"init\">\n<fieldset class=\"hidden-fields-container\"><input type=\"hidden\" name=\"_wpcf7\" value=\"515\" \/><input type=\"hidden\" name=\"_wpcf7_version\" value=\"6.1.3\" \/><input type=\"hidden\" name=\"_wpcf7_locale\" value=\"es_ES\" \/><input type=\"hidden\" name=\"_wpcf7_unit_tag\" value=\"wpcf7-f515-o1\" \/><input type=\"hidden\" name=\"_wpcf7_container_post\" value=\"0\" \/><input type=\"hidden\" name=\"_wpcf7_posted_data_hash\" value=\"\" \/>\n<\/fieldset>\n<p><label>Nombre<br \/>\n<span class=\"wpcf7-form-control-wrap\" data-name=\"your-name\"><input size=\"40\" maxlength=\"400\" class=\"wpcf7-form-control wpcf7-text wpcf7-validates-as-required\" aria-required=\"true\" aria-invalid=\"false\" placeholder=\"Tu nombre completo\" value=\"\" type=\"text\" name=\"your-name\" \/><\/span><br \/>\n<\/label>\n<\/p>\n<p><label>Correo Electr\u00f3nico<br \/>\n<span class=\"wpcf7-form-control-wrap\" data-name=\"your-email\"><input size=\"40\" maxlength=\"400\" class=\"wpcf7-form-control wpcf7-email wpcf7-validates-as-required wpcf7-text wpcf7-validates-as-email\" autocomplete=\"email\" aria-required=\"true\" aria-invalid=\"false\" placeholder=\"Tu correo electr\u00f3nico\" value=\"\" type=\"email\" name=\"your-email\" \/><\/span><br \/>\n<\/label>\n<\/p>\n<p><label>Motivo del contacto<br \/>\n<span class=\"wpcf7-form-control-wrap\" data-name=\"motivo\"><select class=\"wpcf7-form-control wpcf7-select wpcf7-validates-as-required\" aria-required=\"true\" aria-invalid=\"false\" name=\"motivo\"><option value=\"Consulta\">Consulta<\/option><option value=\"Sugerencia\">Sugerencia<\/option><option value=\"Otro\">Otro<\/option><\/select><\/span><br \/>\n<\/label>\n<\/p>\n<p><label>Mensaje<br \/>\n<span class=\"wpcf7-form-control-wrap\" data-name=\"your-message\"><textarea cols=\"40\" rows=\"10\" maxlength=\"2000\" class=\"wpcf7-form-control wpcf7-textarea wpcf7-validates-as-required\" aria-required=\"true\" aria-invalid=\"false\" placeholder=\"Escribe tu mensaje aqu\u00ed\" name=\"your-message\"><\/textarea><\/span><br \/>\n<\/label>\n<\/p>\n<p><label><br \/>\n<span class=\"wpcf7-form-control-wrap\" data-name=\"aceptar\"><span class=\"wpcf7-form-control wpcf7-checkbox wpcf7-validates-as-required\"><span class=\"wpcf7-list-item first last\"><label><input type=\"checkbox\" name=\"aceptar[]\" value=\"Acepto la pol\u00edtica de privacidad\" \/><span class=\"wpcf7-list-item-label\">Acepto la pol\u00edtica de privacidad<\/span><\/label><\/span><\/span><\/span><br \/>\n<\/label>\n<\/p>\n<p><input class=\"wpcf7-form-control wpcf7-submit has-spinner\" type=\"submit\" value=\"Enviar\" \/>\n<\/p><div class=\"wpcf7-response-output\" aria-hidden=\"true\"><\/div>\n<\/form>\n<\/div>\n\n","protected":false},"excerpt":{"rendered":"<p>Nuestro equipo de redacci\u00f3n est\u00e1 formado por profesionales apasionados por la literatura y la cultura. Conoce a nuestros colaboradores: \u00c1lvaro Gabarr\u00f3n Lucas J\u00f3ven creador audiovisual comprometido con historias humanas, de est\u00e9tica po\u00e9tica y mirada intimista. Su obra combina sensibilidad, denuncia social y una narrativa profunda. Entre sus trabajos destacan cortometrajes como\u00a0Zheimer, premiado internacionalmente. Actualmente, sigue [&hellip;]<\/p>\n","protected":false},"author":1,"featured_media":0,"parent":0,"menu_order":0,"comment_status":"closed","ping_status":"closed","template":"","meta":{"pgc_sgb_lightbox_settings":"","footnotes":""},"class_list":["post-190","page","type-page","status-publish","hentry"],"_links":{"self":[{"href":"https:\/\/gicd.inf.um.es\/csidcav\/usuario15\/wp-json\/wp\/v2\/pages\/190","targetHints":{"allow":["GET"]}}],"collection":[{"href":"https:\/\/gicd.inf.um.es\/csidcav\/usuario15\/wp-json\/wp\/v2\/pages"}],"about":[{"href":"https:\/\/gicd.inf.um.es\/csidcav\/usuario15\/wp-json\/wp\/v2\/types\/page"}],"author":[{"embeddable":true,"href":"https:\/\/gicd.inf.um.es\/csidcav\/usuario15\/wp-json\/wp\/v2\/users\/1"}],"replies":[{"embeddable":true,"href":"https:\/\/gicd.inf.um.es\/csidcav\/usuario15\/wp-json\/wp\/v2\/comments?post=190"}],"version-history":[{"count":4,"href":"https:\/\/gicd.inf.um.es\/csidcav\/usuario15\/wp-json\/wp\/v2\/pages\/190\/revisions"}],"predecessor-version":[{"id":518,"href":"https:\/\/gicd.inf.um.es\/csidcav\/usuario15\/wp-json\/wp\/v2\/pages\/190\/revisions\/518"}],"wp:attachment":[{"href":"https:\/\/gicd.inf.um.es\/csidcav\/usuario15\/wp-json\/wp\/v2\/media?parent=190"}],"curies":[{"name":"wp","href":"https:\/\/api.w.org\/{rel}","templated":true}]}}