{"id":172,"date":"2025-10-29T19:42:07","date_gmt":"2025-10-29T18:42:07","guid":{"rendered":"https:\/\/gicd.inf.um.es\/csidcav\/usuario16\/?page_id=172"},"modified":"2025-10-29T23:36:26","modified_gmt":"2025-10-29T22:36:26","slug":"especial-series-de-fantasia","status":"publish","type":"page","link":"https:\/\/gicd.inf.um.es\/csidcav\/usuario16\/especial-series-de-fantasia\/","title":{"rendered":"Especial series de fantas\u00eda"},"content":{"rendered":"\n<div class=\"wp-block-media-text is-stacked-on-mobile\"><figure class=\"wp-block-media-text__media\"><img loading=\"lazy\" decoding=\"async\" width=\"912\" height=\"513\" src=\"https:\/\/gicd.inf.um.es\/csidcav\/usuario16\/wp-content\/uploads\/2025\/10\/AAAABZIgrC6cxjovP5-BdBI4mMltLMX8qowWkyik9qx0S5dNHR30WisGNoT-by9ktn47maURzxJmGcYN1cWCvt8dVncL_mMjvjyrVIlz.jpg\" alt=\"\" class=\"wp-image-173 size-full\" srcset=\"https:\/\/gicd.inf.um.es\/csidcav\/usuario16\/wp-content\/uploads\/2025\/10\/AAAABZIgrC6cxjovP5-BdBI4mMltLMX8qowWkyik9qx0S5dNHR30WisGNoT-by9ktn47maURzxJmGcYN1cWCvt8dVncL_mMjvjyrVIlz.jpg 912w, https:\/\/gicd.inf.um.es\/csidcav\/usuario16\/wp-content\/uploads\/2025\/10\/AAAABZIgrC6cxjovP5-BdBI4mMltLMX8qowWkyik9qx0S5dNHR30WisGNoT-by9ktn47maURzxJmGcYN1cWCvt8dVncL_mMjvjyrVIlz-300x169.jpg 300w, https:\/\/gicd.inf.um.es\/csidcav\/usuario16\/wp-content\/uploads\/2025\/10\/AAAABZIgrC6cxjovP5-BdBI4mMltLMX8qowWkyik9qx0S5dNHR30WisGNoT-by9ktn47maURzxJmGcYN1cWCvt8dVncL_mMjvjyrVIlz-768x432.jpg 768w\" sizes=\"auto, (max-width: 912px) 100vw, 912px\" \/><\/figure><div class=\"wp-block-media-text__content\">\n<p>El g\u00e9nero de fantas\u00eda nos transporta a mundos donde lo imposible se vuelve cotidiano. En sus historias, la magia, las criaturas m\u00edticas y los h\u00e9roes extraordinarios conviven en universos creados desde la imaginaci\u00f3n pura. A diferencia de la realidad, aqu\u00ed las reglas del tiempo, el espacio y la naturaleza pueden romperse, dando lugar a relatos llenos de aventuras, s\u00edmbolos y emociones.<\/p>\n\n\n\n<p>A trav\u00e9s de la fantas\u00eda, los autores exploran temas humanos como el bien y el mal, el poder, el miedo o la esperanza, envolvi\u00e9ndolos en escenarios que despiertan la curiosidad y el asombro. Desde los cl\u00e1sicos reinos medievales hasta las epopeyas modernas, este g\u00e9nero invita a so\u00f1ar despiertos y a mirar la realidad desde nuevos ojos.<\/p>\n\n\n\n<p>La fantas\u00eda no solo entretiene: tambi\u00e9n inspira. Nos recuerda que, incluso en la vida real, la imaginaci\u00f3n puede ser la magia m\u00e1s poderosa que tenemos.<\/p>\n<\/div><\/div>\n\n\n\n<div style=\"height:70px\" aria-hidden=\"true\" class=\"wp-block-spacer\"><\/div>\n\n\n\n<div class=\"wp-block-query is-layout-flow wp-block-query-is-layout-flow\"><ul class=\"columns-2 wp-block-post-template is-layout-grid wp-container-core-post-template-is-layout-17361a50 wp-block-post-template-is-layout-grid\"><li class=\"wp-block-post post-139 post type-post status-publish format-standard has-post-thumbnail hentry category-accion category-aventuras category-fantastico category-series tag-accion tag-aventuras tag-fantasia tag-misterio\">\n\n<div class=\"wp-block-group bs-blog-post\"><div class=\"wp-block-group__inner-container is-layout-constrained wp-block-group-is-layout-constrained\"><figure class=\"wp-block-post-featured-image\"><img loading=\"lazy\" decoding=\"async\" width=\"1920\" height=\"1080\" src=\"https:\/\/gicd.inf.um.es\/csidcav\/usuario16\/wp-content\/uploads\/2025\/10\/66dce44fd3693.jpg\" class=\"attachment-post-thumbnail size-post-thumbnail wp-post-image\" alt=\"poster El Se\u00f1or de los Anillos: Los Anillos de Poder\" style=\"object-fit:cover;\" srcset=\"https:\/\/gicd.inf.um.es\/csidcav\/usuario16\/wp-content\/uploads\/2025\/10\/66dce44fd3693.jpg 1920w, https:\/\/gicd.inf.um.es\/csidcav\/usuario16\/wp-content\/uploads\/2025\/10\/66dce44fd3693-300x169.jpg 300w, https:\/\/gicd.inf.um.es\/csidcav\/usuario16\/wp-content\/uploads\/2025\/10\/66dce44fd3693-1024x576.jpg 1024w, https:\/\/gicd.inf.um.es\/csidcav\/usuario16\/wp-content\/uploads\/2025\/10\/66dce44fd3693-768x432.jpg 768w, https:\/\/gicd.inf.um.es\/csidcav\/usuario16\/wp-content\/uploads\/2025\/10\/66dce44fd3693-1536x864.jpg 1536w, https:\/\/gicd.inf.um.es\/csidcav\/usuario16\/wp-content\/uploads\/2025\/10\/66dce44fd3693-1280x720.jpg 1280w\" sizes=\"auto, (max-width: 1920px) 100vw, 1920px\" \/><\/figure>\n\n\n<div class=\"wp-block-group small\"><div class=\"wp-block-group__inner-container is-layout-constrained wp-block-group-is-layout-constrained\"><div class=\"taxonomy-category bs-blog-post wp-block-post-terms\"><a href=\"https:\/\/gicd.inf.um.es\/csidcav\/usuario16\/category\/accion\/\" rel=\"tag\">Acci\u00f3n<\/a><span class=\"wp-block-post-terms__separator\">, <\/span><a href=\"https:\/\/gicd.inf.um.es\/csidcav\/usuario16\/category\/aventuras\/\" rel=\"tag\">Aventuras<\/a><span class=\"wp-block-post-terms__separator\">, <\/span><a href=\"https:\/\/gicd.inf.um.es\/csidcav\/usuario16\/category\/fantastico\/\" rel=\"tag\">Fant\u00e1stico<\/a><span class=\"wp-block-post-terms__separator\">, <\/span><a href=\"https:\/\/gicd.inf.um.es\/csidcav\/usuario16\/category\/series\/\" rel=\"tag\">Series<\/a><\/div>\n\n<h2 style=\"color:#a1e2ea;\" class=\"has-link-color wp-elements-e46a302f9e50f7e3a5b055f8898e4666 wp-block-post-title has-text-color\"><a href=\"https:\/\/gicd.inf.um.es\/csidcav\/usuario16\/el-senor-de-los-anillos-los-anillos-de-poder\/\" target=\"_self\" >El Se\u00f1or de los Anillos: Los Anillos de Poder<\/a><\/h2>\n\n<div class=\"wp-block-post-excerpt\"><p class=\"wp-block-post-excerpt__excerpt\">En un periodo de relativa calma, los personajes se enfrentan al resurgimiento del mal en la Tierra Media. Desde las profundidades m\u00e1s oscuras de las Monta\u00f1as Nubladas hasta los majestuosos bosques de Lindon, el impresionante reino insular de N\u00famenor y los confines m\u00e1s lejanos del mapa, estos reinos y personajes esculpir\u00e1n legados que perdurar\u00e1n en&hellip; <\/p><\/div><\/div><\/div>\n\n\n\n<div style=\"height:30px\" aria-hidden=\"true\" class=\"wp-block-spacer\"><\/div>\n<\/div><\/div>\n\n<\/li><li class=\"wp-block-post post-73 post type-post status-publish format-standard has-post-thumbnail hentry category-accion category-drama category-fantastico category-series tag-dragones tag-espada-y-brujeria tag-fantasia-medieval tag-venganza\">\n\n<div class=\"wp-block-group bs-blog-post\"><div class=\"wp-block-group__inner-container is-layout-constrained wp-block-group-is-layout-constrained\"><figure class=\"wp-block-post-featured-image\"><img loading=\"lazy\" decoding=\"async\" width=\"1920\" height=\"1080\" src=\"https:\/\/gicd.inf.um.es\/csidcav\/usuario16\/wp-content\/uploads\/2025\/10\/jdt-poster-horizonal.jpg\" class=\"attachment-post-thumbnail size-post-thumbnail wp-post-image\" alt=\"poster juego de tronos\" style=\"object-fit:cover;\" srcset=\"https:\/\/gicd.inf.um.es\/csidcav\/usuario16\/wp-content\/uploads\/2025\/10\/jdt-poster-horizonal.jpg 1920w, https:\/\/gicd.inf.um.es\/csidcav\/usuario16\/wp-content\/uploads\/2025\/10\/jdt-poster-horizonal-300x169.jpg 300w, https:\/\/gicd.inf.um.es\/csidcav\/usuario16\/wp-content\/uploads\/2025\/10\/jdt-poster-horizonal-1024x576.jpg 1024w, https:\/\/gicd.inf.um.es\/csidcav\/usuario16\/wp-content\/uploads\/2025\/10\/jdt-poster-horizonal-768x432.jpg 768w, https:\/\/gicd.inf.um.es\/csidcav\/usuario16\/wp-content\/uploads\/2025\/10\/jdt-poster-horizonal-1536x864.jpg 1536w, https:\/\/gicd.inf.um.es\/csidcav\/usuario16\/wp-content\/uploads\/2025\/10\/jdt-poster-horizonal-1280x720.jpg 1280w\" sizes=\"auto, (max-width: 1920px) 100vw, 1920px\" \/><\/figure>\n\n\n<div class=\"wp-block-group small\"><div class=\"wp-block-group__inner-container is-layout-constrained wp-block-group-is-layout-constrained\"><div class=\"taxonomy-category bs-blog-post wp-block-post-terms\"><a href=\"https:\/\/gicd.inf.um.es\/csidcav\/usuario16\/category\/accion\/\" rel=\"tag\">Acci\u00f3n<\/a><span class=\"wp-block-post-terms__separator\">, <\/span><a href=\"https:\/\/gicd.inf.um.es\/csidcav\/usuario16\/category\/drama\/\" rel=\"tag\">Drama<\/a><span class=\"wp-block-post-terms__separator\">, <\/span><a href=\"https:\/\/gicd.inf.um.es\/csidcav\/usuario16\/category\/fantastico\/\" rel=\"tag\">Fant\u00e1stico<\/a><span class=\"wp-block-post-terms__separator\">, <\/span><a href=\"https:\/\/gicd.inf.um.es\/csidcav\/usuario16\/category\/series\/\" rel=\"tag\">Series<\/a><\/div>\n\n<h2 style=\"color:#a1e2ea;\" class=\"has-link-color wp-elements-e46a302f9e50f7e3a5b055f8898e4666 wp-block-post-title has-text-color\"><a href=\"https:\/\/gicd.inf.um.es\/csidcav\/usuario16\/juego-de-tronos\/\" target=\"_self\" >Juego de tronos<\/a><\/h2>\n\n<div class=\"wp-block-post-excerpt\"><p class=\"wp-block-post-excerpt__excerpt\">Las distintas casas nobiliarias del continente ficticio de Poniente luchan entre s\u00ed para tener el control del Trono de Hierro y gobernar los siete reinos que conforman el territorio. <\/p><\/div><\/div><\/div>\n\n\n\n<div style=\"height:30px\" aria-hidden=\"true\" class=\"wp-block-spacer\"><\/div>\n<\/div><\/div>\n\n<\/li><li class=\"wp-block-post post-490 post type-post status-publish format-standard has-post-thumbnail hentry category-accion category-aventuras category-ciencia-ficcion category-fantastico category-novelas tag-accion tag-fantasia tag-ficcion tag-magia tag-novela\">\n\n<div class=\"wp-block-group bs-blog-post\"><div class=\"wp-block-group__inner-container is-layout-constrained wp-block-group-is-layout-constrained\"><figure class=\"wp-block-post-featured-image\"><img loading=\"lazy\" decoding=\"async\" width=\"1671\" height=\"2540\" src=\"https:\/\/gicd.inf.um.es\/csidcav\/usuario16\/wp-content\/uploads\/2025\/12\/9788491220787-la-historia-interminable.jpg\" class=\"attachment-post-thumbnail size-post-thumbnail wp-post-image\" alt=\"la historia interminable portada\" style=\"object-fit:cover;\" srcset=\"https:\/\/gicd.inf.um.es\/csidcav\/usuario16\/wp-content\/uploads\/2025\/12\/9788491220787-la-historia-interminable.jpg 1671w, https:\/\/gicd.inf.um.es\/csidcav\/usuario16\/wp-content\/uploads\/2025\/12\/9788491220787-la-historia-interminable-197x300.jpg 197w, https:\/\/gicd.inf.um.es\/csidcav\/usuario16\/wp-content\/uploads\/2025\/12\/9788491220787-la-historia-interminable-674x1024.jpg 674w, https:\/\/gicd.inf.um.es\/csidcav\/usuario16\/wp-content\/uploads\/2025\/12\/9788491220787-la-historia-interminable-768x1167.jpg 768w, https:\/\/gicd.inf.um.es\/csidcav\/usuario16\/wp-content\/uploads\/2025\/12\/9788491220787-la-historia-interminable-1010x1536.jpg 1010w, https:\/\/gicd.inf.um.es\/csidcav\/usuario16\/wp-content\/uploads\/2025\/12\/9788491220787-la-historia-interminable-1347x2048.jpg 1347w, https:\/\/gicd.inf.um.es\/csidcav\/usuario16\/wp-content\/uploads\/2025\/12\/9788491220787-la-historia-interminable-1024x1557.jpg 1024w\" sizes=\"auto, (max-width: 1671px) 100vw, 1671px\" \/><\/figure>\n\n\n<div class=\"wp-block-group small\"><div class=\"wp-block-group__inner-container is-layout-constrained wp-block-group-is-layout-constrained\"><div class=\"taxonomy-category bs-blog-post wp-block-post-terms\"><a href=\"https:\/\/gicd.inf.um.es\/csidcav\/usuario16\/category\/accion\/\" rel=\"tag\">Acci\u00f3n<\/a><span class=\"wp-block-post-terms__separator\">, <\/span><a href=\"https:\/\/gicd.inf.um.es\/csidcav\/usuario16\/category\/aventuras\/\" rel=\"tag\">Aventuras<\/a><span class=\"wp-block-post-terms__separator\">, <\/span><a href=\"https:\/\/gicd.inf.um.es\/csidcav\/usuario16\/category\/ciencia-ficcion\/\" rel=\"tag\">Ciencia ficci\u00f3n<\/a><span class=\"wp-block-post-terms__separator\">, <\/span><a href=\"https:\/\/gicd.inf.um.es\/csidcav\/usuario16\/category\/fantastico\/\" rel=\"tag\">Fant\u00e1stico<\/a><span class=\"wp-block-post-terms__separator\">, <\/span><a href=\"https:\/\/gicd.inf.um.es\/csidcav\/usuario16\/category\/novelas\/\" rel=\"tag\">Novelas<\/a><\/div>\n\n<h2 style=\"color:#a1e2ea;\" class=\"has-link-color wp-elements-e46a302f9e50f7e3a5b055f8898e4666 wp-block-post-title has-text-color\"><a href=\"https:\/\/gicd.inf.um.es\/csidcav\/usuario16\/la-historia-interminable\/\" target=\"_self\" >La historia interminable<\/a><\/h2>\n\n<div class=\"wp-block-post-excerpt\"><p class=\"wp-block-post-excerpt__excerpt\">Basti\u00e1n, un ni\u00f1o solitario, descubre un libro m\u00e1gico que lo transporta al mundo de Fantas\u00eda. All\u00ed aprende sobre la imaginaci\u00f3n, la valent\u00eda y la importancia de la esperanza. Una aventura \u00e9pica donde la realidad y la fantas\u00eda se entrelazan, mostrando que la imaginaci\u00f3n no tiene l\u00edmites. <\/p><\/div><\/div><\/div>\n\n\n\n<div style=\"height:30px\" aria-hidden=\"true\" class=\"wp-block-spacer\"><\/div>\n<\/div><\/div>\n\n<\/li><li class=\"wp-block-post post-148 post type-post status-publish format-standard has-post-thumbnail hentry category-accion category-aventuras category-drama category-fantastico category-series tag-accion tag-fantasia tag-ficcion tag-magia\">\n\n<div class=\"wp-block-group bs-blog-post\"><div class=\"wp-block-group__inner-container is-layout-constrained wp-block-group-is-layout-constrained\"><figure class=\"wp-block-post-featured-image\"><img loading=\"lazy\" decoding=\"async\" width=\"1920\" height=\"1080\" src=\"https:\/\/gicd.inf.um.es\/csidcav\/usuario16\/wp-content\/uploads\/2025\/10\/641376a4acf73.jpg\" class=\"attachment-post-thumbnail size-post-thumbnail wp-post-image\" alt=\"poster sombra y hueso\" style=\"object-fit:cover;\" srcset=\"https:\/\/gicd.inf.um.es\/csidcav\/usuario16\/wp-content\/uploads\/2025\/10\/641376a4acf73.jpg 1920w, https:\/\/gicd.inf.um.es\/csidcav\/usuario16\/wp-content\/uploads\/2025\/10\/641376a4acf73-300x169.jpg 300w, https:\/\/gicd.inf.um.es\/csidcav\/usuario16\/wp-content\/uploads\/2025\/10\/641376a4acf73-1024x576.jpg 1024w, https:\/\/gicd.inf.um.es\/csidcav\/usuario16\/wp-content\/uploads\/2025\/10\/641376a4acf73-768x432.jpg 768w, https:\/\/gicd.inf.um.es\/csidcav\/usuario16\/wp-content\/uploads\/2025\/10\/641376a4acf73-1536x864.jpg 1536w, https:\/\/gicd.inf.um.es\/csidcav\/usuario16\/wp-content\/uploads\/2025\/10\/641376a4acf73-1280x720.jpg 1280w\" sizes=\"auto, (max-width: 1920px) 100vw, 1920px\" \/><\/figure>\n\n\n<div class=\"wp-block-group small\"><div class=\"wp-block-group__inner-container is-layout-constrained wp-block-group-is-layout-constrained\"><div class=\"taxonomy-category bs-blog-post wp-block-post-terms\"><a href=\"https:\/\/gicd.inf.um.es\/csidcav\/usuario16\/category\/accion\/\" rel=\"tag\">Acci\u00f3n<\/a><span class=\"wp-block-post-terms__separator\">, <\/span><a href=\"https:\/\/gicd.inf.um.es\/csidcav\/usuario16\/category\/aventuras\/\" rel=\"tag\">Aventuras<\/a><span class=\"wp-block-post-terms__separator\">, <\/span><a href=\"https:\/\/gicd.inf.um.es\/csidcav\/usuario16\/category\/drama\/\" rel=\"tag\">Drama<\/a><span class=\"wp-block-post-terms__separator\">, <\/span><a href=\"https:\/\/gicd.inf.um.es\/csidcav\/usuario16\/category\/fantastico\/\" rel=\"tag\">Fant\u00e1stico<\/a><span class=\"wp-block-post-terms__separator\">, <\/span><a href=\"https:\/\/gicd.inf.um.es\/csidcav\/usuario16\/category\/series\/\" rel=\"tag\">Series<\/a><\/div>\n\n<h2 style=\"color:#a1e2ea;\" class=\"has-link-color wp-elements-e46a302f9e50f7e3a5b055f8898e4666 wp-block-post-title has-text-color\"><a href=\"https:\/\/gicd.inf.um.es\/csidcav\/usuario16\/sombra-y-hueso\/\" target=\"_self\" >Sombra y Hueso<\/a><\/h2>\n\n<div class=\"wp-block-post-excerpt\"><p class=\"wp-block-post-excerpt__excerpt\">Alina Starkov, una joven hu\u00e9rfana, descubre que posee un poder para invocar la luz justo cuando su regimiento es atacado en la Sombra, una barrera de oscuridad mortal que divide su pa\u00eds. <\/p><\/div><\/div><\/div>\n\n\n\n<div style=\"height:30px\" aria-hidden=\"true\" class=\"wp-block-spacer\"><\/div>\n<\/div><\/div>\n\n<\/li><li class=\"wp-block-post post-96 post type-post status-publish format-standard has-post-thumbnail hentry category-drama category-fantastico category-series category-terror tag-anos-80 tag-monstruos tag-secuestros-desapariciones tag-sobrenatural\">\n\n<div class=\"wp-block-group bs-blog-post\"><div class=\"wp-block-group__inner-container is-layout-constrained wp-block-group-is-layout-constrained\"><figure class=\"wp-block-post-featured-image\"><img loading=\"lazy\" decoding=\"async\" width=\"735\" height=\"466\" src=\"https:\/\/gicd.inf.um.es\/csidcav\/usuario16\/wp-content\/uploads\/2025\/10\/24.jpg\" class=\"attachment-post-thumbnail size-post-thumbnail wp-post-image\" alt=\"\" style=\"object-fit:cover;\" srcset=\"https:\/\/gicd.inf.um.es\/csidcav\/usuario16\/wp-content\/uploads\/2025\/10\/24.jpg 735w, https:\/\/gicd.inf.um.es\/csidcav\/usuario16\/wp-content\/uploads\/2025\/10\/24-300x190.jpg 300w\" sizes=\"auto, (max-width: 735px) 100vw, 735px\" \/><\/figure>\n\n\n<div class=\"wp-block-group small\"><div class=\"wp-block-group__inner-container is-layout-constrained wp-block-group-is-layout-constrained\"><div class=\"taxonomy-category bs-blog-post wp-block-post-terms\"><a href=\"https:\/\/gicd.inf.um.es\/csidcav\/usuario16\/category\/drama\/\" rel=\"tag\">Drama<\/a><span class=\"wp-block-post-terms__separator\">, <\/span><a href=\"https:\/\/gicd.inf.um.es\/csidcav\/usuario16\/category\/fantastico\/\" rel=\"tag\">Fant\u00e1stico<\/a><span class=\"wp-block-post-terms__separator\">, <\/span><a href=\"https:\/\/gicd.inf.um.es\/csidcav\/usuario16\/category\/series\/\" rel=\"tag\">Series<\/a><span class=\"wp-block-post-terms__separator\">, <\/span><a href=\"https:\/\/gicd.inf.um.es\/csidcav\/usuario16\/category\/terror\/\" rel=\"tag\">Terror<\/a><\/div>\n\n<h2 style=\"color:#a1e2ea;\" class=\"has-link-color wp-elements-e46a302f9e50f7e3a5b055f8898e4666 wp-block-post-title has-text-color\"><a href=\"https:\/\/gicd.inf.um.es\/csidcav\/usuario16\/stranger-things\/\" target=\"_self\" >Stranger Things<\/a><\/h2>\n\n<div class=\"wp-block-post-excerpt\"><p class=\"wp-block-post-excerpt__excerpt\">En 1983 un ni\u00f1o desaparece en el peque\u00f1o pueblo de Hawkins. Amigos, familiares y el sheriff local se ven envueltos experimentos ultrasecretos y fuerzas paranormales terror\u00edficas. <\/p><\/div><\/div><\/div>\n\n\n\n<div style=\"height:30px\" aria-hidden=\"true\" class=\"wp-block-spacer\"><\/div>\n<\/div><\/div>\n\n<\/li><\/ul>\n\n\n\n<\/div>\n\n\n\n<div style=\"height:70px\" aria-hidden=\"true\" class=\"wp-block-spacer\"><\/div>\n\n\n\n<div class=\"wp-block-cover\"><img loading=\"lazy\" decoding=\"async\" width=\"1024\" height=\"576\" class=\"wp-block-cover__image-background wp-image-178 size-large\" alt=\"\" src=\"https:\/\/gicd.inf.um.es\/csidcav\/usuario16\/wp-content\/uploads\/2025\/10\/Ensayo-1024x576.jpg\" data-object-fit=\"cover\" srcset=\"https:\/\/gicd.inf.um.es\/csidcav\/usuario16\/wp-content\/uploads\/2025\/10\/Ensayo-1024x576.jpg 1024w, https:\/\/gicd.inf.um.es\/csidcav\/usuario16\/wp-content\/uploads\/2025\/10\/Ensayo-300x169.jpg 300w, https:\/\/gicd.inf.um.es\/csidcav\/usuario16\/wp-content\/uploads\/2025\/10\/Ensayo-768x432.jpg 768w, https:\/\/gicd.inf.um.es\/csidcav\/usuario16\/wp-content\/uploads\/2025\/10\/Ensayo-1536x864.jpg 1536w, https:\/\/gicd.inf.um.es\/csidcav\/usuario16\/wp-content\/uploads\/2025\/10\/Ensayo-1280x720.jpg 1280w, https:\/\/gicd.inf.um.es\/csidcav\/usuario16\/wp-content\/uploads\/2025\/10\/Ensayo.jpg 1920w\" sizes=\"auto, (max-width: 1024px) 100vw, 1024px\" \/><span aria-hidden=\"true\" class=\"wp-block-cover__background has-background-dim\" style=\"background-color:#63553a\"><\/span><div class=\"wp-block-cover__inner-container is-layout-constrained wp-block-cover-is-layout-constrained\">\n<p class=\"has-text-align-center has-white-color has-text-color has-link-color has-medium-font-size wp-elements-ada9c9717fbe7bea362c23f44d228ade\"><strong>\u201cEl g\u00e9nero de fantas\u00eda abre puertas a mundos donde la imaginaci\u00f3n dicta las reglas\u201d<\/strong><\/p>\n<\/div><\/div>\n","protected":false},"excerpt":{"rendered":"<p>El g\u00e9nero de fantas\u00eda nos transporta a mundos donde lo imposible se vuelve cotidiano. En sus historias, la magia, las criaturas m\u00edticas y los h\u00e9roes extraordinarios conviven en universos creados desde la imaginaci\u00f3n pura. A diferencia de la realidad, aqu\u00ed las reglas del tiempo, el espacio y la naturaleza pueden romperse, dando lugar a relatos [&hellip;]<\/p>\n","protected":false},"author":1,"featured_media":0,"parent":0,"menu_order":0,"comment_status":"closed","ping_status":"closed","template":"","meta":{"footnotes":""},"class_list":["post-172","page","type-page","status-publish","hentry"],"_links":{"self":[{"href":"https:\/\/gicd.inf.um.es\/csidcav\/usuario16\/wp-json\/wp\/v2\/pages\/172","targetHints":{"allow":["GET"]}}],"collection":[{"href":"https:\/\/gicd.inf.um.es\/csidcav\/usuario16\/wp-json\/wp\/v2\/pages"}],"about":[{"href":"https:\/\/gicd.inf.um.es\/csidcav\/usuario16\/wp-json\/wp\/v2\/types\/page"}],"author":[{"embeddable":true,"href":"https:\/\/gicd.inf.um.es\/csidcav\/usuario16\/wp-json\/wp\/v2\/users\/1"}],"replies":[{"embeddable":true,"href":"https:\/\/gicd.inf.um.es\/csidcav\/usuario16\/wp-json\/wp\/v2\/comments?post=172"}],"version-history":[{"count":6,"href":"https:\/\/gicd.inf.um.es\/csidcav\/usuario16\/wp-json\/wp\/v2\/pages\/172\/revisions"}],"predecessor-version":[{"id":187,"href":"https:\/\/gicd.inf.um.es\/csidcav\/usuario16\/wp-json\/wp\/v2\/pages\/172\/revisions\/187"}],"wp:attachment":[{"href":"https:\/\/gicd.inf.um.es\/csidcav\/usuario16\/wp-json\/wp\/v2\/media?parent=172"}],"curies":[{"name":"wp","href":"https:\/\/api.w.org\/{rel}","templated":true}]}}