{"id":779,"date":"2025-12-13T20:46:12","date_gmt":"2025-12-13T19:46:12","guid":{"rendered":"https:\/\/gicd.inf.um.es\/csidcav\/usuario16\/?page_id=779"},"modified":"2025-12-14T23:37:02","modified_gmt":"2025-12-14T22:37:02","slug":"st-personajes","status":"publish","type":"page","link":"https:\/\/gicd.inf.um.es\/csidcav\/usuario16\/st-personajes\/","title":{"rendered":"Personajes"},"content":{"rendered":"<div class='pt-cv-wrapper'> <h3 class='pt-cv-heading-container heading1' data-blockid='xyukq1zl'><span class='pt-cv-heading'>  <\/span><\/h3><div class=\"pt-cv-view pt-cv-blockgrid iscvblock iscvreal grid1 layout2\" id=\"pt-cv-view-xyukq1zl\"><div data-id=\"pt-cv-page-1\" class=\"pt-cv-page\" data-cvc=\"3\"><div class=\" pt-cv-content-item pt-cv-1-col\" ><div class=\"pt-cv-thumb-wrapper  \"><a href=\"https:\/\/gicd.inf.um.es\/csidcav\/usuario16\/mike-wheeler\/\" class=\"_self pt-cv-href-thumbnail pt-cv-thumb-default\" target=\"_self\" ><img loading=\"lazy\" decoding=\"async\" width=\"736\" height=\"368\" src=\"https:\/\/gicd.inf.um.es\/csidcav\/usuario16\/wp-content\/uploads\/2025\/12\/32-2.jpg\" class=\"pt-cv-thumbnail\" alt=\"\" srcset=\"https:\/\/gicd.inf.um.es\/csidcav\/usuario16\/wp-content\/uploads\/2025\/12\/32-2.jpg 736w, https:\/\/gicd.inf.um.es\/csidcav\/usuario16\/wp-content\/uploads\/2025\/12\/32-2-300x150.jpg 300w\" sizes=\"auto, (max-width: 736px) 100vw, 736px\" \/><\/a><\/div>\n<div class=\"pt-cv-remain-wrapper\"><div class=\"pt-cv-taxoterm above_title\"><a href='https:\/\/gicd.inf.um.es\/csidcav\/usuario16\/category\/stranger-things\/' title='Stranger Things' class='pt-cv-tax-stranger-things'>Stranger Things<\/a><\/div><h4 class=\"pt-cv-title\"><a href=\"https:\/\/gicd.inf.um.es\/csidcav\/usuario16\/mike-wheeler\/\" class=\"_self\" target=\"_self\" >Mike Wheeler<\/a><\/h4><div class=\"pt-cv-content\">Nombre: Mike Wheeler Edad: 12 a 15 a\u00f1os Apodo: El palad\u00edn Descripci\u00f3n: Mike es el l\u00edder emocional y la br\u00fajula moral del grupo de amigos. Es valiente, leal y protector. Suele ser quien impulsa al grupo a actuar &#8230;<\/div><div class=\"pt-cv-rmwrap\"><a href=\"https:\/\/gicd.inf.um.es\/csidcav\/usuario16\/mike-wheeler\/\" class=\"_self pt-cv-readmore btn btn-success\" target=\"_self\" >Leer M\u00e1s&#8230;<\/a><\/div><\/div><\/div>\n<div class=\" pt-cv-content-item pt-cv-1-col\" ><div class=\"pt-cv-thumb-wrapper  \"><a href=\"https:\/\/gicd.inf.um.es\/csidcav\/usuario16\/lucas-sinclair\/\" class=\"_self pt-cv-href-thumbnail pt-cv-thumb-default\" target=\"_self\" ><img loading=\"lazy\" decoding=\"async\" width=\"707\" height=\"707\" src=\"https:\/\/gicd.inf.um.es\/csidcav\/usuario16\/wp-content\/uploads\/2025\/12\/lucas-sinclair-__-icons.jpg\" class=\"pt-cv-thumbnail\" alt=\"\" srcset=\"https:\/\/gicd.inf.um.es\/csidcav\/usuario16\/wp-content\/uploads\/2025\/12\/lucas-sinclair-__-icons.jpg 707w, https:\/\/gicd.inf.um.es\/csidcav\/usuario16\/wp-content\/uploads\/2025\/12\/lucas-sinclair-__-icons-300x300.jpg 300w, https:\/\/gicd.inf.um.es\/csidcav\/usuario16\/wp-content\/uploads\/2025\/12\/lucas-sinclair-__-icons-150x150.jpg 150w\" sizes=\"auto, (max-width: 707px) 100vw, 707px\" \/><\/a><\/div>\n<div class=\"pt-cv-remain-wrapper\"><div class=\"pt-cv-taxoterm above_title\"><a href='https:\/\/gicd.inf.um.es\/csidcav\/usuario16\/category\/stranger-things\/' title='Stranger Things' class='pt-cv-tax-stranger-things'>Stranger Things<\/a><\/div><h4 class=\"pt-cv-title\"><a href=\"https:\/\/gicd.inf.um.es\/csidcav\/usuario16\/lucas-sinclair\/\" class=\"_self\" target=\"_self\" >Lucas Sinclair<\/a><\/h4><div class=\"pt-cv-content\">Nombre: Lucas Sinclair Edad: 12 a 15 a\u00f1os Apodo: El ranger Descripci\u00f3n: Lucas es valiente, directo y pr\u00e1ctico. Suele cuestionar las decisiones del grupo, aportando una visi\u00f3n m\u00e1s racional y realista, pero siempre demuestra una gran lealtad hacia sus amigos &#8230;<\/div><div class=\"pt-cv-rmwrap\"><a href=\"https:\/\/gicd.inf.um.es\/csidcav\/usuario16\/lucas-sinclair\/\" class=\"_self pt-cv-readmore btn btn-success\" target=\"_self\" >Leer M\u00e1s&#8230;<\/a><\/div><\/div><\/div>\n<div class=\" pt-cv-content-item pt-cv-1-col\" ><div class=\"pt-cv-thumb-wrapper  \"><a href=\"https:\/\/gicd.inf.um.es\/csidcav\/usuario16\/will-bayer\/\" class=\"_self pt-cv-href-thumbnail pt-cv-thumb-default\" target=\"_self\" ><img loading=\"lazy\" decoding=\"async\" width=\"736\" height=\"718\" src=\"https:\/\/gicd.inf.um.es\/csidcav\/usuario16\/wp-content\/uploads\/2025\/12\/\ud835\udc16\ud835\udc22\ud835\udc25\ud835\udc25-\ud835\udc01\ud835\udc32\ud835\udc1e\ud835\udc2b\ud835\udc2c-\ud835\udc08\ud835\udc1c\ud835\udc28\ud835\udc27.jpg\" class=\"pt-cv-thumbnail\" alt=\"\" srcset=\"https:\/\/gicd.inf.um.es\/csidcav\/usuario16\/wp-content\/uploads\/2025\/12\/\ud835\udc16\ud835\udc22\ud835\udc25\ud835\udc25-\ud835\udc01\ud835\udc32\ud835\udc1e\ud835\udc2b\ud835\udc2c-\ud835\udc08\ud835\udc1c\ud835\udc28\ud835\udc27.jpg 736w, https:\/\/gicd.inf.um.es\/csidcav\/usuario16\/wp-content\/uploads\/2025\/12\/\ud835\udc16\ud835\udc22\ud835\udc25\ud835\udc25-\ud835\udc01\ud835\udc32\ud835\udc1e\ud835\udc2b\ud835\udc2c-\ud835\udc08\ud835\udc1c\ud835\udc28\ud835\udc27-300x293.jpg 300w\" sizes=\"auto, (max-width: 736px) 100vw, 736px\" \/><\/a><\/div>\n<div class=\"pt-cv-remain-wrapper\"><div class=\"pt-cv-taxoterm above_title\"><a href='https:\/\/gicd.inf.um.es\/csidcav\/usuario16\/category\/stranger-things\/' title='Stranger Things' class='pt-cv-tax-stranger-things'>Stranger Things<\/a><\/div><h4 class=\"pt-cv-title\"><a href=\"https:\/\/gicd.inf.um.es\/csidcav\/usuario16\/will-bayer\/\" class=\"_self\" target=\"_self\" >Will Byers<\/a><\/h4><div class=\"pt-cv-content\">Nombre: Will Byers Edad: 12 a 15 a\u00f1os Apodo: El cl\u00e9rigo Descripci\u00f3n: Will es sensible, creativo y emocionalmente vulnerable. Tras su desaparici\u00f3n en la primera temporada, queda profundamente conectado con el Mundo del Rev\u00e9s, lo que marca su evoluci\u00f3n a lo largo de la serie &#8230;<\/div><div class=\"pt-cv-rmwrap\"><a href=\"https:\/\/gicd.inf.um.es\/csidcav\/usuario16\/will-bayer\/\" class=\"_self pt-cv-readmore btn btn-success\" target=\"_self\" >Leer M\u00e1s&#8230;<\/a><\/div><\/div><\/div>\n<div class=\" pt-cv-content-item pt-cv-1-col\" ><div class=\"pt-cv-thumb-wrapper  \"><a href=\"https:\/\/gicd.inf.um.es\/csidcav\/usuario16\/dustin-henderson\/\" class=\"_self pt-cv-href-thumbnail pt-cv-thumb-default\" target=\"_self\" ><img loading=\"lazy\" decoding=\"async\" width=\"736\" height=\"736\" src=\"https:\/\/gicd.inf.um.es\/csidcav\/usuario16\/wp-content\/uploads\/2025\/12\/Dustin-Henderson-Icon-\u2661.jpg\" class=\"pt-cv-thumbnail\" alt=\"\" srcset=\"https:\/\/gicd.inf.um.es\/csidcav\/usuario16\/wp-content\/uploads\/2025\/12\/Dustin-Henderson-Icon-\u2661.jpg 736w, https:\/\/gicd.inf.um.es\/csidcav\/usuario16\/wp-content\/uploads\/2025\/12\/Dustin-Henderson-Icon-\u2661-300x300.jpg 300w, https:\/\/gicd.inf.um.es\/csidcav\/usuario16\/wp-content\/uploads\/2025\/12\/Dustin-Henderson-Icon-\u2661-150x150.jpg 150w\" sizes=\"auto, (max-width: 736px) 100vw, 736px\" \/><\/a><\/div>\n<div class=\"pt-cv-remain-wrapper\"><div class=\"pt-cv-taxoterm above_title\"><a href='https:\/\/gicd.inf.um.es\/csidcav\/usuario16\/category\/stranger-things\/' title='Stranger Things' class='pt-cv-tax-stranger-things'>Stranger Things<\/a><\/div><h4 class=\"pt-cv-title\"><a href=\"https:\/\/gicd.inf.um.es\/csidcav\/usuario16\/dustin-henderson\/\" class=\"_self\" target=\"_self\" >Dustin Henderson<\/a><\/h4><div class=\"pt-cv-content\">Nombre: Dustin Henderson Edad: 12 a 15 a\u00f1os Apodo: El bardo Descripci\u00f3n: Dustin es el miembro m\u00e1s carism\u00e1tico y optimista del grupo. Destaca por su sentido del humor, su inteligencia y su capacidad para mantener unido al grupo incluso en los momentos m\u00e1s dif\u00edciles &#8230;<\/div><div class=\"pt-cv-rmwrap\"><a href=\"https:\/\/gicd.inf.um.es\/csidcav\/usuario16\/dustin-henderson\/\" class=\"_self pt-cv-readmore btn btn-success\" target=\"_self\" >Leer M\u00e1s&#8230;<\/a><\/div><\/div><\/div>\n<div class=\" pt-cv-content-item pt-cv-1-col\" ><div class=\"pt-cv-thumb-wrapper  \"><a href=\"https:\/\/gicd.inf.um.es\/csidcav\/usuario16\/once-jane-hopper\/\" class=\"_self pt-cv-href-thumbnail pt-cv-thumb-default\" target=\"_self\" ><img loading=\"lazy\" decoding=\"async\" width=\"736\" height=\"736\" src=\"https:\/\/gicd.inf.um.es\/csidcav\/usuario16\/wp-content\/uploads\/2025\/12\/\u2605-jane-eleven-hopper-\u2014-stranger-things-icon-.jpg\" class=\"pt-cv-thumbnail\" alt=\"\" srcset=\"https:\/\/gicd.inf.um.es\/csidcav\/usuario16\/wp-content\/uploads\/2025\/12\/\u2605-jane-eleven-hopper-\u2014-stranger-things-icon-.jpg 736w, https:\/\/gicd.inf.um.es\/csidcav\/usuario16\/wp-content\/uploads\/2025\/12\/\u2605-jane-eleven-hopper-\u2014-stranger-things-icon--300x300.jpg 300w, https:\/\/gicd.inf.um.es\/csidcav\/usuario16\/wp-content\/uploads\/2025\/12\/\u2605-jane-eleven-hopper-\u2014-stranger-things-icon--150x150.jpg 150w\" sizes=\"auto, (max-width: 736px) 100vw, 736px\" \/><\/a><\/div>\n<div class=\"pt-cv-remain-wrapper\"><div class=\"pt-cv-taxoterm above_title\"><a href='https:\/\/gicd.inf.um.es\/csidcav\/usuario16\/category\/stranger-things\/' title='Stranger Things' class='pt-cv-tax-stranger-things'>Stranger Things<\/a><\/div><h4 class=\"pt-cv-title\"><a href=\"https:\/\/gicd.inf.um.es\/csidcav\/usuario16\/once-jane-hopper\/\" class=\"_self\" target=\"_self\" >Once (Jane Hopper)<\/a><\/h4><div class=\"pt-cv-content\">Nombre: Once\/Jane Hopper Edad: 12 a 15 a\u00f1os Apodo: Once (Ce) Descripci\u00f3n: Once es una chica con habilidades ps\u00edquicas criada en un laboratorio. A lo largo de la serie lucha por entender su identidad, su pasado y su lugar en el mundo, mientras utiliza sus poderes para proteger a quienes quiere &#8230;<\/div><div class=\"pt-cv-rmwrap\"><a href=\"https:\/\/gicd.inf.um.es\/csidcav\/usuario16\/once-jane-hopper\/\" class=\"_self pt-cv-readmore btn btn-success\" target=\"_self\" >Leer M\u00e1s&#8230;<\/a><\/div><\/div><\/div>\n<div class=\" pt-cv-content-item pt-cv-1-col\" ><div class=\"pt-cv-thumb-wrapper  \"><a href=\"https:\/\/gicd.inf.um.es\/csidcav\/usuario16\/max-mayfield\/\" class=\"_self pt-cv-href-thumbnail pt-cv-thumb-default\" target=\"_self\" ><img loading=\"lazy\" decoding=\"async\" width=\"659\" height=\"659\" src=\"https:\/\/gicd.inf.um.es\/csidcav\/usuario16\/wp-content\/uploads\/2025\/12\/max-mayfield-icon-2.jpg\" class=\"pt-cv-thumbnail\" alt=\"\" srcset=\"https:\/\/gicd.inf.um.es\/csidcav\/usuario16\/wp-content\/uploads\/2025\/12\/max-mayfield-icon-2.jpg 659w, https:\/\/gicd.inf.um.es\/csidcav\/usuario16\/wp-content\/uploads\/2025\/12\/max-mayfield-icon-2-300x300.jpg 300w, https:\/\/gicd.inf.um.es\/csidcav\/usuario16\/wp-content\/uploads\/2025\/12\/max-mayfield-icon-2-150x150.jpg 150w\" sizes=\"auto, (max-width: 659px) 100vw, 659px\" \/><\/a><\/div>\n<div class=\"pt-cv-remain-wrapper\"><div class=\"pt-cv-taxoterm above_title\"><a href='https:\/\/gicd.inf.um.es\/csidcav\/usuario16\/category\/stranger-things\/' title='Stranger Things' class='pt-cv-tax-stranger-things'>Stranger Things<\/a><\/div><h4 class=\"pt-cv-title\"><a href=\"https:\/\/gicd.inf.um.es\/csidcav\/usuario16\/max-mayfield\/\" class=\"_self\" target=\"_self\" >Max Mayfield<\/a><\/h4><div class=\"pt-cv-content\">Nombre: Max Mayfield Edad: 13 a 15 a\u00f1os Apodo: Mad Max Descripci\u00f3n: Max es independiente, fuerte y reservada. Se integra en el grupo aportando una personalidad m\u00e1s dura y una historia personal marcada por el trauma y la p\u00e9rdida &#8230;<\/div><div class=\"pt-cv-rmwrap\"><a href=\"https:\/\/gicd.inf.um.es\/csidcav\/usuario16\/max-mayfield\/\" class=\"_self pt-cv-readmore btn btn-success\" target=\"_self\" >Leer M\u00e1s&#8230;<\/a><\/div><\/div><\/div><\/div><\/div> <\/div> <style>\n\n#pt-cv-view-xyukq1zl .pt-cv-content-item { background-color: #751409; }#pt-cv-view-xyukq1zl .pt-cv-meta-fields {  }#pt-cv-view-xyukq1zl .pt-cv-meta-fields * { font-size: 13px; }#pt-cv-view-xyukq1zl .pt-cv-thumb-wrapper:not(.miniwrap) {  }#pt-cv-view-xyukq1zl .pt-cv-thumbnail:not(.pt-cv-thumbnailsm) { height: 250px; }#pt-cv-view-xyukq1zl .pt-cv-title a { text-align: left;display: block;color: #ffffff;border-style: none; }#pt-cv-view-xyukq1zl .pt-cv-title:not(.pt-cv-titlesm) a { font-weight: 600;text-decoration: none;font-size: 20px; }#pt-cv-view-xyukq1zl .pt-cv-titlesm a { font-weight: 600;font-size: 18px; }#pt-cv-view-xyukq1zl .pt-cv-content { color: #ffffff;font-size: 15px; }#pt-cv-view-xyukq1zl .pt-cv-rmwrap { text-align: left; }#pt-cv-view-xyukq1zl .pt-cv-readmore { color: #761309;background-color: #fff6f6;border-style: none;font-size: 14px; }#pt-cv-view-xyukq1zl .pt-cv-taxoterm {  }#pt-cv-view-xyukq1zl .pt-cv-taxoterm * { color: #761309;background-color: #fff6f6;font-size: 14px; }#pt-cv-view-xyukq1zl + .pt-cv-pagination-wrapper {  }#pt-cv-view-xyukq1zl + .pt-cv-pagination-wrapper a { font-size: 14px; }#pt-cv-view-xyukq1zl > .pt-cv-page {grid-template-columns: repeat(3, 1fr);grid-gap: 20px;}\n@media all and (max-width: 1024px) { \n#pt-cv-view-xyukq1zl > .pt-cv-page {}\n} \n@media all and (max-width: 767px) { \n#pt-cv-view-xyukq1zl > .pt-cv-page {grid-template-columns: repeat(1, 1fr);}\n} <\/style>\n\n<div class='pt-cv-wrapper'> <h3 class='pt-cv-heading-container heading1' data-blockid='poib7rm5'><span class='pt-cv-heading'>  <\/span><\/h3><div class=\"pt-cv-view pt-cv-blockgrid iscvblock iscvreal grid1 layout2\" id=\"pt-cv-view-poib7rm5\"><div data-id=\"pt-cv-page-1\" class=\"pt-cv-page\" data-cvc=\"3\"><div class=\" pt-cv-content-item pt-cv-1-col\" ><div class=\"pt-cv-thumb-wrapper  \"><a href=\"https:\/\/gicd.inf.um.es\/csidcav\/usuario16\/jonathan-byers\/\" class=\"_self pt-cv-href-thumbnail pt-cv-thumb-default\" target=\"_self\" ><img loading=\"lazy\" decoding=\"async\" width=\"640\" height=\"640\" src=\"https:\/\/gicd.inf.um.es\/csidcav\/usuario16\/wp-content\/uploads\/2025\/12\/jonathan-byers-screencap-1.jpg\" class=\"pt-cv-thumbnail\" alt=\"\" \/><\/a><\/div>\n<div class=\"pt-cv-remain-wrapper\"><div class=\"pt-cv-taxoterm above_title\"><a href='https:\/\/gicd.inf.um.es\/csidcav\/usuario16\/category\/stranger-things\/' title='Stranger Things' class='pt-cv-tax-stranger-things'>Stranger Things<\/a><\/div><h4 class=\"pt-cv-title\"><a href=\"https:\/\/gicd.inf.um.es\/csidcav\/usuario16\/jonathan-byers\/\" class=\"_self\" target=\"_self\" >Jonathan Byers<\/a><\/h4><div class=\"pt-cv-content\">Nombre: Jonathan Byers Edad: 16 a 19 a\u00f1os Apodo: El fot\u00f3grafo Descripci\u00f3n: Jonathan es introvertido, sensible y muy protector con su familia. Tiene una mirada art\u00edstica y reflexiva, y mantiene una fuerte conexi\u00f3n emocional con su hermano Will &#8230;<\/div><div class=\"pt-cv-rmwrap\"><a href=\"https:\/\/gicd.inf.um.es\/csidcav\/usuario16\/jonathan-byers\/\" class=\"_self pt-cv-readmore btn btn-success\" target=\"_self\" >Leer M\u00e1s&#8230;<\/a><\/div><\/div><\/div>\n<div class=\" pt-cv-content-item pt-cv-1-col\" ><div class=\"pt-cv-thumb-wrapper  \"><a href=\"https:\/\/gicd.inf.um.es\/csidcav\/usuario16\/jim-hopper\/\" class=\"_self pt-cv-href-thumbnail pt-cv-thumb-default\" target=\"_self\" ><img loading=\"lazy\" decoding=\"async\" width=\"640\" height=\"640\" src=\"https:\/\/gicd.inf.um.es\/csidcav\/usuario16\/wp-content\/uploads\/2025\/12\/Hopper-Icon-\u2661.jpg\" class=\"pt-cv-thumbnail\" alt=\"\" \/><\/a><\/div>\n<div class=\"pt-cv-remain-wrapper\"><div class=\"pt-cv-taxoterm above_title\"><a href='https:\/\/gicd.inf.um.es\/csidcav\/usuario16\/category\/stranger-things\/' title='Stranger Things' class='pt-cv-tax-stranger-things'>Stranger Things<\/a><\/div><h4 class=\"pt-cv-title\"><a href=\"https:\/\/gicd.inf.um.es\/csidcav\/usuario16\/jim-hopper\/\" class=\"_self\" target=\"_self\" >Jim Hopper<\/a><\/h4><div class=\"pt-cv-content\">Nombre: Jim Hopper Edad: 40 a\u00f1os Apodo: Hopp\/Hopper Descripci\u00f3n: Hopper es el jefe de polic\u00eda de Hawkins. De car\u00e1cter duro y reservado, arrastra un pasado doloroso, pero demuestra una profunda humanidad y un fuerte instinto protector, especialmente con Once &#8230;<\/div><div class=\"pt-cv-rmwrap\"><a href=\"https:\/\/gicd.inf.um.es\/csidcav\/usuario16\/jim-hopper\/\" class=\"_self pt-cv-readmore btn btn-success\" target=\"_self\" >Leer M\u00e1s&#8230;<\/a><\/div><\/div><\/div>\n<div class=\" pt-cv-content-item pt-cv-1-col\" ><div class=\"pt-cv-thumb-wrapper  \"><a href=\"https:\/\/gicd.inf.um.es\/csidcav\/usuario16\/joyce-byers\/\" class=\"_self pt-cv-href-thumbnail pt-cv-thumb-default\" target=\"_self\" ><img loading=\"lazy\" decoding=\"async\" width=\"640\" height=\"360\" src=\"https:\/\/gicd.inf.um.es\/csidcav\/usuario16\/wp-content\/uploads\/2025\/12\/Joyce.jpg\" class=\"pt-cv-thumbnail\" alt=\"\" \/><\/a><\/div>\n<div class=\"pt-cv-remain-wrapper\"><div class=\"pt-cv-taxoterm above_title\"><a href='https:\/\/gicd.inf.um.es\/csidcav\/usuario16\/category\/stranger-things\/' title='Stranger Things' class='pt-cv-tax-stranger-things'>Stranger Things<\/a><\/div><h4 class=\"pt-cv-title\"><a href=\"https:\/\/gicd.inf.um.es\/csidcav\/usuario16\/joyce-byers\/\" class=\"_self\" target=\"_self\" >Joyce Byers<\/a><\/h4><div class=\"pt-cv-content\">Nombre: Joyce Byers Edad: 40 a\u00f1os Descripci\u00f3n: oyce es una madre tenaz y decidida, dispuesta a enfrentarse a cualquier peligro para proteger a sus hijos. Su intuici\u00f3n y perseverancia son claves desde el inicio de la serie &#8230;<\/div><div class=\"pt-cv-rmwrap\"><a href=\"https:\/\/gicd.inf.um.es\/csidcav\/usuario16\/joyce-byers\/\" class=\"_self pt-cv-readmore btn btn-success\" target=\"_self\" >Leer M\u00e1s&#8230;<\/a><\/div><\/div><\/div>\n<div class=\" pt-cv-content-item pt-cv-1-col\" ><div class=\"pt-cv-thumb-wrapper  \"><a href=\"https:\/\/gicd.inf.um.es\/csidcav\/usuario16\/steve-harrington\/\" class=\"_self pt-cv-href-thumbnail pt-cv-thumb-default\" target=\"_self\" ><img loading=\"lazy\" decoding=\"async\" width=\"640\" height=\"591\" src=\"https:\/\/gicd.inf.um.es\/csidcav\/usuario16\/wp-content\/uploads\/2025\/12\/Steve-Harrington-4.jpg\" class=\"pt-cv-thumbnail\" alt=\"\" \/><\/a><\/div>\n<div class=\"pt-cv-remain-wrapper\"><div class=\"pt-cv-taxoterm above_title\"><a href='https:\/\/gicd.inf.um.es\/csidcav\/usuario16\/category\/stranger-things\/' title='Stranger Things' class='pt-cv-tax-stranger-things'>Stranger Things<\/a><\/div><h4 class=\"pt-cv-title\"><a href=\"https:\/\/gicd.inf.um.es\/csidcav\/usuario16\/steve-harrington\/\" class=\"_self\" target=\"_self\" >Steve Harrington<\/a><\/h4><div class=\"pt-cv-content\">Nombre: Steve Harrington Edad: 16 a 19 a\u00f1os Apodo: El ni\u00f1ero Descripci\u00f3n: Steve pasa de ser un personaje secundario a una figura clave del grupo. Destaca por su evoluci\u00f3n personal, su valent\u00eda y su papel protector, especialmente con los m\u00e1s j\u00f3venes &#8230;<\/div><div class=\"pt-cv-rmwrap\"><a href=\"https:\/\/gicd.inf.um.es\/csidcav\/usuario16\/steve-harrington\/\" class=\"_self pt-cv-readmore btn btn-success\" target=\"_self\" >Leer M\u00e1s&#8230;<\/a><\/div><\/div><\/div>\n<div class=\" pt-cv-content-item pt-cv-1-col\" ><div class=\"pt-cv-thumb-wrapper  \"><a href=\"https:\/\/gicd.inf.um.es\/csidcav\/usuario16\/nancy-wheeler\/\" class=\"_self pt-cv-href-thumbnail pt-cv-thumb-default\" target=\"_self\" ><img loading=\"lazy\" decoding=\"async\" width=\"640\" height=\"479\" src=\"https:\/\/gicd.inf.um.es\/csidcav\/usuario16\/wp-content\/uploads\/2025\/12\/Nancy-Wheeler-2.jpg\" class=\"pt-cv-thumbnail\" alt=\"\" \/><\/a><\/div>\n<div class=\"pt-cv-remain-wrapper\"><div class=\"pt-cv-taxoterm above_title\"><a href='https:\/\/gicd.inf.um.es\/csidcav\/usuario16\/category\/stranger-things\/' title='Stranger Things' class='pt-cv-tax-stranger-things'>Stranger Things<\/a><\/div><h4 class=\"pt-cv-title\"><a href=\"https:\/\/gicd.inf.um.es\/csidcav\/usuario16\/nancy-wheeler\/\" class=\"_self\" target=\"_self\" >Nancy Wheeler<\/a><\/h4><div class=\"pt-cv-content\">Nombre: Nancy Wheeler Edad: 15 a 18 a\u00f1os Apodo: Nanc Descripci\u00f3n: Nancy es decidida, inteligente y perseverante. Evoluciona de una adolescente convencional a una joven comprometida con descubrir la verdad y enfrentarse al peligro sin miedo &#8230;<\/div><div class=\"pt-cv-rmwrap\"><a href=\"https:\/\/gicd.inf.um.es\/csidcav\/usuario16\/nancy-wheeler\/\" class=\"_self pt-cv-readmore btn btn-success\" target=\"_self\" >Leer M\u00e1s&#8230;<\/a><\/div><\/div><\/div>\n<div class=\" pt-cv-content-item pt-cv-1-col\" ><div class=\"pt-cv-thumb-wrapper  \"><a href=\"https:\/\/gicd.inf.um.es\/csidcav\/usuario16\/max-mayfield\/\" class=\"_self pt-cv-href-thumbnail pt-cv-thumb-default\" target=\"_self\" ><img loading=\"lazy\" decoding=\"async\" width=\"640\" height=\"640\" src=\"https:\/\/gicd.inf.um.es\/csidcav\/usuario16\/wp-content\/uploads\/2025\/12\/max-mayfield-icon-2.jpg\" class=\"pt-cv-thumbnail\" alt=\"\" \/><\/a><\/div>\n<div class=\"pt-cv-remain-wrapper\"><div class=\"pt-cv-taxoterm above_title\"><a href='https:\/\/gicd.inf.um.es\/csidcav\/usuario16\/category\/stranger-things\/' title='Stranger Things' class='pt-cv-tax-stranger-things'>Stranger Things<\/a><\/div><h4 class=\"pt-cv-title\"><a href=\"https:\/\/gicd.inf.um.es\/csidcav\/usuario16\/max-mayfield\/\" class=\"_self\" target=\"_self\" >Max Mayfield<\/a><\/h4><div class=\"pt-cv-content\">Nombre: Max Mayfield Edad: 13 a 15 a\u00f1os Apodo: Mad Max Descripci\u00f3n: Max es independiente, fuerte y reservada. Se integra en el grupo aportando una personalidad m\u00e1s dura y una historia personal marcada por el trauma y la p\u00e9rdida &#8230;<\/div><div class=\"pt-cv-rmwrap\"><a href=\"https:\/\/gicd.inf.um.es\/csidcav\/usuario16\/max-mayfield\/\" class=\"_self pt-cv-readmore btn btn-success\" target=\"_self\" >Leer M\u00e1s&#8230;<\/a><\/div><\/div><\/div><\/div><\/div> <\/div> <style>\n\n#pt-cv-view-poib7rm5 .pt-cv-content-item { background-color: #761309; }#pt-cv-view-poib7rm5 .pt-cv-meta-fields {  }#pt-cv-view-poib7rm5 .pt-cv-meta-fields * { font-size: 13px; }#pt-cv-view-poib7rm5 .pt-cv-thumb-wrapper:not(.miniwrap) {  }#pt-cv-view-poib7rm5 .pt-cv-thumbnail:not(.pt-cv-thumbnailsm) { height: 250px; }#pt-cv-view-poib7rm5 .pt-cv-title a { display: block;color: #ffffff; }#pt-cv-view-poib7rm5 .pt-cv-title:not(.pt-cv-titlesm) a { font-weight: 600;text-decoration: none;font-size: 20px; }#pt-cv-view-poib7rm5 .pt-cv-titlesm a { font-weight: 600;font-size: 18px; }#pt-cv-view-poib7rm5 .pt-cv-content { color: #ffffff;font-size: 15px; }#pt-cv-view-poib7rm5 .pt-cv-rmwrap {  }#pt-cv-view-poib7rm5 .pt-cv-readmore { color: #761309;background-color: #fff6f6;font-size: 14px; }#pt-cv-view-poib7rm5 .pt-cv-taxoterm {  }#pt-cv-view-poib7rm5 .pt-cv-taxoterm * { color: #761309;background-color: #fff6f6;font-size: 14px; }#pt-cv-view-poib7rm5 + .pt-cv-pagination-wrapper {  }#pt-cv-view-poib7rm5 + .pt-cv-pagination-wrapper a { font-size: 14px; }#pt-cv-view-poib7rm5 > .pt-cv-page {grid-template-columns: repeat(3, 1fr);grid-gap: 20px;}\n@media all and (max-width: 1024px) { \n#pt-cv-view-poib7rm5 > .pt-cv-page {}\n} \n@media all and (max-width: 767px) { \n#pt-cv-view-poib7rm5 > .pt-cv-page {grid-template-columns: repeat(1, 1fr);}\n} <\/style>","protected":false},"excerpt":{"rendered":"","protected":false},"author":1,"featured_media":0,"parent":0,"menu_order":0,"comment_status":"closed","ping_status":"closed","template":"","meta":{"footnotes":""},"class_list":["post-779","page","type-page","status-publish","hentry"],"_links":{"self":[{"href":"https:\/\/gicd.inf.um.es\/csidcav\/usuario16\/wp-json\/wp\/v2\/pages\/779","targetHints":{"allow":["GET"]}}],"collection":[{"href":"https:\/\/gicd.inf.um.es\/csidcav\/usuario16\/wp-json\/wp\/v2\/pages"}],"about":[{"href":"https:\/\/gicd.inf.um.es\/csidcav\/usuario16\/wp-json\/wp\/v2\/types\/page"}],"author":[{"embeddable":true,"href":"https:\/\/gicd.inf.um.es\/csidcav\/usuario16\/wp-json\/wp\/v2\/users\/1"}],"replies":[{"embeddable":true,"href":"https:\/\/gicd.inf.um.es\/csidcav\/usuario16\/wp-json\/wp\/v2\/comments?post=779"}],"version-history":[{"count":11,"href":"https:\/\/gicd.inf.um.es\/csidcav\/usuario16\/wp-json\/wp\/v2\/pages\/779\/revisions"}],"predecessor-version":[{"id":1093,"href":"https:\/\/gicd.inf.um.es\/csidcav\/usuario16\/wp-json\/wp\/v2\/pages\/779\/revisions\/1093"}],"wp:attachment":[{"href":"https:\/\/gicd.inf.um.es\/csidcav\/usuario16\/wp-json\/wp\/v2\/media?parent=779"}],"curies":[{"name":"wp","href":"https:\/\/api.w.org\/{rel}","templated":true}]}}