{"id":335,"date":"2025-11-26T13:13:00","date_gmt":"2025-11-26T12:13:00","guid":{"rendered":"https:\/\/gicd.inf.um.es\/csidcav\/usuario27\/?page_id=335"},"modified":"2025-12-02T11:07:00","modified_gmt":"2025-12-02T10:07:00","slug":"videojuegos-dramaticos","status":"publish","type":"page","link":"https:\/\/gicd.inf.um.es\/csidcav\/usuario27\/videojuegos-dramaticos\/","title":{"rendered":"Videojuegos Dram\u00e1ticos"},"content":{"rendered":"\n<p>Los videojuegos, al igual que las series o las pel\u00edculas, tambi\u00e9n pueden contar historias cargadas de emociones, tensi\u00f3n y conflictos profundos. A trav\u00e9s de sus personajes, decisiones y escenarios, estos juegos construyen narrativas dram\u00e1ticas que logran involucrar al jugador a un nivel personal, convirtiendo cada elecci\u00f3n y cada escena en parte de una experiencia emocional \u00fanica.<\/p>\n\n\n\n<h2 class=\"wp-block-heading\">T\u00edtulos Recomendados<\/h2>\n\n\n<div class=\"pt-cv-wrapper\"><div class=\"pt-cv-view pt-cv-collapsible\" id=\"pt-cv-view-ac65b0f1hu\"><div data-id=\"pt-cv-page-1\" class=\"pt-cv-page\" data-cvc=\"1\"><div class=\"panel-group\" id=\"12c7c71o8z\"><div class=\"panel panel-default pt-cv-content-item pt-cv-1-col\" >\r\n<div class=\"panel-heading pt-cv-title\">\r\n    <a class=\"panel-title\" data-toggle=\"cvcollapse\" data-parent=\"#12c7c71o8z\" data-target=\"#a037fa0los\" href='https:\/\/gicd.inf.um.es\/csidcav\/usuario27\/beyond-two-souls\/' onclick='event.preventDefault()'>\r\n\t\tBeyond: Two Souls\t<\/a>\r\n\t<\/div>\r\n<div id=\"a037fa0los\" class=\"panel-collapse collapse \">\r\n\t<div class=\"panel-body\">\r\n\t\t<a href=\"https:\/\/gicd.inf.um.es\/csidcav\/usuario27\/beyond-two-souls\/\" class=\"_self pt-cv-href-thumbnail pt-cv-thumb-default\" target=\"_self\" ><img fetchpriority=\"high\" decoding=\"async\" width=\"2560\" height=\"1440\" src=\"https:\/\/gicd.inf.um.es\/csidcav\/usuario27\/wp-content\/uploads\/2025\/11\/Diesel_blog_beyond-two-souls-demo_BeyondTwoSouls_GDC_News_2560x1440-2560x1440-d9f5d90e18179532aeb271366ddad4e797d0ef85.jpg\" class=\"pt-cv-thumbnail\" alt=\"poster beyond\" srcset=\"https:\/\/gicd.inf.um.es\/csidcav\/usuario27\/wp-content\/uploads\/2025\/11\/Diesel_blog_beyond-two-souls-demo_BeyondTwoSouls_GDC_News_2560x1440-2560x1440-d9f5d90e18179532aeb271366ddad4e797d0ef85.jpg 2560w, https:\/\/gicd.inf.um.es\/csidcav\/usuario27\/wp-content\/uploads\/2025\/11\/Diesel_blog_beyond-two-souls-demo_BeyondTwoSouls_GDC_News_2560x1440-2560x1440-d9f5d90e18179532aeb271366ddad4e797d0ef85-300x169.jpg 300w, https:\/\/gicd.inf.um.es\/csidcav\/usuario27\/wp-content\/uploads\/2025\/11\/Diesel_blog_beyond-two-souls-demo_BeyondTwoSouls_GDC_News_2560x1440-2560x1440-d9f5d90e18179532aeb271366ddad4e797d0ef85-1024x576.jpg 1024w, https:\/\/gicd.inf.um.es\/csidcav\/usuario27\/wp-content\/uploads\/2025\/11\/Diesel_blog_beyond-two-souls-demo_BeyondTwoSouls_GDC_News_2560x1440-2560x1440-d9f5d90e18179532aeb271366ddad4e797d0ef85-768x432.jpg 768w, https:\/\/gicd.inf.um.es\/csidcav\/usuario27\/wp-content\/uploads\/2025\/11\/Diesel_blog_beyond-two-souls-demo_BeyondTwoSouls_GDC_News_2560x1440-2560x1440-d9f5d90e18179532aeb271366ddad4e797d0ef85-1536x864.jpg 1536w, https:\/\/gicd.inf.um.es\/csidcav\/usuario27\/wp-content\/uploads\/2025\/11\/Diesel_blog_beyond-two-souls-demo_BeyondTwoSouls_GDC_News_2560x1440-2560x1440-d9f5d90e18179532aeb271366ddad4e797d0ef85-2048x1152.jpg 2048w, https:\/\/gicd.inf.um.es\/csidcav\/usuario27\/wp-content\/uploads\/2025\/11\/Diesel_blog_beyond-two-souls-demo_BeyondTwoSouls_GDC_News_2560x1440-2560x1440-d9f5d90e18179532aeb271366ddad4e797d0ef85-1280x720.jpg 1280w\" sizes=\"(max-width: 2560px) 100vw, 2560px\" \/><\/a>\n<div class=\"pt-cv-taxoterm above_title\"><a href='https:\/\/gicd.inf.um.es\/csidcav\/usuario27\/category\/videojuegos\/accion-videojuegos\/' title='Acci\u00f3n' class='pt-cv-tax-accion-videojuegos'>Acci\u00f3n<\/a><a href='https:\/\/gicd.inf.um.es\/csidcav\/usuario27\/category\/videojuegos\/ciencia-ficcion-videojuegos\/' title='Ciencia Ficci\u00f3n' class='pt-cv-tax-ciencia-ficcion-videojuegos'>Ciencia Ficci\u00f3n<\/a><a href='https:\/\/gicd.inf.um.es\/csidcav\/usuario27\/category\/videojuegos\/drama-videojuegos\/' title='Drama' class='pt-cv-tax-drama-videojuegos'>Drama<\/a><a href='https:\/\/gicd.inf.um.es\/csidcav\/usuario27\/tag\/entes\/' title='Entes' class='pt-cv-tax-entes'>Entes<\/a><a href='https:\/\/gicd.inf.um.es\/csidcav\/usuario27\/tag\/fantasmas\/' title='Fantasmas' class='pt-cv-tax-fantasmas'>Fantasmas<\/a><a href='https:\/\/gicd.inf.um.es\/csidcav\/usuario27\/tag\/psicologia\/' title='Psicolog\u00eda' class='pt-cv-tax-psicologia'>Psicolog\u00eda<\/a><a href='https:\/\/gicd.inf.um.es\/csidcav\/usuario27\/category\/videojuegos\/suspense\/' title='Suspense' class='pt-cv-tax-suspense'>Suspense<\/a><a href='https:\/\/gicd.inf.um.es\/csidcav\/usuario27\/category\/videojuegos\/' title='Videojuegos' class='pt-cv-tax-videojuegos'>Videojuegos<\/a><\/div>\n<div class=\"pt-cv-content\">Beyond: Two Souls es un videojuego de drama interactivo, desarrollado por Quantic Dream y distribuido por Sony Computer Entertainment exclusivamente ...<br \/><div class=\"pt-cv-rmwrap\"><a href=\"https:\/\/gicd.inf.um.es\/csidcav\/usuario27\/beyond-two-souls\/\" class=\"_self pt-cv-readmore btn btn-success\" target=\"_self\">Leer M\u00e1s<\/a><\/div><\/div>\t<\/div>\r\n<\/div><\/div>\n<div class=\"panel panel-default pt-cv-content-item pt-cv-1-col\" >\r\n<div class=\"panel-heading pt-cv-title\">\r\n    <a class=\"panel-title\" data-toggle=\"cvcollapse\" data-parent=\"#12c7c71o8z\" data-target=\"#30aeeaev80\" href='https:\/\/gicd.inf.um.es\/csidcav\/usuario27\/cyberpunk-2077\/' onclick='event.preventDefault()'>\r\n\t\tCyberpunk 2077\u00a0\t<\/a>\r\n\t<\/div>\r\n<div id=\"30aeeaev80\" class=\"panel-collapse collapse \">\r\n\t<div class=\"panel-body\">\r\n\t\t<a href=\"https:\/\/gicd.inf.um.es\/csidcav\/usuario27\/cyberpunk-2077\/\" class=\"_self pt-cv-href-thumbnail pt-cv-thumb-default\" target=\"_self\" ><img decoding=\"async\" width=\"2000\" height=\"1000\" src=\"https:\/\/gicd.inf.um.es\/csidcav\/usuario27\/wp-content\/uploads\/2025\/11\/2x1_NSwitch2_Cyberpunk2077UE.jpg\" class=\"pt-cv-thumbnail\" alt=\"poster cyberpunk\" srcset=\"https:\/\/gicd.inf.um.es\/csidcav\/usuario27\/wp-content\/uploads\/2025\/11\/2x1_NSwitch2_Cyberpunk2077UE.jpg 2000w, https:\/\/gicd.inf.um.es\/csidcav\/usuario27\/wp-content\/uploads\/2025\/11\/2x1_NSwitch2_Cyberpunk2077UE-300x150.jpg 300w, https:\/\/gicd.inf.um.es\/csidcav\/usuario27\/wp-content\/uploads\/2025\/11\/2x1_NSwitch2_Cyberpunk2077UE-1024x512.jpg 1024w, https:\/\/gicd.inf.um.es\/csidcav\/usuario27\/wp-content\/uploads\/2025\/11\/2x1_NSwitch2_Cyberpunk2077UE-768x384.jpg 768w, https:\/\/gicd.inf.um.es\/csidcav\/usuario27\/wp-content\/uploads\/2025\/11\/2x1_NSwitch2_Cyberpunk2077UE-1536x768.jpg 1536w\" sizes=\"(max-width: 2000px) 100vw, 2000px\" \/><\/a>\n<div class=\"pt-cv-taxoterm above_title\"><a href='https:\/\/gicd.inf.um.es\/csidcav\/usuario27\/category\/videojuegos\/accion-videojuegos\/' title='Acci\u00f3n' class='pt-cv-tax-accion-videojuegos'>Acci\u00f3n<\/a><a href='https:\/\/gicd.inf.um.es\/csidcav\/usuario27\/tag\/aventura\/' title='Aventura' class='pt-cv-tax-aventura'>Aventura<\/a><a href='https:\/\/gicd.inf.um.es\/csidcav\/usuario27\/category\/videojuegos\/ciencia-ficcion-videojuegos\/' title='Ciencia Ficci\u00f3n' class='pt-cv-tax-ciencia-ficcion-videojuegos'>Ciencia Ficci\u00f3n<\/a><a href='https:\/\/gicd.inf.um.es\/csidcav\/usuario27\/tag\/cybercore\/' title='Cybercore' class='pt-cv-tax-cybercore'>Cybercore<\/a><a href='https:\/\/gicd.inf.um.es\/csidcav\/usuario27\/category\/videojuegos\/drama-videojuegos\/' title='Drama' class='pt-cv-tax-drama-videojuegos'>Drama<\/a><a href='https:\/\/gicd.inf.um.es\/csidcav\/usuario27\/category\/videojuegos\/futurista-videojuegos\/' title='Futurista' class='pt-cv-tax-futurista-videojuegos'>Futurista<\/a><a href='https:\/\/gicd.inf.um.es\/csidcav\/usuario27\/category\/videojuegos\/' title='Videojuegos' class='pt-cv-tax-videojuegos'>Videojuegos<\/a><\/div>\n<div class=\"pt-cv-content\">Cyberpunk 2077 es un juego de rol de acci\u00f3n (Action-RPG) de mundo abierto ambientado en la futurista ciudad de Night ...<br \/><div class=\"pt-cv-rmwrap\"><a href=\"https:\/\/gicd.inf.um.es\/csidcav\/usuario27\/cyberpunk-2077\/\" class=\"_self pt-cv-readmore btn btn-success\" target=\"_self\">Leer M\u00e1s<\/a><\/div><\/div>\t<\/div>\r\n<\/div><\/div>\n<div class=\"panel panel-default pt-cv-content-item pt-cv-1-col\" >\r\n<div class=\"panel-heading pt-cv-title\">\r\n    <a class=\"panel-title\" data-toggle=\"cvcollapse\" data-parent=\"#12c7c71o8z\" data-target=\"#f5f7e69fmo\" href='https:\/\/gicd.inf.um.es\/csidcav\/usuario27\/detroit-become-human\/' onclick='event.preventDefault()'>\r\n\t\tDetroit: Become Human\t<\/a>\r\n\t<\/div>\r\n<div id=\"f5f7e69fmo\" class=\"panel-collapse collapse \">\r\n\t<div class=\"panel-body\">\r\n\t\t<a href=\"https:\/\/gicd.inf.um.es\/csidcav\/usuario27\/detroit-become-human\/\" class=\"_self pt-cv-href-thumbnail pt-cv-thumb-default\" target=\"_self\" ><img decoding=\"async\" width=\"616\" height=\"353\" src=\"https:\/\/gicd.inf.um.es\/csidcav\/usuario27\/wp-content\/uploads\/2025\/11\/capsule_616x353.jpg\" class=\"pt-cv-thumbnail\" alt=\"poster dbh\" srcset=\"https:\/\/gicd.inf.um.es\/csidcav\/usuario27\/wp-content\/uploads\/2025\/11\/capsule_616x353.jpg 616w, https:\/\/gicd.inf.um.es\/csidcav\/usuario27\/wp-content\/uploads\/2025\/11\/capsule_616x353-300x172.jpg 300w\" sizes=\"(max-width: 616px) 100vw, 616px\" \/><\/a>\n<div class=\"pt-cv-taxoterm above_title\"><a href='https:\/\/gicd.inf.um.es\/csidcav\/usuario27\/category\/videojuegos\/accion-videojuegos\/' title='Acci\u00f3n' class='pt-cv-tax-accion-videojuegos'>Acci\u00f3n<\/a><a href='https:\/\/gicd.inf.um.es\/csidcav\/usuario27\/category\/videojuegos\/ciencia-ficcion-videojuegos\/' title='Ciencia Ficci\u00f3n' class='pt-cv-tax-ciencia-ficcion-videojuegos'>Ciencia Ficci\u00f3n<\/a><a href='https:\/\/gicd.inf.um.es\/csidcav\/usuario27\/tag\/detroit-become-human\/' title='Detroit: Become Human' class='pt-cv-tax-detroit-become-human'>Detroit: Become Human<\/a><a href='https:\/\/gicd.inf.um.es\/csidcav\/usuario27\/category\/videojuegos\/drama-videojuegos\/' title='Drama' class='pt-cv-tax-drama-videojuegos'>Drama<\/a><a href='https:\/\/gicd.inf.um.es\/csidcav\/usuario27\/category\/videojuegos\/futurista-videojuegos\/' title='Futurista' class='pt-cv-tax-futurista-videojuegos'>Futurista<\/a><a href='https:\/\/gicd.inf.um.es\/csidcav\/usuario27\/tag\/humanos\/' title='Humanos' class='pt-cv-tax-humanos'>Humanos<\/a><a href='https:\/\/gicd.inf.um.es\/csidcav\/usuario27\/tag\/moral\/' title='Moral' class='pt-cv-tax-moral'>Moral<\/a><a href='https:\/\/gicd.inf.um.es\/csidcav\/usuario27\/tag\/robots\/' title='Robots' class='pt-cv-tax-robots'>Robots<\/a><a href='https:\/\/gicd.inf.um.es\/csidcav\/usuario27\/category\/videojuegos\/' title='Videojuegos' class='pt-cv-tax-videojuegos'>Videojuegos<\/a><\/div>\n<div class=\"pt-cv-content\">Developer Quantic Dreams Quantic Dream es un estudio franc\u00e9s de desarrollo de videojuegos fundado en 1997 por David Cage que ...<br \/><div class=\"pt-cv-rmwrap\"><a href=\"https:\/\/gicd.inf.um.es\/csidcav\/usuario27\/detroit-become-human\/\" class=\"_self pt-cv-readmore btn btn-success\" target=\"_self\">Leer M\u00e1s<\/a><\/div><\/div>\t<\/div>\r\n<\/div><\/div>\n<div class=\"panel panel-default pt-cv-content-item pt-cv-1-col\" >\r\n<div class=\"panel-heading pt-cv-title\">\r\n    <a class=\"panel-title\" data-toggle=\"cvcollapse\" data-parent=\"#12c7c71o8z\" data-target=\"#d367f76a8k\" href='https:\/\/gicd.inf.um.es\/csidcav\/usuario27\/firewatch\/' onclick='event.preventDefault()'>\r\n\t\tFirewatch\t<\/a>\r\n\t<\/div>\r\n<div id=\"d367f76a8k\" class=\"panel-collapse collapse \">\r\n\t<div class=\"panel-body\">\r\n\t\t<a href=\"https:\/\/gicd.inf.um.es\/csidcav\/usuario27\/firewatch\/\" class=\"_self pt-cv-href-thumbnail pt-cv-thumb-default\" target=\"_self\" ><img loading=\"lazy\" decoding=\"async\" width=\"1280\" height=\"677\" src=\"https:\/\/gicd.inf.um.es\/csidcav\/usuario27\/wp-content\/uploads\/2025\/11\/1_kk_8daIbEPrjKC2X_h6b1g.jpg\" class=\"pt-cv-thumbnail\" alt=\"poster firewatch\" srcset=\"https:\/\/gicd.inf.um.es\/csidcav\/usuario27\/wp-content\/uploads\/2025\/11\/1_kk_8daIbEPrjKC2X_h6b1g.jpg 1280w, https:\/\/gicd.inf.um.es\/csidcav\/usuario27\/wp-content\/uploads\/2025\/11\/1_kk_8daIbEPrjKC2X_h6b1g-300x159.jpg 300w, https:\/\/gicd.inf.um.es\/csidcav\/usuario27\/wp-content\/uploads\/2025\/11\/1_kk_8daIbEPrjKC2X_h6b1g-1024x542.jpg 1024w, https:\/\/gicd.inf.um.es\/csidcav\/usuario27\/wp-content\/uploads\/2025\/11\/1_kk_8daIbEPrjKC2X_h6b1g-768x406.jpg 768w, https:\/\/gicd.inf.um.es\/csidcav\/usuario27\/wp-content\/uploads\/2025\/11\/1_kk_8daIbEPrjKC2X_h6b1g-720x380.jpg 720w\" sizes=\"(max-width: 1280px) 100vw, 1280px\" \/><\/a>\n<div class=\"pt-cv-taxoterm above_title\"><a href='https:\/\/gicd.inf.um.es\/csidcav\/usuario27\/category\/videojuegos\/accion-videojuegos\/' title='Acci\u00f3n' class='pt-cv-tax-accion-videojuegos'>Acci\u00f3n<\/a><a href='https:\/\/gicd.inf.um.es\/csidcav\/usuario27\/category\/videojuegos\/animacion\/' title='Animaci\u00f3n' class='pt-cv-tax-animacion'>Animaci\u00f3n<\/a><a href='https:\/\/gicd.inf.um.es\/csidcav\/usuario27\/tag\/bosque\/' title='Bosque' class='pt-cv-tax-bosque'>Bosque<\/a><a href='https:\/\/gicd.inf.um.es\/csidcav\/usuario27\/category\/videojuegos\/drama-videojuegos\/' title='Drama' class='pt-cv-tax-drama-videojuegos'>Drama<\/a><a href='https:\/\/gicd.inf.um.es\/csidcav\/usuario27\/tag\/emotivo\/' title='Emotivo' class='pt-cv-tax-emotivo'>Emotivo<\/a><a href='https:\/\/gicd.inf.um.es\/csidcav\/usuario27\/tag\/solitario\/' title='Solitario' class='pt-cv-tax-solitario'>Solitario<\/a><a href='https:\/\/gicd.inf.um.es\/csidcav\/usuario27\/category\/videojuegos\/' title='Videojuegos' class='pt-cv-tax-videojuegos'>Videojuegos<\/a><\/div>\n<div class=\"pt-cv-content\">Eres un hombre llamado Henry que se ha retirado de la vida ajetreada para trabajar de vigilante contra incendios forestales ...<br \/><div class=\"pt-cv-rmwrap\"><a href=\"https:\/\/gicd.inf.um.es\/csidcav\/usuario27\/firewatch\/\" class=\"_self pt-cv-readmore btn btn-success\" target=\"_self\">Leer M\u00e1s<\/a><\/div><\/div>\t<\/div>\r\n<\/div><\/div><\/div><\/div><\/div>\n<div class=\" pt-cv-pagination-wrapper\"><ul class=\"pt-cv-pagination pt-cv-ajax pagination\" data-totalpages=\"3\" data-currentpage=\"1\" data-sid=\"ac65b0f1hu\" data-unid=\"\" data-isblock=\"\" data-postid=\"\"><li class=\"active\"><a href=\"#\">1<\/a><\/li>\n\t<li ><a class=\"\" href=\"https:\/\/gicd.inf.um.es\/csidcav\/usuario27\/wp-json\/wp\/v2\/pages\/335\/?_page=2\">2<\/a><\/li>\n\t<li ><a class=\"\" href=\"https:\/\/gicd.inf.um.es\/csidcav\/usuario27\/wp-json\/wp\/v2\/pages\/335\/?_page=3\">3<\/a><\/li>\n\t<li ><a class=\" \" href=\"https:\/\/gicd.inf.um.es\/csidcav\/usuario27\/wp-json\/wp\/v2\/pages\/335\/?_page=2\">&rsaquo;<\/a><\/li>\n\t<\/ul><img loading=\"lazy\" decoding=\"async\" width=\"15\" height=\"15\" class=\"pt-cv-spinner\" alt=\"Cargando...\" src=\"data:image\/gif;base64,R0lGODlhDwAPALMPAMrKygwMDJOTkz09PZWVla+vr3p6euTk5M7OzuXl5TMzMwAAAJmZmWZmZszMzP\/\/\/yH\/C05FVFNDQVBFMi4wAwEAAAAh+QQFCgAPACwAAAAADwAPAAAEQvDJaZaZOIcV8iQK8VRX4iTYoAwZ4iCYoAjZ4RxejhVNoT+mRGP4cyF4Pp0N98sBGIBMEMOotl6YZ3S61Bmbkm4mAgAh+QQFCgAPACwAAAAADQANAAAENPDJSRSZeA418itN8QiK8BiLITVsFiyBBIoYqnoewAD4xPw9iY4XLGYSjkQR4UAUD45DLwIAIfkEBQoADwAsAAAAAA8ACQAABC\/wyVlamTi3nSdgwFNdhEJgTJoNyoB9ISYoQmdjiZPcj7EYCAeCF1gEDo4Dz2eIAAAh+QQFCgAPACwCAAAADQANAAAEM\/DJBxiYeLKdX3IJZT1FU0iIg2RNKx3OkZVnZ98ToRD4MyiDnkAh6BkNC0MvsAj0kMpHBAAh+QQFCgAPACwGAAAACQAPAAAEMDC59KpFDll73HkAA2wVY5KgiK5b0RRoI6MuzG6EQqCDMlSGheEhUAgqgUUAFRySIgAh+QQFCgAPACwCAAIADQANAAAEM\/DJKZNLND\/kkKaHc3xk+QAMYDKsiaqmZCxGVjSFFCxB1vwy2oOgIDxuucxAMTAJFAJNBAAh+QQFCgAPACwAAAYADwAJAAAEMNAs86q1yaWwwv2Ig0jUZx3OYa4XoRAfwADXoAwfo1+CIjyFRuEho60aSNYlOPxEAAAh+QQFCgAPACwAAAIADQANAAAENPA9s4y8+IUVcqaWJ4qEQozSoAzoIyhCK2NFU2SJk0hNnyEOhKR2AzAAj4Pj4GE4W0bkJQIAOw==\" \/><div class=\"clear pt-cv-clear-pagination\"><\/div><\/div><\/div>","protected":false},"excerpt":{"rendered":"<p>Los videojuegos, al igual que las series o las pel\u00edculas, tambi\u00e9n pueden contar historias cargadas de emociones, tensi\u00f3n y conflictos profundos. A trav\u00e9s de sus personajes, decisiones y escenarios, estos juegos construyen narrativas dram\u00e1ticas que logran involucrar al jugador a un nivel personal, convirtiendo cada elecci\u00f3n y cada escena en parte de una experiencia emocional [&hellip;]<\/p>\n","protected":false},"author":1,"featured_media":0,"parent":0,"menu_order":0,"comment_status":"closed","ping_status":"closed","template":"","meta":{"footnotes":""},"class_list":["post-335","page","type-page","status-publish","hentry"],"_links":{"self":[{"href":"https:\/\/gicd.inf.um.es\/csidcav\/usuario27\/wp-json\/wp\/v2\/pages\/335","targetHints":{"allow":["GET"]}}],"collection":[{"href":"https:\/\/gicd.inf.um.es\/csidcav\/usuario27\/wp-json\/wp\/v2\/pages"}],"about":[{"href":"https:\/\/gicd.inf.um.es\/csidcav\/usuario27\/wp-json\/wp\/v2\/types\/page"}],"author":[{"embeddable":true,"href":"https:\/\/gicd.inf.um.es\/csidcav\/usuario27\/wp-json\/wp\/v2\/users\/1"}],"replies":[{"embeddable":true,"href":"https:\/\/gicd.inf.um.es\/csidcav\/usuario27\/wp-json\/wp\/v2\/comments?post=335"}],"version-history":[{"count":20,"href":"https:\/\/gicd.inf.um.es\/csidcav\/usuario27\/wp-json\/wp\/v2\/pages\/335\/revisions"}],"predecessor-version":[{"id":717,"href":"https:\/\/gicd.inf.um.es\/csidcav\/usuario27\/wp-json\/wp\/v2\/pages\/335\/revisions\/717"}],"wp:attachment":[{"href":"https:\/\/gicd.inf.um.es\/csidcav\/usuario27\/wp-json\/wp\/v2\/media?parent=335"}],"curies":[{"name":"wp","href":"https:\/\/api.w.org\/{rel}","templated":true}]}}