{"id":463,"date":"2025-12-03T20:48:01","date_gmt":"2025-12-03T19:48:01","guid":{"rendered":"https:\/\/gicd.inf.um.es\/csidcav\/usuario40\/?page_id=463"},"modified":"2025-12-03T20:48:02","modified_gmt":"2025-12-03T19:48:02","slug":"fivel-stewart","status":"publish","type":"page","link":"https:\/\/gicd.inf.um.es\/csidcav\/usuario40\/fivel-stewart\/","title":{"rendered":"Fivel Stewart"},"content":{"rendered":"\n<figure class=\"wp-block-image size-full is-resized\"><img loading=\"lazy\" decoding=\"async\" width=\"699\" height=\"1024\" src=\"https:\/\/gicd.inf.um.es\/csidcav\/usuario40\/wp-content\/uploads\/2025\/12\/8b0b70f1b7d846d797989e12eca703a4.webp\" alt=\"\" class=\"wp-image-466\" style=\"width:300px;height:auto\" srcset=\"https:\/\/gicd.inf.um.es\/csidcav\/usuario40\/wp-content\/uploads\/2025\/12\/8b0b70f1b7d846d797989e12eca703a4.webp 699w, https:\/\/gicd.inf.um.es\/csidcav\/usuario40\/wp-content\/uploads\/2025\/12\/8b0b70f1b7d846d797989e12eca703a4-205x300.webp 205w\" sizes=\"auto, (max-width: 699px) 100vw, 699px\" \/><\/figure>\n\n\n\n<p>Fivel Stewart es una actriz y cantante estadounidense que ha llamado la atenci\u00f3n por sus papeles en cine y televisi\u00f3n. Desde joven mostr\u00f3 inclinaci\u00f3n art\u00edstica, lo que la llev\u00f3 a formarse en interpretaci\u00f3n y m\u00fasica, combinando ambas disciplinas en su carrera.<\/p>\n\n\n\n<p>Aunque su carrera comenz\u00f3 con papeles modestos, ha ido ganando visibilidad gracias a participaciones en series y pel\u00edculas variadas. Su versatilidad le permite moverse entre g\u00e9neros dram\u00e1ticos, de acci\u00f3n o comedia, lo que la convierte en una int\u00e9rprete con un perfil din\u00e1mico.<\/p>\n\n\n\n<p>Adem\u00e1s de actuar, Stewart ha explorado su faceta musical, lo que a\u00f1ade una dimensi\u00f3n creativa extra a su trayectoria: no solo interpreta personajes, sino que tambi\u00e9n se vincula al mundo de la m\u00fasica.<\/p>\n\n\n\n<h2 class=\"wp-block-heading\">TRAYECTORIA<\/h2>\n\n\n\n<p>Fivel Stewart, quien da vida a Izzie, ya ten\u00eda una trayectoria art\u00edstica antes de unirse al elenco de <em>Atypical<\/em>. Su carrera comenz\u00f3 desde muy joven, participando en producciones como <em>Hansel &amp; Gretel: Warriors of Witchcraft<\/em> y <em>Freeze<\/em>, y m\u00e1s adelante en la serie <em>T@gged<\/em>, donde interpret\u00f3 a una adolescente envuelta en un oscuro juego digital. Tras <em>Atypical<\/em>, continu\u00f3 creciendo como actriz con su papel en la serie <em>The Recruit<\/em> (Netflix), donde interpreta a Hannah Copeland, demostrando su habilidad para adaptarse a g\u00e9neros m\u00e1s adultos y de acci\u00f3n. Su interpretaci\u00f3n de Izzie consolid\u00f3 su reconocimiento internacional y la posicion\u00f3 como una actriz prometedora dentro del panorama actual.<\/p>\n","protected":false},"excerpt":{"rendered":"<p>Fivel Stewart es una actriz y cantante estadounidense que ha llamado la atenci\u00f3n por sus papeles en cine y televisi\u00f3n. Desde joven mostr\u00f3 inclinaci\u00f3n art\u00edstica, lo que la llev\u00f3 a formarse en interpretaci\u00f3n y m\u00fasica, combinando ambas disciplinas en su carrera. Aunque su carrera comenz\u00f3 con papeles modestos, ha ido ganando visibilidad gracias a participaciones [&hellip;]<\/p>\n","protected":false},"author":1,"featured_media":0,"parent":0,"menu_order":0,"comment_status":"closed","ping_status":"closed","template":"","meta":{"pgc_sgb_lightbox_settings":"","footnotes":""},"class_list":["post-463","page","type-page","status-publish","hentry"],"_links":{"self":[{"href":"https:\/\/gicd.inf.um.es\/csidcav\/usuario40\/wp-json\/wp\/v2\/pages\/463","targetHints":{"allow":["GET"]}}],"collection":[{"href":"https:\/\/gicd.inf.um.es\/csidcav\/usuario40\/wp-json\/wp\/v2\/pages"}],"about":[{"href":"https:\/\/gicd.inf.um.es\/csidcav\/usuario40\/wp-json\/wp\/v2\/types\/page"}],"author":[{"embeddable":true,"href":"https:\/\/gicd.inf.um.es\/csidcav\/usuario40\/wp-json\/wp\/v2\/users\/1"}],"replies":[{"embeddable":true,"href":"https:\/\/gicd.inf.um.es\/csidcav\/usuario40\/wp-json\/wp\/v2\/comments?post=463"}],"version-history":[{"count":1,"href":"https:\/\/gicd.inf.um.es\/csidcav\/usuario40\/wp-json\/wp\/v2\/pages\/463\/revisions"}],"predecessor-version":[{"id":467,"href":"https:\/\/gicd.inf.um.es\/csidcav\/usuario40\/wp-json\/wp\/v2\/pages\/463\/revisions\/467"}],"wp:attachment":[{"href":"https:\/\/gicd.inf.um.es\/csidcav\/usuario40\/wp-json\/wp\/v2\/media?parent=463"}],"curies":[{"name":"wp","href":"https:\/\/api.w.org\/{rel}","templated":true}]}}