{"id":220,"date":"2025-12-16T12:23:21","date_gmt":"2025-12-16T11:23:21","guid":{"rendered":"https:\/\/gicd.inf.um.es\/csidcav\/usuario42\/?page_id=220"},"modified":"2025-12-16T13:50:59","modified_gmt":"2025-12-16T12:50:59","slug":"micrositio-peaky-blinders","status":"publish","type":"page","link":"https:\/\/gicd.inf.um.es\/csidcav\/usuario42\/micrositio-peaky-blinders\/","title":{"rendered":"Micrositio: PEAKY BLINDERS"},"content":{"rendered":"\n<hr class=\"wp-block-separator has-alpha-channel-opacity is-style-wide\"\/>\n\n\n\n<p><strong>Por orden de los Peaky Blinders&#8230; \u00a1Ad\u00e9ntrate en la Gran Breta\u00f1a de posguerra!<\/strong><\/p>\n\n\n\n<p>Deja atr\u00e1s las calles aburridas y prep\u00e1rate para cruzar la l\u00ednea que divide la ambici\u00f3n y la supervivencia. Bienvenidos a la Birmingham de 1919, un lugar dominado por la niebla, el holl\u00edn y, sobre todo, por el acero afilado oculto bajo las gorras de una familia que no se detiene ante nada: <strong>los Shelby<\/strong><sup><\/sup>.<\/p>\n\n\n\n<p>M\u00e1s que una simple serie, <em>Peaky Blinders<\/em> es un <em>tour<\/em> inmersivo en el poder, la lealtad y el ascenso imparable de Thomas Shelby, un antih\u00e9roe brillante que convierte la desgracia en dominio. Cada episodio es una lecci\u00f3n magistral de estilo, estrategia y drama \u00e9pico<sup><\/sup>.<\/p>\n\n\n\n<p>En este micrositio, despojaremos las capas de humo y whisky para explorar a fondo el universo de los Peaky Blinders. Descubre los <strong>personajes<\/strong> que mueven los hilos del imperio, conoce a los <strong>actores<\/strong> que les dan vida, revisa los <strong>episodios<\/strong> clave y sum\u00e9rgete en la <strong>trivia<\/strong> m\u00e1s oscura de esta ficci\u00f3n \u00e9pica.<\/p>\n\n\n\n<p><strong>La \u00fanica regla aqu\u00ed es que no hay reglas. \u00bfEst\u00e1s listo para unirte a la familia?<\/strong><\/p>\n\n\n\n<hr class=\"wp-block-separator has-alpha-channel-opacity is-style-wide\"\/>\n\n\n\n<div class=\"wp-block-buttons is-layout-flex wp-block-buttons-is-layout-flex\">\n<div class=\"wp-block-button\"><a class=\"wp-block-button__link wp-element-button\" href=\"https:\/\/gicd.inf.um.es\/csidcav\/usuario42\/micrositio-peaky-blinders\/actores-principales-peaky-blinders\/\">PERSONAJES IMPORTANTES<\/a><\/div>\n\n\n\n<div class=\"wp-block-button\"><a class=\"wp-block-button__link wp-element-button\" href=\"https:\/\/gicd.inf.um.es\/csidcav\/usuario42\/micrositio-peaky-blinders\/episodios-clave-y-temporadas-peaky-blinders\/\">TEMPORADAS Y EPISIODIOS<\/a><\/div>\n\n\n\n<div class=\"wp-block-button\"><a class=\"wp-block-button__link wp-element-button\" href=\"https:\/\/gicd.inf.um.es\/csidcav\/usuario42\/micrositio-peaky-blinders\/trivia-y-curiosidades-peaky-blinders\/\">TRIVIA Y CURIOSIDADES<\/a><\/div>\n<\/div>\n\n\n\n<p><\/p>\n","protected":false},"excerpt":{"rendered":"<p>Por orden de los Peaky Blinders&#8230; \u00a1Ad\u00e9ntrate en la Gran Breta\u00f1a de posguerra! Deja atr\u00e1s las calles aburridas y prep\u00e1rate para cruzar la l\u00ednea que divide la ambici\u00f3n y la supervivencia. Bienvenidos a la Birmingham de 1919, un lugar dominado por la niebla, el holl\u00edn y, sobre todo, por el acero afilado oculto bajo las [&hellip;]<\/p>\n","protected":false},"author":1,"featured_media":221,"parent":0,"menu_order":0,"comment_status":"closed","ping_status":"closed","template":"","meta":{"footnotes":""},"class_list":["post-220","page","type-page","status-publish","has-post-thumbnail","hentry"],"_links":{"self":[{"href":"https:\/\/gicd.inf.um.es\/csidcav\/usuario42\/wp-json\/wp\/v2\/pages\/220","targetHints":{"allow":["GET"]}}],"collection":[{"href":"https:\/\/gicd.inf.um.es\/csidcav\/usuario42\/wp-json\/wp\/v2\/pages"}],"about":[{"href":"https:\/\/gicd.inf.um.es\/csidcav\/usuario42\/wp-json\/wp\/v2\/types\/page"}],"author":[{"embeddable":true,"href":"https:\/\/gicd.inf.um.es\/csidcav\/usuario42\/wp-json\/wp\/v2\/users\/1"}],"replies":[{"embeddable":true,"href":"https:\/\/gicd.inf.um.es\/csidcav\/usuario42\/wp-json\/wp\/v2\/comments?post=220"}],"version-history":[{"count":4,"href":"https:\/\/gicd.inf.um.es\/csidcav\/usuario42\/wp-json\/wp\/v2\/pages\/220\/revisions"}],"predecessor-version":[{"id":243,"href":"https:\/\/gicd.inf.um.es\/csidcav\/usuario42\/wp-json\/wp\/v2\/pages\/220\/revisions\/243"}],"wp:featuredmedia":[{"embeddable":true,"href":"https:\/\/gicd.inf.um.es\/csidcav\/usuario42\/wp-json\/wp\/v2\/media\/221"}],"wp:attachment":[{"href":"https:\/\/gicd.inf.um.es\/csidcav\/usuario42\/wp-json\/wp\/v2\/media?parent=220"}],"curies":[{"name":"wp","href":"https:\/\/api.w.org\/{rel}","templated":true}]}}