{"id":389,"date":"2025-11-26T22:58:32","date_gmt":"2025-11-26T21:58:32","guid":{"rendered":"https:\/\/gicd.inf.um.es\/csidcav\/usuario51\/?page_id=389"},"modified":"2025-11-26T22:58:32","modified_gmt":"2025-11-26T21:58:32","slug":"dylan-obrien","status":"publish","type":"page","link":"https:\/\/gicd.inf.um.es\/csidcav\/usuario51\/dylan-obrien\/","title":{"rendered":"Dylan O\u2019Brien"},"content":{"rendered":"\n<div class=\"wp-block-media-text is-stacked-on-mobile\" style=\"grid-template-columns:36% auto\"><figure class=\"wp-block-media-text__media\"><img loading=\"lazy\" decoding=\"async\" width=\"768\" height=\"1024\" src=\"https:\/\/gicd.inf.um.es\/csidcav\/usuario51\/wp-content\/uploads\/2025\/11\/2025_Dylan_OBrien_cropped-768x1024.jpg\" alt=\"\" class=\"wp-image-390 size-full\" srcset=\"https:\/\/gicd.inf.um.es\/csidcav\/usuario51\/wp-content\/uploads\/2025\/11\/2025_Dylan_OBrien_cropped-768x1024.jpg 768w, https:\/\/gicd.inf.um.es\/csidcav\/usuario51\/wp-content\/uploads\/2025\/11\/2025_Dylan_OBrien_cropped-225x300.jpg 225w, https:\/\/gicd.inf.um.es\/csidcav\/usuario51\/wp-content\/uploads\/2025\/11\/2025_Dylan_OBrien_cropped-1152x1536.jpg 1152w, https:\/\/gicd.inf.um.es\/csidcav\/usuario51\/wp-content\/uploads\/2025\/11\/2025_Dylan_OBrien_cropped-1537x2048.jpg 1537w, https:\/\/gicd.inf.um.es\/csidcav\/usuario51\/wp-content\/uploads\/2025\/11\/2025_Dylan_OBrien_cropped-1024x1365.jpg 1024w, https:\/\/gicd.inf.um.es\/csidcav\/usuario51\/wp-content\/uploads\/2025\/11\/2025_Dylan_OBrien_cropped.jpg 1815w\" sizes=\"auto, (max-width: 768px) 100vw, 768px\" \/><\/figure><div class=\"wp-block-media-text__content\"><\/div><\/div>\n\n\n\n<h3 class=\"wp-block-heading\">Biograf\u00eda<\/h3>\n\n\n\n<p>Dylan O\u2019Brien naci\u00f3 el 26 de agosto de 1991 en Nueva York, y se cri\u00f3 en Nueva Jersey y California. Su carrera comenz\u00f3 de manera poco convencional, creando v\u00eddeos humor\u00edsticos para YouTube que llamaron la atenci\u00f3n de representantes de casting.<\/p>\n\n\n\n<p>Su popularidad explot\u00f3 con el papel de Stiles Stilinski en <em>Teen Wolf<\/em>, donde destac\u00f3 por su carisma, improvisaci\u00f3n y capacidad para equilibrar humor y drama. Tras el \u00e9xito de la serie, dio el salto al cine como protagonista de la trilog\u00eda The Maze Runner, que lo consolid\u00f3 como actor de acci\u00f3n.<\/p>\n\n\n\n<h3 class=\"wp-block-heading\">Series y pel\u00edculas destacadas<\/h3>\n\n\n\n<ul class=\"wp-block-list\">\n<li>The Maze Runner (trilog\u00eda) <\/li>\n\n\n\n<li>American Assassin (2017) <\/li>\n\n\n\n<li>Love and Monsters (2020)<\/li>\n\n\n\n<li>The First Time (2012) <\/li>\n<\/ul>\n","protected":false},"excerpt":{"rendered":"<p>Biograf\u00eda Dylan O\u2019Brien naci\u00f3 el 26 de agosto de 1991 en Nueva York, y se cri\u00f3 en Nueva Jersey y California. Su carrera comenz\u00f3 de manera poco convencional, creando v\u00eddeos humor\u00edsticos para YouTube que llamaron la atenci\u00f3n de representantes de casting. Su popularidad explot\u00f3 con el papel de Stiles Stilinski en Teen Wolf, donde destac\u00f3 [&hellip;]<\/p>\n","protected":false},"author":1,"featured_media":0,"parent":0,"menu_order":0,"comment_status":"closed","ping_status":"closed","template":"","meta":{"pgc_sgb_lightbox_settings":"","footnotes":""},"class_list":["post-389","page","type-page","status-publish","hentry"],"_links":{"self":[{"href":"https:\/\/gicd.inf.um.es\/csidcav\/usuario51\/wp-json\/wp\/v2\/pages\/389","targetHints":{"allow":["GET"]}}],"collection":[{"href":"https:\/\/gicd.inf.um.es\/csidcav\/usuario51\/wp-json\/wp\/v2\/pages"}],"about":[{"href":"https:\/\/gicd.inf.um.es\/csidcav\/usuario51\/wp-json\/wp\/v2\/types\/page"}],"author":[{"embeddable":true,"href":"https:\/\/gicd.inf.um.es\/csidcav\/usuario51\/wp-json\/wp\/v2\/users\/1"}],"replies":[{"embeddable":true,"href":"https:\/\/gicd.inf.um.es\/csidcav\/usuario51\/wp-json\/wp\/v2\/comments?post=389"}],"version-history":[{"count":1,"href":"https:\/\/gicd.inf.um.es\/csidcav\/usuario51\/wp-json\/wp\/v2\/pages\/389\/revisions"}],"predecessor-version":[{"id":391,"href":"https:\/\/gicd.inf.um.es\/csidcav\/usuario51\/wp-json\/wp\/v2\/pages\/389\/revisions\/391"}],"wp:attachment":[{"href":"https:\/\/gicd.inf.um.es\/csidcav\/usuario51\/wp-json\/wp\/v2\/media?parent=389"}],"curies":[{"name":"wp","href":"https:\/\/api.w.org\/{rel}","templated":true}]}}