{"id":396,"date":"2025-11-26T23:08:10","date_gmt":"2025-11-26T22:08:10","guid":{"rendered":"https:\/\/gicd.inf.um.es\/csidcav\/usuario51\/?page_id=396"},"modified":"2025-11-26T23:08:10","modified_gmt":"2025-11-26T22:08:10","slug":"tyler-hoechlin","status":"publish","type":"page","link":"https:\/\/gicd.inf.um.es\/csidcav\/usuario51\/tyler-hoechlin\/","title":{"rendered":"Tyler Hoechlin"},"content":{"rendered":"\n<div class=\"wp-block-media-text is-stacked-on-mobile\" style=\"grid-template-columns:35% auto\"><figure class=\"wp-block-media-text__media\"><img loading=\"lazy\" decoding=\"async\" width=\"768\" height=\"1024\" src=\"https:\/\/gicd.inf.um.es\/csidcav\/usuario51\/wp-content\/uploads\/2025\/11\/Tyler_Hoechlin_at_MEGACON_Orlando_2025-768x1024.png\" alt=\"\" class=\"wp-image-397 size-full\" srcset=\"https:\/\/gicd.inf.um.es\/csidcav\/usuario51\/wp-content\/uploads\/2025\/11\/Tyler_Hoechlin_at_MEGACON_Orlando_2025-768x1024.png 768w, https:\/\/gicd.inf.um.es\/csidcav\/usuario51\/wp-content\/uploads\/2025\/11\/Tyler_Hoechlin_at_MEGACON_Orlando_2025-225x300.png 225w, https:\/\/gicd.inf.um.es\/csidcav\/usuario51\/wp-content\/uploads\/2025\/11\/Tyler_Hoechlin_at_MEGACON_Orlando_2025-1152x1536.png 1152w, https:\/\/gicd.inf.um.es\/csidcav\/usuario51\/wp-content\/uploads\/2025\/11\/Tyler_Hoechlin_at_MEGACON_Orlando_2025-1024x1365.png 1024w, https:\/\/gicd.inf.um.es\/csidcav\/usuario51\/wp-content\/uploads\/2025\/11\/Tyler_Hoechlin_at_MEGACON_Orlando_2025.png 1500w\" sizes=\"auto, (max-width: 768px) 100vw, 768px\" \/><\/figure><div class=\"wp-block-media-text__content\"><\/div><\/div>\n\n\n\n<h3 class=\"wp-block-heading\">Biograf\u00eda<\/h3>\n\n\n\n<p>Tyler Hoechlin naci\u00f3 el 11 de septiembre de 1987 en Corona (California). Desde ni\u00f1o compagin\u00f3 su pasi\u00f3n por la actuaci\u00f3n con el b\u00e9isbol. Su primer gran papel lleg\u00f3 muy joven, cuando protagoniz\u00f3 Road to Perdition junto a Tom Hanks, pel\u00edcula que lo puso en el mapa de Hollywood.<\/p>\n\n\n\n<p>En los \u00faltimos a\u00f1os, Hoechlin ha alcanzado reconocimiento internacional interpretando a Superman en el universo de DC , protagonizando la serie Superman &amp; Lois. <\/p>\n\n\n\n<h3 class=\"wp-block-heading\">Series y pel\u00edculas destacadas<\/h3>\n\n\n\n<ul class=\"wp-block-list\">\n<li>Superman &amp; Lois <\/li>\n\n\n\n<li>7th Heaven <\/li>\n\n\n\n<li>Road to Perdition (2002) <\/li>\n\n\n\n<li>Everybody Wants Some!! (2016) <\/li>\n<\/ul>\n","protected":false},"excerpt":{"rendered":"<p>Biograf\u00eda Tyler Hoechlin naci\u00f3 el 11 de septiembre de 1987 en Corona (California). Desde ni\u00f1o compagin\u00f3 su pasi\u00f3n por la actuaci\u00f3n con el b\u00e9isbol. Su primer gran papel lleg\u00f3 muy joven, cuando protagoniz\u00f3 Road to Perdition junto a Tom Hanks, pel\u00edcula que lo puso en el mapa de Hollywood. En los \u00faltimos a\u00f1os, Hoechlin ha [&hellip;]<\/p>\n","protected":false},"author":1,"featured_media":0,"parent":0,"menu_order":0,"comment_status":"closed","ping_status":"closed","template":"","meta":{"pgc_sgb_lightbox_settings":"","footnotes":""},"class_list":["post-396","page","type-page","status-publish","hentry"],"_links":{"self":[{"href":"https:\/\/gicd.inf.um.es\/csidcav\/usuario51\/wp-json\/wp\/v2\/pages\/396","targetHints":{"allow":["GET"]}}],"collection":[{"href":"https:\/\/gicd.inf.um.es\/csidcav\/usuario51\/wp-json\/wp\/v2\/pages"}],"about":[{"href":"https:\/\/gicd.inf.um.es\/csidcav\/usuario51\/wp-json\/wp\/v2\/types\/page"}],"author":[{"embeddable":true,"href":"https:\/\/gicd.inf.um.es\/csidcav\/usuario51\/wp-json\/wp\/v2\/users\/1"}],"replies":[{"embeddable":true,"href":"https:\/\/gicd.inf.um.es\/csidcav\/usuario51\/wp-json\/wp\/v2\/comments?post=396"}],"version-history":[{"count":1,"href":"https:\/\/gicd.inf.um.es\/csidcav\/usuario51\/wp-json\/wp\/v2\/pages\/396\/revisions"}],"predecessor-version":[{"id":398,"href":"https:\/\/gicd.inf.um.es\/csidcav\/usuario51\/wp-json\/wp\/v2\/pages\/396\/revisions\/398"}],"wp:attachment":[{"href":"https:\/\/gicd.inf.um.es\/csidcav\/usuario51\/wp-json\/wp\/v2\/media?parent=396"}],"curies":[{"name":"wp","href":"https:\/\/api.w.org\/{rel}","templated":true}]}}