{"id":346,"date":"2025-11-04T22:30:32","date_gmt":"2025-11-04T21:30:32","guid":{"rendered":"https:\/\/gicd.inf.um.es\/csidper\/usuario11\/?page_id=346"},"modified":"2025-11-27T14:09:56","modified_gmt":"2025-11-27T13:09:56","slug":"actividad-1-2","status":"publish","type":"page","link":"https:\/\/gicd.inf.um.es\/csidper\/usuario11\/actividad-1-2\/","title":{"rendered":"Actividad 1"},"content":{"rendered":"<div class=\"wp-block-image\">\n<figure class=\"aligncenter size-full\"><img loading=\"lazy\" decoding=\"async\" width=\"1920\" height=\"1080\" src=\"https:\/\/gicd.inf.um.es\/csidper\/usuario11\/wp-content\/uploads\/2025\/11\/black-and-white-newspaper-1920-x-1080-wallpaper-roqnlcxv2bzxwlst.jpg\" alt=\"\" class=\"wp-image-492\" srcset=\"https:\/\/gicd.inf.um.es\/csidper\/usuario11\/wp-content\/uploads\/2025\/11\/black-and-white-newspaper-1920-x-1080-wallpaper-roqnlcxv2bzxwlst.jpg 1920w, https:\/\/gicd.inf.um.es\/csidper\/usuario11\/wp-content\/uploads\/2025\/11\/black-and-white-newspaper-1920-x-1080-wallpaper-roqnlcxv2bzxwlst-300x169.jpg 300w, https:\/\/gicd.inf.um.es\/csidper\/usuario11\/wp-content\/uploads\/2025\/11\/black-and-white-newspaper-1920-x-1080-wallpaper-roqnlcxv2bzxwlst-1024x576.jpg 1024w, https:\/\/gicd.inf.um.es\/csidper\/usuario11\/wp-content\/uploads\/2025\/11\/black-and-white-newspaper-1920-x-1080-wallpaper-roqnlcxv2bzxwlst-768x432.jpg 768w, https:\/\/gicd.inf.um.es\/csidper\/usuario11\/wp-content\/uploads\/2025\/11\/black-and-white-newspaper-1920-x-1080-wallpaper-roqnlcxv2bzxwlst-1536x864.jpg 1536w, https:\/\/gicd.inf.um.es\/csidper\/usuario11\/wp-content\/uploads\/2025\/11\/black-and-white-newspaper-1920-x-1080-wallpaper-roqnlcxv2bzxwlst-1280x720.jpg 1280w\" sizes=\"auto, (max-width: 1920px) 100vw, 1920px\" \/><\/figure>\n<\/div>\n\n\n<p class=\"has-black-color has-text-color has-link-color has-medium-font-size wp-elements-4bbbfaf215cecf9f12b4e648f3b3d404\">Bienvenidos a nuestra secci\u00f3n de\u00a0Noticias, el espacio donde te mantenemos informado sobre los acontecimientos m\u00e1s relevantes a nivel local, nacional e internacional. Aqu\u00ed encontrar\u00e1s art\u00edculos actualizados, reportajes especiales, entrevistas exclusivas y an\u00e1lisis profundos sobre temas de actualidad, pol\u00edtica, econom\u00eda, cultura, deportes y m\u00e1s. Nuestro compromiso es ofrecerte informaci\u00f3n veraz, objetiva y de calidad, presentada de manera clara y accesible. Explora las \u00faltimas publicaciones, descubre lo que est\u00e1 marcando tendencia y mantente al d\u00eda con todo lo que ocurre en el mundo. \u00a1La noticia est\u00e1 en constante movimiento, y nosotros te la contamos!<\/p>\n\n\n\n<div class=\"wp-block-columns is-layout-flex wp-container-core-columns-is-layout-9d6595d7 wp-block-columns-is-layout-flex\">\n<div class=\"wp-block-column is-layout-flow wp-block-column-is-layout-flow\" style=\"flex-basis:229px\">\n<h2 class=\"wp-block-heading has-text-align-center has-luminous-vivid-amber-color has-text-color has-link-color wp-elements-78ba42d2117b2d698f6a169c847f66de\"><a href=\"https:\/\/gicd.inf.um.es\/csidper\/usuario11\/category\/actividad\/politica\/\" data-type=\"link\" data-id=\"https:\/\/gicd.inf.um.es\/csidper\/usuario11\/category\/actividad\/politica\/\">Pol\u00edtica<\/a><\/h2>\n\n\n\n<figure class=\"wp-block-image size-medium\"><img loading=\"lazy\" decoding=\"async\" width=\"300\" height=\"201\" src=\"https:\/\/gicd.inf.um.es\/csidper\/usuario11\/wp-content\/uploads\/2025\/11\/Afondo1E_N54-300x201.jpg\" alt=\"\" class=\"wp-image-504\" style=\"aspect-ratio:1;object-fit:cover\" srcset=\"https:\/\/gicd.inf.um.es\/csidper\/usuario11\/wp-content\/uploads\/2025\/11\/Afondo1E_N54-300x201.jpg 300w, https:\/\/gicd.inf.um.es\/csidper\/usuario11\/wp-content\/uploads\/2025\/11\/Afondo1E_N54-768x514.jpg 768w, https:\/\/gicd.inf.um.es\/csidper\/usuario11\/wp-content\/uploads\/2025\/11\/Afondo1E_N54.jpg 863w\" sizes=\"auto, (max-width: 300px) 100vw, 300px\" \/><\/figure>\n\n\n\n<p class=\"has-text-align-center\">Esta secci\u00f3n ofrece un an\u00e1lisis claro y actualizado de los acontecimientos pol\u00edticos m\u00e1s relevantes a nivel local, nacional e internacional.<\/p>\n<\/div>\n\n\n\n<div class=\"wp-block-column is-layout-flow wp-block-column-is-layout-flow\" style=\"flex-basis:229px\">\n<h2 class=\"wp-block-heading has-text-align-center has-luminous-vivid-amber-color has-text-color has-link-color wp-elements-5fb5384d2b13ce23e3cd42f797bbf1ea\"><a href=\"https:\/\/gicd.inf.um.es\/csidper\/usuario11\/category\/actividad\/economia\/\" data-type=\"link\" data-id=\"https:\/\/gicd.inf.um.es\/csidper\/usuario11\/category\/actividad\/economia\/\">Econom\u00eda<\/a><\/h2>\n\n\n\n<figure class=\"wp-block-image size-medium\"><img loading=\"lazy\" decoding=\"async\" width=\"300\" height=\"216\" src=\"https:\/\/gicd.inf.um.es\/csidper\/usuario11\/wp-content\/uploads\/2025\/11\/Economia-1-300x216.jpg\" alt=\"\" class=\"wp-image-505\" style=\"aspect-ratio:1;object-fit:cover\" srcset=\"https:\/\/gicd.inf.um.es\/csidper\/usuario11\/wp-content\/uploads\/2025\/11\/Economia-1-300x216.jpg 300w, https:\/\/gicd.inf.um.es\/csidper\/usuario11\/wp-content\/uploads\/2025\/11\/Economia-1.jpg 765w\" sizes=\"auto, (max-width: 300px) 100vw, 300px\" \/><\/figure>\n\n\n\n<p class=\"has-text-align-center\">Aqu\u00ed se presentan las noticias y tendencias m\u00e1s importantes del \u00e1mbito econ\u00f3mico, incluyendo mercados financieros. <\/p>\n<\/div>\n\n\n\n<div class=\"wp-block-column is-layout-flow wp-block-column-is-layout-flow\" style=\"flex-basis:229px\">\n<h2 class=\"wp-block-heading has-text-align-center has-luminous-vivid-amber-color has-text-color has-link-color wp-elements-1702744c4f6ac28784456371c8bcb664\"><a href=\"https:\/\/gicd.inf.um.es\/csidper\/usuario11\/category\/actividad\/sucesos\/\" data-type=\"link\" data-id=\"https:\/\/gicd.inf.um.es\/csidper\/usuario11\/category\/actividad\/sucesos\/\">Sociedad<\/a><\/h2>\n\n\n\n<figure class=\"wp-block-image size-medium\"><img loading=\"lazy\" decoding=\"async\" width=\"300\" height=\"154\" src=\"https:\/\/gicd.inf.um.es\/csidper\/usuario11\/wp-content\/uploads\/2025\/11\/sociedad-800x411-1-300x154.jpg\" alt=\"\" class=\"wp-image-506\" style=\"aspect-ratio:1;object-fit:cover\" srcset=\"https:\/\/gicd.inf.um.es\/csidper\/usuario11\/wp-content\/uploads\/2025\/11\/sociedad-800x411-1-300x154.jpg 300w, https:\/\/gicd.inf.um.es\/csidper\/usuario11\/wp-content\/uploads\/2025\/11\/sociedad-800x411-1-768x395.jpg 768w, https:\/\/gicd.inf.um.es\/csidper\/usuario11\/wp-content\/uploads\/2025\/11\/sociedad-800x411-1.jpg 800w\" sizes=\"auto, (max-width: 300px) 100vw, 300px\" \/><\/figure>\n\n\n\n<p class=\"has-text-align-center\">Se aborda temas relacionados con la sociedad y la vida cotidiana, incluyendo educaci\u00f3n, salud, cultura ciudadana, comunidad, medio ambiente y problem\u00e1ticas sociales.&nbsp;<\/p>\n<\/div>\n\n\n\n<div class=\"wp-block-column is-layout-flow wp-block-column-is-layout-flow\" style=\"flex-basis:229px\">\n<h2 class=\"wp-block-heading has-text-align-center has-luminous-vivid-amber-color has-text-color has-link-color wp-elements-ec4591d4277d2d3199a80a26ac591a8a\"><a href=\"https:\/\/gicd.inf.um.es\/csidper\/usuario11\/category\/actividad\/cultura\/\" data-type=\"link\" data-id=\"https:\/\/gicd.inf.um.es\/csidper\/usuario11\/category\/actividad\/cultura\/\">Cultura<\/a><\/h2>\n\n\n\n<figure class=\"wp-block-image size-medium\"><img loading=\"lazy\" decoding=\"async\" width=\"300\" height=\"161\" src=\"https:\/\/gicd.inf.um.es\/csidper\/usuario11\/wp-content\/uploads\/2025\/11\/EIW7KAZ42SM36GFHT3XS34QUWE.jpg-300x161.jpg\" alt=\"\" class=\"wp-image-507\" style=\"aspect-ratio:1;object-fit:cover\" srcset=\"https:\/\/gicd.inf.um.es\/csidper\/usuario11\/wp-content\/uploads\/2025\/11\/EIW7KAZ42SM36GFHT3XS34QUWE.jpg-300x161.jpg 300w, https:\/\/gicd.inf.um.es\/csidper\/usuario11\/wp-content\/uploads\/2025\/11\/EIW7KAZ42SM36GFHT3XS34QUWE.jpg.avif 414w\" sizes=\"auto, (max-width: 300px) 100vw, 300px\" \/><\/figure>\n\n\n\n<p class=\"has-text-align-center\">Esta secci\u00f3n re\u00fane informaci\u00f3n sobre manifestaciones art\u00edsticas y eventos culturales, como literatura, cine, m\u00fasica, teatro y artes visuales.<\/p>\n<\/div>\n\n\n\n<div class=\"wp-block-column is-layout-flow wp-block-column-is-layout-flow\" style=\"flex-basis:229px\">\n<h2 class=\"wp-block-heading has-text-align-center has-luminous-vivid-amber-color has-text-color has-link-color wp-elements-1bc136b9de150bc711deece39cda4136\"><a href=\"https:\/\/gicd.inf.um.es\/csidper\/usuario11\/category\/actividad\/deportes\/\">Deportes<\/a><\/h2>\n\n\n\n<figure class=\"wp-block-image size-medium\"><img loading=\"lazy\" decoding=\"async\" width=\"300\" height=\"200\" src=\"https:\/\/gicd.inf.um.es\/csidper\/usuario11\/wp-content\/uploads\/2025\/11\/abono-deportivo-300x200.jpg\" alt=\"\" class=\"wp-image-545\" style=\"aspect-ratio:1;object-fit:cover\" srcset=\"https:\/\/gicd.inf.um.es\/csidper\/usuario11\/wp-content\/uploads\/2025\/11\/abono-deportivo-300x200.jpg 300w, https:\/\/gicd.inf.um.es\/csidper\/usuario11\/wp-content\/uploads\/2025\/11\/abono-deportivo.jpg 768w\" sizes=\"auto, (max-width: 300px) 100vw, 300px\" \/><\/figure>\n\n\n\n<p class=\"has-text-align-center\">Ofrecemos una cobertura completa de los acontecimientos deportivos m\u00e1s destacados, desde competiciones locales hasta eventos internacionales.&nbsp;<\/p>\n<\/div>\n<\/div>\n\n\n\n<div class=\"wp-block-cover alignfull is-light has-parallax\"><div class=\"wp-block-cover__image-background wp-image-511 size-full has-parallax\" style=\"background-position:50% 50%;background-image:url(https:\/\/gicd.inf.um.es\/csidper\/usuario11\/wp-content\/uploads\/2025\/11\/portadas-periodicos.jpg)\"><\/div><span aria-hidden=\"true\" class=\"wp-block-cover__background has-black-background-color has-background-dim-10 has-background-dim\"><\/span><div class=\"wp-block-cover__inner-container is-layout-constrained wp-block-cover-is-layout-constrained\">\n<p class=\"has-text-align-center has-white-color has-luminous-vivid-amber-background-color has-text-color has-background has-link-color has-medium-font-size wp-elements-058604e7f96153e7928f3a2409bd8cb0\"><strong>\u201cTu ventana al mundo, en un solo clic.\u201d<\/strong><\/p>\n<\/div><\/div>\n","protected":false},"excerpt":{"rendered":"<p>Bienvenidos a nuestra secci\u00f3n de\u00a0Noticias, el espacio donde te mantenemos informado sobre los acontecimientos m\u00e1s relevantes a nivel local, nacional e internacional. Aqu\u00ed encontrar\u00e1s art\u00edculos actualizados, reportajes especiales, entrevistas exclusivas y an\u00e1lisis profundos sobre temas de actualidad, pol\u00edtica, econom\u00eda, cultura, deportes y m\u00e1s. Nuestro compromiso es ofrecerte informaci\u00f3n veraz, objetiva y de calidad, presentada de [&hellip;]<\/p>\n","protected":false},"author":1,"featured_media":0,"parent":0,"menu_order":0,"comment_status":"closed","ping_status":"closed","template":"","meta":{"footnotes":""},"class_list":["post-346","page","type-page","status-publish","hentry"],"_links":{"self":[{"href":"https:\/\/gicd.inf.um.es\/csidper\/usuario11\/wp-json\/wp\/v2\/pages\/346","targetHints":{"allow":["GET"]}}],"collection":[{"href":"https:\/\/gicd.inf.um.es\/csidper\/usuario11\/wp-json\/wp\/v2\/pages"}],"about":[{"href":"https:\/\/gicd.inf.um.es\/csidper\/usuario11\/wp-json\/wp\/v2\/types\/page"}],"author":[{"embeddable":true,"href":"https:\/\/gicd.inf.um.es\/csidper\/usuario11\/wp-json\/wp\/v2\/users\/1"}],"replies":[{"embeddable":true,"href":"https:\/\/gicd.inf.um.es\/csidper\/usuario11\/wp-json\/wp\/v2\/comments?post=346"}],"version-history":[{"count":25,"href":"https:\/\/gicd.inf.um.es\/csidper\/usuario11\/wp-json\/wp\/v2\/pages\/346\/revisions"}],"predecessor-version":[{"id":679,"href":"https:\/\/gicd.inf.um.es\/csidper\/usuario11\/wp-json\/wp\/v2\/pages\/346\/revisions\/679"}],"wp:attachment":[{"href":"https:\/\/gicd.inf.um.es\/csidper\/usuario11\/wp-json\/wp\/v2\/media?parent=346"}],"curies":[{"name":"wp","href":"https:\/\/api.w.org\/{rel}","templated":true}]}}