{"id":314,"date":"2025-11-18T17:34:33","date_gmt":"2025-11-18T16:34:33","guid":{"rendered":"https:\/\/gicd.inf.um.es\/csidper\/usuario33\/?page_id=314"},"modified":"2026-03-17T17:05:37","modified_gmt":"2026-03-17T16:05:37","slug":"inicio-2","status":"publish","type":"page","link":"https:\/\/gicd.inf.um.es\/csidper\/usuario33\/inicio-2\/","title":{"rendered":"Actividad 1"},"content":{"rendered":"\n<p>Bienvenido a tu web de confianza, tu espacio de referencia para estar al d\u00eda de la actualidad. Aqu\u00ed encontrar\u00e1s noticias de \u00faltima hora, an\u00e1lisis y reportajes en deportes, cultura, sanidad y m\u00e1s, con informaci\u00f3n veraz y rigurosa para mantenerte siempre informado de lo que realmente importa.<\/p>\n\n\n\n<div style=\"height:50px\" aria-hidden=\"true\" class=\"wp-block-spacer\"><\/div>\n\n\n\n<div class=\"wp-block-columns alignwide is-layout-flex wp-container-core-columns-is-layout-9d6595d7 wp-block-columns-is-layout-flex\">\n<div class=\"wp-block-column is-layout-flow wp-block-column-is-layout-flow\">\n<div class=\"wp-block-buttons alignwide is-content-justification-center is-layout-flex wp-container-core-buttons-is-layout-16018d1d wp-block-buttons-is-layout-flex\">\n<div class=\"wp-block-button\"><a class=\"wp-block-button__link has-text-align-center wp-element-button\" href=\"https:\/\/gicd.inf.um.es\/csidper\/usuario33\/category\/actividad-1\/deportes\/\">DEPORTES<\/a><\/div>\n<\/div>\n\n\n\n<div style=\"height:30px\" aria-hidden=\"true\" class=\"wp-block-spacer\"><\/div>\n\n\n\n<figure class=\"wp-block-image size-medium\"><img loading=\"lazy\" decoding=\"async\" width=\"300\" height=\"169\" src=\"https:\/\/gicd.inf.um.es\/csidper\/usuario33\/wp-content\/uploads\/2025\/11\/descarga-1-1-300x169.jpeg\" alt=\"Deportes \" class=\"wp-image-438\" style=\"aspect-ratio:1;object-fit:cover\" srcset=\"https:\/\/gicd.inf.um.es\/csidper\/usuario33\/wp-content\/uploads\/2025\/11\/descarga-1-1-300x169.jpeg 300w, https:\/\/gicd.inf.um.es\/csidper\/usuario33\/wp-content\/uploads\/2025\/11\/descarga-1-1-1024x576.jpeg 1024w, https:\/\/gicd.inf.um.es\/csidper\/usuario33\/wp-content\/uploads\/2025\/11\/descarga-1-1-768x432.jpeg 768w, https:\/\/gicd.inf.um.es\/csidper\/usuario33\/wp-content\/uploads\/2025\/11\/descarga-1-1-1536x864.jpeg 1536w, https:\/\/gicd.inf.um.es\/csidper\/usuario33\/wp-content\/uploads\/2025\/11\/descarga-1-1-1280x720.jpeg 1280w, https:\/\/gicd.inf.um.es\/csidper\/usuario33\/wp-content\/uploads\/2025\/11\/descarga-1-1.jpeg 1920w\" sizes=\"auto, (max-width: 300px) 100vw, 300px\" \/><\/figure>\n\n\n\n<div style=\"height:15px\" aria-hidden=\"true\" class=\"wp-block-spacer\"><\/div>\n\n\n\n<p>Resultados, an\u00e1lisis y las \u00faltimas novedades del mundo deportivo. F\u00fatbol, baloncesto, motor y mucho m\u00e1s, con la emoci\u00f3n de cada jugada y cada victoria.<\/p>\n<\/div>\n\n\n\n<div class=\"wp-block-column is-layout-flow wp-block-column-is-layout-flow\">\n<div class=\"wp-block-buttons alignfull is-content-justification-center is-layout-flex wp-container-core-buttons-is-layout-16018d1d wp-block-buttons-is-layout-flex\">\n<div class=\"wp-block-button\"><a class=\"wp-block-button__link wp-element-button\" href=\"https:\/\/gicd.inf.um.es\/csidper\/usuario33\/category\/actividad-1\/cultura\/\">CULTURA<\/a><\/div>\n<\/div>\n\n\n\n<div style=\"height:30px\" aria-hidden=\"true\" class=\"wp-block-spacer\"><\/div>\n\n\n\n<figure class=\"wp-block-image size-medium\"><img loading=\"lazy\" decoding=\"async\" width=\"300\" height=\"200\" src=\"https:\/\/gicd.inf.um.es\/csidper\/usuario33\/wp-content\/uploads\/2025\/11\/culturaidea-300x200.jpg\" alt=\"Cultura\" class=\"wp-image-439\" style=\"aspect-ratio:1;object-fit:cover\" srcset=\"https:\/\/gicd.inf.um.es\/csidper\/usuario33\/wp-content\/uploads\/2025\/11\/culturaidea-300x200.jpg 300w, https:\/\/gicd.inf.um.es\/csidper\/usuario33\/wp-content\/uploads\/2025\/11\/culturaidea.jpg 520w\" sizes=\"auto, (max-width: 300px) 100vw, 300px\" \/><\/figure>\n\n\n\n<div style=\"height:15px\" aria-hidden=\"true\" class=\"wp-block-spacer\"><\/div>\n\n\n\n<p>Arte, m\u00fasica, cine y todo lo que mueve la creatividad. Descubre tendencias, eventos y las historias que dan forma a nuestra vida cultural.<\/p>\n<\/div>\n\n\n\n<div class=\"wp-block-column is-layout-flow wp-block-column-is-layout-flow\">\n<div class=\"wp-block-buttons is-content-justification-center is-layout-flex wp-container-core-buttons-is-layout-16018d1d wp-block-buttons-is-layout-flex\">\n<div class=\"wp-block-button\"><a class=\"wp-block-button__link wp-element-button\" href=\"https:\/\/gicd.inf.um.es\/csidper\/usuario33\/category\/actividad-1\/sanidad\/\">SANIDAD<\/a><\/div>\n<\/div>\n\n\n\n<div style=\"height:30px\" aria-hidden=\"true\" class=\"wp-block-spacer\"><\/div>\n\n\n\n<figure class=\"wp-block-image size-medium\"><img loading=\"lazy\" decoding=\"async\" width=\"300\" height=\"225\" src=\"https:\/\/gicd.inf.um.es\/csidper\/usuario33\/wp-content\/uploads\/2025\/11\/f.elconfidencial.com_original_d2f_cd7_dee_d2fcd7dee6f6c0210461e3d05bdb7300-300x225.jpg\" alt=\"Sanidad\" class=\"wp-image-440\" style=\"aspect-ratio:1;object-fit:cover\" srcset=\"https:\/\/gicd.inf.um.es\/csidper\/usuario33\/wp-content\/uploads\/2025\/11\/f.elconfidencial.com_original_d2f_cd7_dee_d2fcd7dee6f6c0210461e3d05bdb7300-300x225.jpg 300w, https:\/\/gicd.inf.um.es\/csidper\/usuario33\/wp-content\/uploads\/2025\/11\/f.elconfidencial.com_original_d2f_cd7_dee_d2fcd7dee6f6c0210461e3d05bdb7300-1024x768.jpg 1024w, https:\/\/gicd.inf.um.es\/csidper\/usuario33\/wp-content\/uploads\/2025\/11\/f.elconfidencial.com_original_d2f_cd7_dee_d2fcd7dee6f6c0210461e3d05bdb7300-768x576.jpg 768w, https:\/\/gicd.inf.um.es\/csidper\/usuario33\/wp-content\/uploads\/2025\/11\/f.elconfidencial.com_original_d2f_cd7_dee_d2fcd7dee6f6c0210461e3d05bdb7300.jpg 1200w\" sizes=\"auto, (max-width: 300px) 100vw, 300px\" \/><\/figure>\n\n\n\n<div style=\"height:15px\" aria-hidden=\"true\" class=\"wp-block-spacer\"><\/div>\n\n\n\n<p>Actualidad sanitaria, avances m\u00e9dicos y consejos de bienestar. Informaci\u00f3n rigurosa y actual para entender qu\u00e9 afecta hoy a nuestra salud.<\/p>\n<\/div>\n<\/div>\n\n\n\n<div class=\"wp-block-cover alignfull has-parallax\"><div role=\"img\" aria-label=\"Promociones\" class=\"wp-block-cover__image-background wp-image-445 size-large has-parallax\" style=\"background-position:50% 50%;background-image:url(https:\/\/gicd.inf.um.es\/csidper\/usuario33\/wp-content\/uploads\/2025\/11\/amazon-1024x683.jpg)\"><\/div><span aria-hidden=\"true\" class=\"wp-block-cover__background has-background-dim-10 has-background-dim\" style=\"background-color:#456577\"><\/span><div class=\"wp-block-cover__inner-container is-layout-constrained wp-block-cover-is-layout-constrained\">\n<p class=\"has-text-align-left has-white-color has-text-color has-link-color has-large-font-size wp-elements-8b746375eab03598f7e3b1cf5156d0c7\">Utiliza nuestras ventajas<\/p>\n\n\n\n<p class=\"has-text-align-left has-white-color has-text-color has-link-color has-large-font-size wp-elements-a94293701bb2409045bf1a024ba45438\">Usa el c\u00f3digo<\/p>\n\n\n\n<p class=\"has-text-align-left has-white-color has-text-color has-link-color has-x-large-font-size wp-elements-9f21500835cf805a1c9863fb3e0fbf88\">Descuento15<\/p>\n<\/div><\/div>\n\n\n\n<p><\/p>\n","protected":false},"excerpt":{"rendered":"<p>Bienvenido a tu web de confianza, tu espacio de referencia para estar al d\u00eda de la actualidad. Aqu\u00ed encontrar\u00e1s noticias de \u00faltima hora, an\u00e1lisis y reportajes en deportes, cultura, sanidad y m\u00e1s, con informaci\u00f3n veraz y rigurosa para mantenerte siempre informado de lo que realmente importa. Resultados, an\u00e1lisis y las \u00faltimas novedades del mundo deportivo. [&hellip;]<\/p>\n","protected":false},"author":1,"featured_media":524,"parent":0,"menu_order":0,"comment_status":"closed","ping_status":"closed","template":"","meta":{"footnotes":""},"class_list":["post-314","page","type-page","status-publish","has-post-thumbnail","hentry"],"_links":{"self":[{"href":"https:\/\/gicd.inf.um.es\/csidper\/usuario33\/wp-json\/wp\/v2\/pages\/314","targetHints":{"allow":["GET"]}}],"collection":[{"href":"https:\/\/gicd.inf.um.es\/csidper\/usuario33\/wp-json\/wp\/v2\/pages"}],"about":[{"href":"https:\/\/gicd.inf.um.es\/csidper\/usuario33\/wp-json\/wp\/v2\/types\/page"}],"author":[{"embeddable":true,"href":"https:\/\/gicd.inf.um.es\/csidper\/usuario33\/wp-json\/wp\/v2\/users\/1"}],"replies":[{"embeddable":true,"href":"https:\/\/gicd.inf.um.es\/csidper\/usuario33\/wp-json\/wp\/v2\/comments?post=314"}],"version-history":[{"count":15,"href":"https:\/\/gicd.inf.um.es\/csidper\/usuario33\/wp-json\/wp\/v2\/pages\/314\/revisions"}],"predecessor-version":[{"id":534,"href":"https:\/\/gicd.inf.um.es\/csidper\/usuario33\/wp-json\/wp\/v2\/pages\/314\/revisions\/534"}],"wp:featuredmedia":[{"embeddable":true,"href":"https:\/\/gicd.inf.um.es\/csidper\/usuario33\/wp-json\/wp\/v2\/media\/524"}],"wp:attachment":[{"href":"https:\/\/gicd.inf.um.es\/csidper\/usuario33\/wp-json\/wp\/v2\/media?parent=314"}],"curies":[{"name":"wp","href":"https:\/\/api.w.org\/{rel}","templated":true}]}}