{"id":570,"date":"2026-02-03T16:59:31","date_gmt":"2026-02-03T15:59:31","guid":{"rendered":"https:\/\/gicd.inf.um.es\/csidper\/usuario33\/newsletter\/"},"modified":"2026-02-03T16:59:31","modified_gmt":"2026-02-03T15:59:31","slug":"newsletter","status":"publish","type":"page","link":"https:\/\/gicd.inf.um.es\/csidper\/usuario33\/newsletter\/","title":{"rendered":"Newsletter"},"content":{"rendered":"<p>\u201cSeries \u00e9picas es un bolet\u00edn de noticias sobre cosas \u00e9picas\u201d.<\/p>\n","protected":false},"excerpt":{"rendered":"","protected":false},"author":1,"featured_media":0,"parent":0,"menu_order":0,"comment_status":"closed","ping_status":"closed","template":"","meta":{"footnotes":""},"class_list":["post-570","page","type-page","status-publish","hentry"],"_links":{"self":[{"href":"https:\/\/gicd.inf.um.es\/csidper\/usuario33\/wp-json\/wp\/v2\/pages\/570","targetHints":{"allow":["GET"]}}],"collection":[{"href":"https:\/\/gicd.inf.um.es\/csidper\/usuario33\/wp-json\/wp\/v2\/pages"}],"about":[{"href":"https:\/\/gicd.inf.um.es\/csidper\/usuario33\/wp-json\/wp\/v2\/types\/page"}],"author":[{"embeddable":true,"href":"https:\/\/gicd.inf.um.es\/csidper\/usuario33\/wp-json\/wp\/v2\/users\/1"}],"replies":[{"embeddable":true,"href":"https:\/\/gicd.inf.um.es\/csidper\/usuario33\/wp-json\/wp\/v2\/comments?post=570"}],"version-history":[{"count":1,"href":"https:\/\/gicd.inf.um.es\/csidper\/usuario33\/wp-json\/wp\/v2\/pages\/570\/revisions"}],"predecessor-version":[{"id":572,"href":"https:\/\/gicd.inf.um.es\/csidper\/usuario33\/wp-json\/wp\/v2\/pages\/570\/revisions\/572"}],"wp:attachment":[{"href":"https:\/\/gicd.inf.um.es\/csidper\/usuario33\/wp-json\/wp\/v2\/media?parent=570"}],"curies":[{"name":"wp","href":"https:\/\/api.w.org\/{rel}","templated":true}]}}