{"id":40,"date":"2025-11-13T19:47:51","date_gmt":"2025-11-13T18:47:51","guid":{"rendered":"https:\/\/gicd.inf.um.es\/csidper\/usuario49\/?page_id=40"},"modified":"2026-02-05T19:50:52","modified_gmt":"2026-02-05T18:50:52","slug":"inicio-2","status":"publish","type":"page","link":"https:\/\/gicd.inf.um.es\/csidper\/usuario49\/","title":{"rendered":"Series \u00c9picas"},"content":{"rendered":"\n<p>Te damos la bienvenida a Series \u00c9picas, donde te ofrecemos informaci\u00f3n sobre series y productos relacionados con ellas. Pensamos que todo lo que nos rodea habla de nosotros, nos diferencia, y es una peque\u00f1a extensi\u00f3n de nuestra personalidad.<\/p>\n\n\n\n<div style=\"height:50px\" aria-hidden=\"true\" class=\"wp-block-spacer\"><\/div>\n\n\n\n<div class=\"wp-block-columns is-layout-flex wp-container-core-columns-is-layout-9d6595d7 wp-block-columns-is-layout-flex\">\n<div class=\"wp-block-column is-layout-flow wp-block-column-is-layout-flow\">\n<h2 class=\"wp-block-heading\">Regalos \u00e9picos<\/h2>\n\n\n\n<figure class=\"wp-block-image size-full\"><img loading=\"lazy\" decoding=\"async\" width=\"800\" height=\"600\" src=\"https:\/\/gicd.inf.um.es\/csidper\/usuario49\/wp-content\/uploads\/2025\/11\/regalos-1.jpg\" alt=\"Regalos \u00c9picos\" class=\"wp-image-23\" style=\"aspect-ratio:1;object-fit:cover\" srcset=\"https:\/\/gicd.inf.um.es\/csidper\/usuario49\/wp-content\/uploads\/2025\/11\/regalos-1.jpg 800w, https:\/\/gicd.inf.um.es\/csidper\/usuario49\/wp-content\/uploads\/2025\/11\/regalos-1-300x225.jpg 300w, https:\/\/gicd.inf.um.es\/csidper\/usuario49\/wp-content\/uploads\/2025\/11\/regalos-1-768x576.jpg 768w\" sizes=\"auto, (max-width: 800px) 100vw, 800px\" \/><\/figure>\n\n\n\n<p>Te ofrecemos Funkos POP, moda, hogar\u2026 Todo el Universo Friki en un \u00fanico sitio y con los mejores precios para que disfrutes a tope.<\/p>\n<\/div>\n\n\n\n<div class=\"wp-block-column is-layout-flow wp-block-column-is-layout-flow\">\n<h2 class=\"wp-block-heading\">Figuras<\/h2>\n\n\n\n<figure class=\"wp-block-image size-full\"><img loading=\"lazy\" decoding=\"async\" width=\"600\" height=\"600\" src=\"https:\/\/gicd.inf.um.es\/csidper\/usuario49\/wp-content\/uploads\/2025\/11\/figuras-stranger-things.jpg\" alt=\"Figuras\" class=\"wp-image-9\" style=\"aspect-ratio:1;object-fit:cover\" srcset=\"https:\/\/gicd.inf.um.es\/csidper\/usuario49\/wp-content\/uploads\/2025\/11\/figuras-stranger-things.jpg 600w, https:\/\/gicd.inf.um.es\/csidper\/usuario49\/wp-content\/uploads\/2025\/11\/figuras-stranger-things-300x300.jpg 300w, https:\/\/gicd.inf.um.es\/csidper\/usuario49\/wp-content\/uploads\/2025\/11\/figuras-stranger-things-150x150.jpg 150w\" sizes=\"auto, (max-width: 600px) 100vw, 600px\" \/><\/figure>\n\n\n\n<p>Aqu\u00ed tenemos figuras para todos los gustos. No importa de qu\u00e9 seas fan, seguro que tenemos algo a lo que no podr\u00e1s resistirte.<\/p>\n<\/div>\n\n\n\n<div class=\"wp-block-column is-layout-flow wp-block-column-is-layout-flow\">\n<h2 class=\"wp-block-heading\">Moda<\/h2>\n\n\n\n<figure class=\"wp-block-image size-large\"><img loading=\"lazy\" decoding=\"async\" width=\"1024\" height=\"1024\" src=\"https:\/\/gicd.inf.um.es\/csidper\/usuario49\/wp-content\/uploads\/2025\/11\/camisetas-breaking-bad-1024x1024.jpg\" alt=\"Moda\" class=\"wp-image-7\" srcset=\"https:\/\/gicd.inf.um.es\/csidper\/usuario49\/wp-content\/uploads\/2025\/11\/camisetas-breaking-bad-1024x1024.jpg 1024w, https:\/\/gicd.inf.um.es\/csidper\/usuario49\/wp-content\/uploads\/2025\/11\/camisetas-breaking-bad-300x300.jpg 300w, https:\/\/gicd.inf.um.es\/csidper\/usuario49\/wp-content\/uploads\/2025\/11\/camisetas-breaking-bad-150x150.jpg 150w, https:\/\/gicd.inf.um.es\/csidper\/usuario49\/wp-content\/uploads\/2025\/11\/camisetas-breaking-bad-768x768.jpg 768w, https:\/\/gicd.inf.um.es\/csidper\/usuario49\/wp-content\/uploads\/2025\/11\/camisetas-breaking-bad.jpg 1080w\" sizes=\"auto, (max-width: 1024px) 100vw, 1024px\" \/><\/figure>\n\n\n\n<p>\u00bfQui\u00e9n dice que ser friki est\u00e1 re\u00f1ido con ir a la moda? Nosotros no estamos de acuerdo y te lo demostramos con esta secci\u00f3n.<\/p>\n<\/div>\n\n\n\n<div class=\"wp-block-column is-layout-flow wp-block-column-is-layout-flow\">\n<h2 class=\"wp-block-heading\">Complementos<\/h2>\n\n\n\n<figure class=\"wp-block-gallery has-nested-images columns-default is-cropped wp-block-gallery-1 is-layout-flex wp-block-gallery-is-layout-flex\">\n<figure class=\"wp-block-image size-large\"><img loading=\"lazy\" decoding=\"async\" width=\"1024\" height=\"1024\" data-id=\"43\" src=\"https:\/\/gicd.inf.um.es\/csidper\/usuario49\/wp-content\/uploads\/2025\/11\/complementos-1-1024x1024.jpg\" alt=\"\" class=\"wp-image-43\" srcset=\"https:\/\/gicd.inf.um.es\/csidper\/usuario49\/wp-content\/uploads\/2025\/11\/complementos-1-1024x1024.jpg 1024w, https:\/\/gicd.inf.um.es\/csidper\/usuario49\/wp-content\/uploads\/2025\/11\/complementos-1-300x300.jpg 300w, https:\/\/gicd.inf.um.es\/csidper\/usuario49\/wp-content\/uploads\/2025\/11\/complementos-1-150x150.jpg 150w, https:\/\/gicd.inf.um.es\/csidper\/usuario49\/wp-content\/uploads\/2025\/11\/complementos-1-768x768.jpg 768w, https:\/\/gicd.inf.um.es\/csidper\/usuario49\/wp-content\/uploads\/2025\/11\/complementos-1.jpg 1080w\" sizes=\"auto, (max-width: 1024px) 100vw, 1024px\" \/><\/figure>\n<\/figure>\n\n\n\n<p>Todo friki que se precie debe complementar su vida diaria con los accesorios frikis y aqu\u00ed te los ofrecemos absolutamente todos.<\/p>\n<\/div>\n<\/div>\n\n\n\n<div style=\"padding:20px\" class=\"wp-block-tnp-minimal\"><p>Subscribe to our newsletter!<\/p><div><div class=\"tnp tnp-subscription-minimal  \"><form action=\"https:\/\/gicd.inf.um.es\/csidper\/usuario49\/wp-admin\/admin-ajax.php?action=tnp&amp;na=s\" method=\"post\" style=\"text-align: center\"><input type=\"hidden\" name=\"nr\" value=\"minimal\">\n<input type=\"hidden\" name=\"nlang\" value=\"\">\n<input class=\"tnp-email\" type=\"email\" required name=\"ne\" value=\"\" placeholder=\"Correo electr\u00f3nico\"><input class=\"tnp-submit\" type=\"submit\" value=\"\u00a1Me quiero apuntar!\" style=\"\">\n<div class=\"tnp-field tnp-privacy-field\"><label><input type=\"checkbox\" name=\"ny\" required class=\"tnp-privacy\"> Acepto la pol\u00edtica de privacidad<\/label><\/div><\/form><\/div>\n<\/div><\/div>\n\n\n\n<div class=\"wp-block-columns is-layout-flex wp-container-core-columns-is-layout-9d6595d7 wp-block-columns-is-layout-flex\">\n<div class=\"wp-block-column is-vertically-aligned-bottom is-layout-flow wp-block-column-is-layout-flow\">\n<div class=\"wp-block-cover is-light has-parallax\"><div class=\"wp-block-cover__image-background wp-image-10 has-parallax\" style=\"background-position:50% 50%;background-image:url(https:\/\/gicd.inf.um.es\/csidper\/usuario49\/wp-content\/uploads\/2025\/11\/hombre-con-capa-1024x427.png)\"><\/div><span aria-hidden=\"true\" class=\"wp-block-cover__background has-black-background-color has-background-dim-10 has-background-dim\"><\/span><div class=\"wp-block-cover__inner-container is-layout-flow wp-block-cover-is-layout-flow\">\n<p class=\"has-text-align-left has-x-large-font-size\"><strong>Aprovecha nuestros descuentos<\/strong><\/p>\n\n\n\n<p>Usa el c\u00f3digo<\/p>\n\n\n\n<p><strong>DESCUENTO20<\/strong><\/p>\n<\/div><\/div>\n<\/div>\n<\/div>\n","protected":false},"excerpt":{"rendered":"<p>Te damos la bienvenida a Series \u00c9picas, donde te ofrecemos informaci\u00f3n sobre series y productos relacionados con ellas. Pensamos que todo lo que nos rodea habla de nosotros, nos diferencia, y es una peque\u00f1a extensi\u00f3n de nuestra personalidad. Regalos \u00e9picos Te ofrecemos Funkos POP, moda, hogar\u2026 Todo el Universo Friki en un \u00fanico sitio y [&hellip;]<\/p>\n","protected":false},"author":1,"featured_media":18,"parent":0,"menu_order":0,"comment_status":"closed","ping_status":"closed","template":"","meta":{"footnotes":""},"class_list":["post-40","page","type-page","status-publish","has-post-thumbnail","hentry"],"_links":{"self":[{"href":"https:\/\/gicd.inf.um.es\/csidper\/usuario49\/wp-json\/wp\/v2\/pages\/40","targetHints":{"allow":["GET"]}}],"collection":[{"href":"https:\/\/gicd.inf.um.es\/csidper\/usuario49\/wp-json\/wp\/v2\/pages"}],"about":[{"href":"https:\/\/gicd.inf.um.es\/csidper\/usuario49\/wp-json\/wp\/v2\/types\/page"}],"author":[{"embeddable":true,"href":"https:\/\/gicd.inf.um.es\/csidper\/usuario49\/wp-json\/wp\/v2\/users\/1"}],"replies":[{"embeddable":true,"href":"https:\/\/gicd.inf.um.es\/csidper\/usuario49\/wp-json\/wp\/v2\/comments?post=40"}],"version-history":[{"count":4,"href":"https:\/\/gicd.inf.um.es\/csidper\/usuario49\/wp-json\/wp\/v2\/pages\/40\/revisions"}],"predecessor-version":[{"id":359,"href":"https:\/\/gicd.inf.um.es\/csidper\/usuario49\/wp-json\/wp\/v2\/pages\/40\/revisions\/359"}],"wp:featuredmedia":[{"embeddable":true,"href":"https:\/\/gicd.inf.um.es\/csidper\/usuario49\/wp-json\/wp\/v2\/media\/18"}],"wp:attachment":[{"href":"https:\/\/gicd.inf.um.es\/csidper\/usuario49\/wp-json\/wp\/v2\/media?parent=40"}],"curies":[{"name":"wp","href":"https:\/\/api.w.org\/{rel}","templated":true}]}}