{"id":209,"date":"2025-11-08T10:33:32","date_gmt":"2025-11-08T09:33:32","guid":{"rendered":"https:\/\/gicd.inf.um.es\/csidper\/usuario53\/?page_id=209"},"modified":"2025-11-08T12:49:08","modified_gmt":"2025-11-08T11:49:08","slug":"futbol-femenino-nacional","status":"publish","type":"page","link":"https:\/\/gicd.inf.um.es\/csidper\/usuario53\/futbol-femenino-nacional\/","title":{"rendered":"F\u00daTBOL FEMENINO NACIONAL"},"content":{"rendered":"\n<p class=\"has-black-color has-pale-cyan-blue-background-color has-text-color has-background has-link-color wp-elements-0fff05e2a32e4e75618fcb8ebbdcf5ae\">\u00bfQu\u00e9 es lo que ha sucedido dentro de las fronteras de nuestro pa\u00eds en la \u00faltima semana? A continuaci\u00f3n podr\u00e1s leer noticias sobre la \u00faltima jornada de la Liga F, los dieciseisavos de final de la Copa de la Reina y la previa de uno de los partidos correspondiente a la d\u00e9cima jornada del campeonato liguero.<\/p>\n","protected":false},"excerpt":{"rendered":"<p>\u00bfQu\u00e9 es lo que ha sucedido dentro de las fronteras de nuestro pa\u00eds en la \u00faltima semana? A continuaci\u00f3n podr\u00e1s leer noticias sobre la \u00faltima jornada de la Liga F, los dieciseisavos de final de la Copa de la Reina y la previa de uno de los partidos correspondiente a la d\u00e9cima jornada del campeonato [&hellip;]<\/p>\n","protected":false},"author":1,"featured_media":0,"parent":0,"menu_order":0,"comment_status":"closed","ping_status":"closed","template":"","meta":{"footnotes":""},"class_list":["post-209","page","type-page","status-publish","hentry"],"_links":{"self":[{"href":"https:\/\/gicd.inf.um.es\/csidper\/usuario53\/wp-json\/wp\/v2\/pages\/209","targetHints":{"allow":["GET"]}}],"collection":[{"href":"https:\/\/gicd.inf.um.es\/csidper\/usuario53\/wp-json\/wp\/v2\/pages"}],"about":[{"href":"https:\/\/gicd.inf.um.es\/csidper\/usuario53\/wp-json\/wp\/v2\/types\/page"}],"author":[{"embeddable":true,"href":"https:\/\/gicd.inf.um.es\/csidper\/usuario53\/wp-json\/wp\/v2\/users\/1"}],"replies":[{"embeddable":true,"href":"https:\/\/gicd.inf.um.es\/csidper\/usuario53\/wp-json\/wp\/v2\/comments?post=209"}],"version-history":[{"count":5,"href":"https:\/\/gicd.inf.um.es\/csidper\/usuario53\/wp-json\/wp\/v2\/pages\/209\/revisions"}],"predecessor-version":[{"id":264,"href":"https:\/\/gicd.inf.um.es\/csidper\/usuario53\/wp-json\/wp\/v2\/pages\/209\/revisions\/264"}],"wp:attachment":[{"href":"https:\/\/gicd.inf.um.es\/csidper\/usuario53\/wp-json\/wp\/v2\/media?parent=209"}],"curies":[{"name":"wp","href":"https:\/\/api.w.org\/{rel}","templated":true}]}}