{"id":236,"date":"2026-05-01T01:43:24","date_gmt":"2026-04-30T23:43:24","guid":{"rendered":"https:\/\/gicd.inf.um.es\/csidpub\/gpub01\/?post_type=product&#038;p=236"},"modified":"2026-05-01T03:13:09","modified_gmt":"2026-05-01T01:13:09","slug":"camiseta-esencia-murciana","status":"publish","type":"product","link":"https:\/\/gicd.inf.um.es\/csidpub\/gpub01\/?product=camiseta-esencia-murciana","title":{"rendered":"Camiseta \u00abEsencia Murciana\u00bb"},"content":{"rendered":"<p>Lleva contigo el orgullo de la tierra con la camiseta <b data-path-to-node=\"2\" data-index-in-node=\"54\">Esencia Murciana<\/b>, una prenda que rinde homenaje a nuestras ra\u00edces con arte y mucho estilo. Confeccionada en <b data-path-to-node=\"2\" data-index-in-node=\"162\">algod\u00f3n 100% org\u00e1nico<\/b> de primera calidad, destaca por su dise\u00f1o fresco y c\u00f3modo para el d\u00eda a d\u00eda, con un detalle sutil en la parte delantera y una espectacular ilustraci\u00f3n en la espalda que re\u00fane nuestros iconos m\u00e1s representativos: la imponente Catedral de Murcia, la Virgen de la Fuensanta, el mar y la huerta, todo coronado por la expresi\u00f3n m\u00e1s castiza y querida de nuestra tierra: <i data-path-to-node=\"2\" data-index-in-node=\"548\">\u00a1Acho, qu\u00e9 bonico!<\/i>. Suave, transpirable y perfecta para cualquier ocasi\u00f3n, es el recuerdo ideal para llevar siempre un pedacito de Murcia contigo.<\/p>\n","protected":false},"excerpt":{"rendered":"<p>Camiseta Esencia murciana 100% algod\u00f3n.<\/p>\n","protected":false},"featured_media":247,"comment_status":"open","ping_status":"closed","template":"","meta":[],"product_brand":[],"product_cat":[18],"product_tag":[23,24],"class_list":{"0":"post-236","1":"product","2":"type-product","3":"status-publish","4":"has-post-thumbnail","6":"product_cat-moda","7":"product_tag-camisetas","8":"product_tag-ropa","10":"first","11":"instock","12":"taxable","13":"shipping-taxable","14":"purchasable","15":"product-type-variable"},"_links":{"self":[{"href":"https:\/\/gicd.inf.um.es\/csidpub\/gpub01\/index.php?rest_route=\/wp\/v2\/product\/236","targetHints":{"allow":["GET"]}}],"collection":[{"href":"https:\/\/gicd.inf.um.es\/csidpub\/gpub01\/index.php?rest_route=\/wp\/v2\/product"}],"about":[{"href":"https:\/\/gicd.inf.um.es\/csidpub\/gpub01\/index.php?rest_route=\/wp\/v2\/types\/product"}],"replies":[{"embeddable":true,"href":"https:\/\/gicd.inf.um.es\/csidpub\/gpub01\/index.php?rest_route=%2Fwp%2Fv2%2Fcomments&post=236"}],"wp:featuredmedia":[{"embeddable":true,"href":"https:\/\/gicd.inf.um.es\/csidpub\/gpub01\/index.php?rest_route=\/wp\/v2\/media\/247"}],"wp:attachment":[{"href":"https:\/\/gicd.inf.um.es\/csidpub\/gpub01\/index.php?rest_route=%2Fwp%2Fv2%2Fmedia&parent=236"}],"wp:term":[{"taxonomy":"product_brand","embeddable":true,"href":"https:\/\/gicd.inf.um.es\/csidpub\/gpub01\/index.php?rest_route=%2Fwp%2Fv2%2Fproduct_brand&post=236"},{"taxonomy":"product_cat","embeddable":true,"href":"https:\/\/gicd.inf.um.es\/csidpub\/gpub01\/index.php?rest_route=%2Fwp%2Fv2%2Fproduct_cat&post=236"},{"taxonomy":"product_tag","embeddable":true,"href":"https:\/\/gicd.inf.um.es\/csidpub\/gpub01\/index.php?rest_route=%2Fwp%2Fv2%2Fproduct_tag&post=236"}],"curies":[{"name":"wp","href":"https:\/\/api.w.org\/{rel}","templated":true}]}}