{"id":313,"date":"2026-05-01T02:06:23","date_gmt":"2026-05-01T00:06:23","guid":{"rendered":"https:\/\/gicd.inf.um.es\/csidpub\/gpub01\/?post_type=product&#038;p=313"},"modified":"2026-05-01T03:12:20","modified_gmt":"2026-05-01T01:12:20","slug":"totebag-acho-que-bonico","status":"publish","type":"product","link":"https:\/\/gicd.inf.um.es\/csidpub\/gpub01\/?product=totebag-acho-que-bonico","title":{"rendered":"Totebag \u00a1Acho qu\u00e9 bonico!"},"content":{"rendered":"<p data-path-to-node=\"0\">Lleva la alegr\u00eda y la esencia de nuestra tierra a todas partes con la nueva tote bag <b data-path-to-node=\"0\" data-index-in-node=\"85\">\u00a1Acho, qu\u00e9 bonico!<\/b>. Confeccionada con lona de algod\u00f3n 100% de alta calidad, esta bolsa destaca por su dise\u00f1o fresco, colorido y lleno de vida que rinde homenaje a los iconos m\u00e1s queridos de nuestro estilo de vida, como el sol, el mar, el buen vino y las tradicionales alpargatas. Es ligera, resistente y cuenta con unas c\u00f3modas asas ideales para llevar al hombro, convirti\u00e9ndose en el complemento perfecto y espacioso para tus compras, la playa o tu d\u00eda a d\u00eda. <b data-path-to-node=\"0\" data-index-in-node=\"546\">\u00a1Presume de ra\u00edces y ponle un toque castizo a cualquier look!<\/b><\/p>\n","protected":false},"excerpt":{"rendered":"<p>Totebag \u00a1 Acho qu\u00e9 bonico! tela.<\/p>\n","protected":false},"featured_media":282,"comment_status":"open","ping_status":"closed","template":"","meta":[],"product_brand":[],"product_cat":[21],"product_tag":[26],"class_list":{"0":"post-313","1":"product","2":"type-product","3":"status-publish","4":"has-post-thumbnail","6":"product_cat-totebag","7":"product_tag-totebag","9":"first","10":"instock","11":"taxable","12":"shipping-taxable","13":"purchasable","14":"product-type-simple"},"_links":{"self":[{"href":"https:\/\/gicd.inf.um.es\/csidpub\/gpub01\/index.php?rest_route=\/wp\/v2\/product\/313","targetHints":{"allow":["GET"]}}],"collection":[{"href":"https:\/\/gicd.inf.um.es\/csidpub\/gpub01\/index.php?rest_route=\/wp\/v2\/product"}],"about":[{"href":"https:\/\/gicd.inf.um.es\/csidpub\/gpub01\/index.php?rest_route=\/wp\/v2\/types\/product"}],"replies":[{"embeddable":true,"href":"https:\/\/gicd.inf.um.es\/csidpub\/gpub01\/index.php?rest_route=%2Fwp%2Fv2%2Fcomments&post=313"}],"wp:featuredmedia":[{"embeddable":true,"href":"https:\/\/gicd.inf.um.es\/csidpub\/gpub01\/index.php?rest_route=\/wp\/v2\/media\/282"}],"wp:attachment":[{"href":"https:\/\/gicd.inf.um.es\/csidpub\/gpub01\/index.php?rest_route=%2Fwp%2Fv2%2Fmedia&parent=313"}],"wp:term":[{"taxonomy":"product_brand","embeddable":true,"href":"https:\/\/gicd.inf.um.es\/csidpub\/gpub01\/index.php?rest_route=%2Fwp%2Fv2%2Fproduct_brand&post=313"},{"taxonomy":"product_cat","embeddable":true,"href":"https:\/\/gicd.inf.um.es\/csidpub\/gpub01\/index.php?rest_route=%2Fwp%2Fv2%2Fproduct_cat&post=313"},{"taxonomy":"product_tag","embeddable":true,"href":"https:\/\/gicd.inf.um.es\/csidpub\/gpub01\/index.php?rest_route=%2Fwp%2Fv2%2Fproduct_tag&post=313"}],"curies":[{"name":"wp","href":"https:\/\/api.w.org\/{rel}","templated":true}]}}