{"id":315,"date":"2026-05-01T02:09:01","date_gmt":"2026-05-01T00:09:01","guid":{"rendered":"https:\/\/gicd.inf.um.es\/csidpub\/gpub01\/?post_type=product&#038;p=315"},"modified":"2026-05-01T02:09:02","modified_gmt":"2026-05-01T00:09:02","slug":"totebag-murmito","status":"publish","type":"product","link":"https:\/\/gicd.inf.um.es\/csidpub\/gpub01\/?product=totebag-murmito","title":{"rendered":"Totebag \u00abMurmito\u00bb"},"content":{"rendered":"<p>Lleva tus cosas con el mejor rollo y el aut\u00e9ntico sabor de nuestra tierra con la tote bag <b data-path-to-node=\"0\" data-index-in-node=\"90\">\u00abMitos, Limones y Leyendas\u00bb<\/b>. Confeccionada en algod\u00f3n 100% natural, esta bolsa destaca por su dise\u00f1o divertido y original que rinde homenaje a nuestro c\u00edtrico m\u00e1s emblem\u00e1tico. Es ligera, resistente y cuenta con unas asas largas muy c\u00f3modas para llevar al hombro, lo que la convierte en el accesorio perfecto, espacioso y ecol\u00f3gico para tus compras, paseos o el d\u00eda a d\u00eda. <b data-path-to-node=\"0\" data-index-in-node=\"462\">\u00a1Ponle un toque de humor y frescura a tu d\u00eda a d\u00eda!<\/b><\/p>\n","protected":false},"excerpt":{"rendered":"<p>Totebag Murmito de tela.<\/p>\n","protected":false},"featured_media":281,"comment_status":"open","ping_status":"closed","template":"","meta":[],"product_brand":[],"product_cat":[21],"product_tag":[27,26],"class_list":{"0":"post-315","1":"product","2":"type-product","3":"status-publish","4":"has-post-thumbnail","6":"product_cat-totebag","7":"product_tag-murmito","8":"product_tag-totebag","10":"first","11":"instock","12":"taxable","13":"shipping-taxable","14":"purchasable","15":"product-type-simple"},"_links":{"self":[{"href":"https:\/\/gicd.inf.um.es\/csidpub\/gpub01\/index.php?rest_route=\/wp\/v2\/product\/315","targetHints":{"allow":["GET"]}}],"collection":[{"href":"https:\/\/gicd.inf.um.es\/csidpub\/gpub01\/index.php?rest_route=\/wp\/v2\/product"}],"about":[{"href":"https:\/\/gicd.inf.um.es\/csidpub\/gpub01\/index.php?rest_route=\/wp\/v2\/types\/product"}],"replies":[{"embeddable":true,"href":"https:\/\/gicd.inf.um.es\/csidpub\/gpub01\/index.php?rest_route=%2Fwp%2Fv2%2Fcomments&post=315"}],"wp:featuredmedia":[{"embeddable":true,"href":"https:\/\/gicd.inf.um.es\/csidpub\/gpub01\/index.php?rest_route=\/wp\/v2\/media\/281"}],"wp:attachment":[{"href":"https:\/\/gicd.inf.um.es\/csidpub\/gpub01\/index.php?rest_route=%2Fwp%2Fv2%2Fmedia&parent=315"}],"wp:term":[{"taxonomy":"product_brand","embeddable":true,"href":"https:\/\/gicd.inf.um.es\/csidpub\/gpub01\/index.php?rest_route=%2Fwp%2Fv2%2Fproduct_brand&post=315"},{"taxonomy":"product_cat","embeddable":true,"href":"https:\/\/gicd.inf.um.es\/csidpub\/gpub01\/index.php?rest_route=%2Fwp%2Fv2%2Fproduct_cat&post=315"},{"taxonomy":"product_tag","embeddable":true,"href":"https:\/\/gicd.inf.um.es\/csidpub\/gpub01\/index.php?rest_route=%2Fwp%2Fv2%2Fproduct_tag&post=315"}],"curies":[{"name":"wp","href":"https:\/\/api.w.org\/{rel}","templated":true}]}}