{"id":321,"date":"2026-05-01T02:20:05","date_gmt":"2026-05-01T00:20:05","guid":{"rendered":"https:\/\/gicd.inf.um.es\/csidpub\/gpub01\/?post_type=product&#038;p=321"},"modified":"2026-05-01T03:11:46","modified_gmt":"2026-05-01T01:11:46","slug":"botella-acho-que-bonico","status":"publish","type":"product","link":"https:\/\/gicd.inf.um.es\/csidpub\/gpub01\/?product=botella-acho-que-bonico","title":{"rendered":"Botella \u00a1 Acho qu\u00e9 bonico!"},"content":{"rendered":"<p>Lleva contigo la alegr\u00eda y la esencia de la Costa C\u00e1lida con esta botella t\u00e9rmica exclusiva de la colecci\u00f3n <b data-path-to-node=\"0\" data-index-in-node=\"108\">\u00a1Acho, qu\u00e9 bonico!<\/b>. Dise\u00f1ada en un elegante tono blanco mate, destaca por su divertido y colorido dise\u00f1o que rinde homenaje a los iconos m\u00e1s tradicionales de nuestra tierra, como el sol, el mar, el buen vino y las cl\u00e1sicas alpargatas. Fabricada con acero inoxidable de doble pared, esta botella mantiene tus bebidas fr\u00edas hasta 24 horas o calientes hasta 12 horas. Es resistente, reutilizable y el compa\u00f1ero perfecto para llevar a la playa, al trabajo o en tus paseos. <b data-path-to-node=\"0\" data-index-in-node=\"577\">\u00a1Siente el alma de nuestra tierra y mantente hidratado con el m\u00e1ximo estilo!<\/b><\/p>\n","protected":false},"excerpt":{"rendered":"<p>Botella cantimplora \u00a1 Acho qu\u00e9 bonico!<\/p>\n","protected":false},"featured_media":288,"comment_status":"open","ping_status":"closed","template":"","meta":[],"product_brand":[],"product_cat":[20],"product_tag":[28],"class_list":{"0":"post-321","1":"product","2":"type-product","3":"status-publish","4":"has-post-thumbnail","6":"product_cat-botellas-y-tazas","7":"product_tag-botella","9":"first","10":"instock","11":"taxable","12":"shipping-taxable","13":"purchasable","14":"product-type-simple"},"_links":{"self":[{"href":"https:\/\/gicd.inf.um.es\/csidpub\/gpub01\/index.php?rest_route=\/wp\/v2\/product\/321","targetHints":{"allow":["GET"]}}],"collection":[{"href":"https:\/\/gicd.inf.um.es\/csidpub\/gpub01\/index.php?rest_route=\/wp\/v2\/product"}],"about":[{"href":"https:\/\/gicd.inf.um.es\/csidpub\/gpub01\/index.php?rest_route=\/wp\/v2\/types\/product"}],"replies":[{"embeddable":true,"href":"https:\/\/gicd.inf.um.es\/csidpub\/gpub01\/index.php?rest_route=%2Fwp%2Fv2%2Fcomments&post=321"}],"wp:featuredmedia":[{"embeddable":true,"href":"https:\/\/gicd.inf.um.es\/csidpub\/gpub01\/index.php?rest_route=\/wp\/v2\/media\/288"}],"wp:attachment":[{"href":"https:\/\/gicd.inf.um.es\/csidpub\/gpub01\/index.php?rest_route=%2Fwp%2Fv2%2Fmedia&parent=321"}],"wp:term":[{"taxonomy":"product_brand","embeddable":true,"href":"https:\/\/gicd.inf.um.es\/csidpub\/gpub01\/index.php?rest_route=%2Fwp%2Fv2%2Fproduct_brand&post=321"},{"taxonomy":"product_cat","embeddable":true,"href":"https:\/\/gicd.inf.um.es\/csidpub\/gpub01\/index.php?rest_route=%2Fwp%2Fv2%2Fproduct_cat&post=321"},{"taxonomy":"product_tag","embeddable":true,"href":"https:\/\/gicd.inf.um.es\/csidpub\/gpub01\/index.php?rest_route=%2Fwp%2Fv2%2Fproduct_tag&post=321"}],"curies":[{"name":"wp","href":"https:\/\/api.w.org\/{rel}","templated":true}]}}