{"id":324,"date":"2026-05-01T02:26:55","date_gmt":"2026-05-01T00:26:55","guid":{"rendered":"https:\/\/gicd.inf.um.es\/csidpub\/gpub01\/?post_type=product&#038;p=324"},"modified":"2026-05-01T02:56:18","modified_gmt":"2026-05-01T00:56:18","slug":"taza-murmito","status":"publish","type":"product","link":"https:\/\/gicd.inf.um.es\/csidpub\/gpub01\/?product=taza-murmito","title":{"rendered":"Taza \u00abMurmito\u00bb"},"content":{"rendered":"<div id=\"model-response-message-contentr_f231c98c46513acd\" class=\"markdown markdown-main-panel stronger enable-updated-hr-color\" dir=\"ltr\" aria-live=\"polite\" aria-busy=\"false\">\n<p data-path-to-node=\"0\">Empieza el d\u00eda con el aut\u00e9ntico sabor y la frescura de nuestra tierra con la taza <b data-path-to-node=\"0\" data-index-in-node=\"82\">\u00abMitos, Limones y Leyendas\u00bb<\/b>. Fabricada en cer\u00e1mica blanca de alta calidad, destaca por su divertido y original dise\u00f1o del lim\u00f3n con la boca abierta, que incluye el lema grabado en su interior. Con una capacidad ideal para tu caf\u00e9, infusi\u00f3n o desayuno favorito, es resistente tanto al microondas como al lavavajillas, convirti\u00e9ndose en el detalle perfecto para disfrutar de tus momentos de relax. <b data-path-to-node=\"0\" data-index-in-node=\"478\">\u00a1Ponle un toque de humor y color a tus ma\u00f1anas!<\/b><\/p>\n<\/div>\n","protected":false},"excerpt":{"rendered":"<p>Taza Murmito.<\/p>\n","protected":false},"featured_media":286,"comment_status":"open","ping_status":"closed","template":"","meta":[],"product_brand":[],"product_cat":[20],"product_tag":[27,29],"class_list":{"0":"post-324","1":"product","2":"type-product","3":"status-publish","4":"has-post-thumbnail","6":"product_cat-botellas-y-tazas","7":"product_tag-murmito","8":"product_tag-taza","10":"first","11":"instock","12":"taxable","13":"shipping-taxable","14":"purchasable","15":"product-type-simple"},"_links":{"self":[{"href":"https:\/\/gicd.inf.um.es\/csidpub\/gpub01\/index.php?rest_route=\/wp\/v2\/product\/324","targetHints":{"allow":["GET"]}}],"collection":[{"href":"https:\/\/gicd.inf.um.es\/csidpub\/gpub01\/index.php?rest_route=\/wp\/v2\/product"}],"about":[{"href":"https:\/\/gicd.inf.um.es\/csidpub\/gpub01\/index.php?rest_route=\/wp\/v2\/types\/product"}],"replies":[{"embeddable":true,"href":"https:\/\/gicd.inf.um.es\/csidpub\/gpub01\/index.php?rest_route=%2Fwp%2Fv2%2Fcomments&post=324"}],"wp:featuredmedia":[{"embeddable":true,"href":"https:\/\/gicd.inf.um.es\/csidpub\/gpub01\/index.php?rest_route=\/wp\/v2\/media\/286"}],"wp:attachment":[{"href":"https:\/\/gicd.inf.um.es\/csidpub\/gpub01\/index.php?rest_route=%2Fwp%2Fv2%2Fmedia&parent=324"}],"wp:term":[{"taxonomy":"product_brand","embeddable":true,"href":"https:\/\/gicd.inf.um.es\/csidpub\/gpub01\/index.php?rest_route=%2Fwp%2Fv2%2Fproduct_brand&post=324"},{"taxonomy":"product_cat","embeddable":true,"href":"https:\/\/gicd.inf.um.es\/csidpub\/gpub01\/index.php?rest_route=%2Fwp%2Fv2%2Fproduct_cat&post=324"},{"taxonomy":"product_tag","embeddable":true,"href":"https:\/\/gicd.inf.um.es\/csidpub\/gpub01\/index.php?rest_route=%2Fwp%2Fv2%2Fproduct_tag&post=324"}],"curies":[{"name":"wp","href":"https:\/\/api.w.org\/{rel}","templated":true}]}}