{"id":326,"date":"2026-05-01T02:31:57","date_gmt":"2026-05-01T00:31:57","guid":{"rendered":"https:\/\/gicd.inf.um.es\/csidpub\/gpub01\/?post_type=product&#038;p=326"},"modified":"2026-05-01T02:31:58","modified_gmt":"2026-05-01T00:31:58","slug":"marcapaginas-murmito","status":"publish","type":"product","link":"https:\/\/gicd.inf.um.es\/csidpub\/gpub01\/?product=marcapaginas-murmito","title":{"rendered":"Marcap\u00e1ginas \u00abMurmito\u00bb"},"content":{"rendered":"<p>Acompa\u00f1a tus lecturas favoritas con un toque de nuestra tierra gracias a estos marcap\u00e1ginas artesanales de la colecci\u00f3n <b data-path-to-node=\"0\" data-index-in-node=\"120\">\u00abCultura Limonera\u00bb<\/b>. Hechos de cer\u00e1mica de alta calidad en un tono blanco natural, destacan por su dise\u00f1o original en color amarillo y verde que rinde homenaje a la huerta murciana, incluyendo los lemas <i data-path-to-node=\"0\" data-index-in-node=\"322\">\u00abCultura Limonera\u00bb<\/i> y <i data-path-to-node=\"0\" data-index-in-node=\"343\">\u00abHuerta de Murcia, Patrimonio Vivo\u00bb<\/i>. Cuentan con un elegante cord\u00f3n a juego con borlas decorativas, convirti\u00e9ndose en el detalle perfecto y sostenible para los amantes de los libros. <b data-path-to-node=\"0\" data-index-in-node=\"526\">\u00a1Lleva la esencia y la tradici\u00f3n de Murcia en cada p\u00e1gina!<\/b><\/p>\n","protected":false},"excerpt":{"rendered":"<p>Marcap\u00e1ginas Murmito.<\/p>\n","protected":false},"featured_media":285,"comment_status":"open","ping_status":"closed","template":"","meta":[],"product_brand":[],"product_cat":[22],"product_tag":[31,27],"class_list":{"0":"post-326","1":"product","2":"type-product","3":"status-publish","4":"has-post-thumbnail","6":"product_cat-marcapaginas","7":"product_tag-marcapaginas","8":"product_tag-murmito","10":"first","11":"instock","12":"taxable","13":"shipping-taxable","14":"purchasable","15":"product-type-simple"},"_links":{"self":[{"href":"https:\/\/gicd.inf.um.es\/csidpub\/gpub01\/index.php?rest_route=\/wp\/v2\/product\/326","targetHints":{"allow":["GET"]}}],"collection":[{"href":"https:\/\/gicd.inf.um.es\/csidpub\/gpub01\/index.php?rest_route=\/wp\/v2\/product"}],"about":[{"href":"https:\/\/gicd.inf.um.es\/csidpub\/gpub01\/index.php?rest_route=\/wp\/v2\/types\/product"}],"replies":[{"embeddable":true,"href":"https:\/\/gicd.inf.um.es\/csidpub\/gpub01\/index.php?rest_route=%2Fwp%2Fv2%2Fcomments&post=326"}],"wp:featuredmedia":[{"embeddable":true,"href":"https:\/\/gicd.inf.um.es\/csidpub\/gpub01\/index.php?rest_route=\/wp\/v2\/media\/285"}],"wp:attachment":[{"href":"https:\/\/gicd.inf.um.es\/csidpub\/gpub01\/index.php?rest_route=%2Fwp%2Fv2%2Fmedia&parent=326"}],"wp:term":[{"taxonomy":"product_brand","embeddable":true,"href":"https:\/\/gicd.inf.um.es\/csidpub\/gpub01\/index.php?rest_route=%2Fwp%2Fv2%2Fproduct_brand&post=326"},{"taxonomy":"product_cat","embeddable":true,"href":"https:\/\/gicd.inf.um.es\/csidpub\/gpub01\/index.php?rest_route=%2Fwp%2Fv2%2Fproduct_cat&post=326"},{"taxonomy":"product_tag","embeddable":true,"href":"https:\/\/gicd.inf.um.es\/csidpub\/gpub01\/index.php?rest_route=%2Fwp%2Fv2%2Fproduct_tag&post=326"}],"curies":[{"name":"wp","href":"https:\/\/api.w.org\/{rel}","templated":true}]}}