{"id":327,"date":"2026-05-01T02:35:35","date_gmt":"2026-05-01T00:35:35","guid":{"rendered":"https:\/\/gicd.inf.um.es\/csidpub\/gpub01\/?post_type=product&#038;p=327"},"modified":"2026-05-01T02:36:03","modified_gmt":"2026-05-01T00:36:03","slug":"peluche-raton-colorao","status":"publish","type":"product","link":"https:\/\/gicd.inf.um.es\/csidpub\/gpub01\/?product=peluche-raton-colorao","title":{"rendered":"Peluche \u00abRat\u00f3n Colorao\u00bb"},"content":{"rendered":"<p>Lleva la magia y la tradici\u00f3n de nuestra tierra a casa con el peluche del <b data-path-to-node=\"0\" data-index-in-node=\"74\">Rat\u00f3n Colorao<\/b>, el personaje m\u00e1s castizo de Murcia en su entra\u00f1able edici\u00f3n navide\u00f1a. Confeccionado con materiales extrasuaves de primera calidad y dise\u00f1ado para ser el compa\u00f1ero perfecto de los m\u00e1s peques, destaca por su adorable abrigo de punto rojo \u00abcolorao\u00bb con botones de madera, su bufanda y su cl\u00e1sico gorrito de Pap\u00e1 Noel. Con unas medidas aproximadas de 30 cm de alto y 18 cm de ancho, es ideal tanto para decorar cualquier rinc\u00f3n como para los abrazos m\u00e1s tiernos. <b data-path-to-node=\"0\" data-index-in-node=\"548\">\u00a1Un regalo \u00fanico y lleno de identidad para estas fiestas, acho!<\/b><\/p>\n","protected":false},"excerpt":{"rendered":"<p>Peluche Rat\u00f3n Colorao.<\/p>\n","protected":false},"featured_media":295,"comment_status":"open","ping_status":"closed","template":"","meta":[],"product_brand":[],"product_cat":[19],"product_tag":[32,33],"class_list":{"0":"post-327","1":"product","2":"type-product","3":"status-publish","4":"has-post-thumbnail","6":"product_cat-peluches","7":"product_tag-peluche","8":"product_tag-raton-colorao","10":"first","11":"instock","12":"taxable","13":"shipping-taxable","14":"purchasable","15":"product-type-simple"},"_links":{"self":[{"href":"https:\/\/gicd.inf.um.es\/csidpub\/gpub01\/index.php?rest_route=\/wp\/v2\/product\/327","targetHints":{"allow":["GET"]}}],"collection":[{"href":"https:\/\/gicd.inf.um.es\/csidpub\/gpub01\/index.php?rest_route=\/wp\/v2\/product"}],"about":[{"href":"https:\/\/gicd.inf.um.es\/csidpub\/gpub01\/index.php?rest_route=\/wp\/v2\/types\/product"}],"replies":[{"embeddable":true,"href":"https:\/\/gicd.inf.um.es\/csidpub\/gpub01\/index.php?rest_route=%2Fwp%2Fv2%2Fcomments&post=327"}],"wp:featuredmedia":[{"embeddable":true,"href":"https:\/\/gicd.inf.um.es\/csidpub\/gpub01\/index.php?rest_route=\/wp\/v2\/media\/295"}],"wp:attachment":[{"href":"https:\/\/gicd.inf.um.es\/csidpub\/gpub01\/index.php?rest_route=%2Fwp%2Fv2%2Fmedia&parent=327"}],"wp:term":[{"taxonomy":"product_brand","embeddable":true,"href":"https:\/\/gicd.inf.um.es\/csidpub\/gpub01\/index.php?rest_route=%2Fwp%2Fv2%2Fproduct_brand&post=327"},{"taxonomy":"product_cat","embeddable":true,"href":"https:\/\/gicd.inf.um.es\/csidpub\/gpub01\/index.php?rest_route=%2Fwp%2Fv2%2Fproduct_cat&post=327"},{"taxonomy":"product_tag","embeddable":true,"href":"https:\/\/gicd.inf.um.es\/csidpub\/gpub01\/index.php?rest_route=%2Fwp%2Fv2%2Fproduct_tag&post=327"}],"curies":[{"name":"wp","href":"https:\/\/api.w.org\/{rel}","templated":true}]}}