{"id":200,"date":"2025-11-26T00:00:27","date_gmt":"2025-11-25T23:00:27","guid":{"rendered":"https:\/\/gicd.inf.um.es\/csidpub\/usuario15\/?page_id=200"},"modified":"2025-11-28T14:52:49","modified_gmt":"2025-11-28T13:52:49","slug":"actividad-1","status":"publish","type":"page","link":"https:\/\/gicd.inf.um.es\/csidpub\/usuario15\/actividad-1\/","title":{"rendered":"Actividad 1"},"content":{"rendered":"\n<figure class=\"wp-block-image size-large\"><img loading=\"lazy\" decoding=\"async\" width=\"1024\" height=\"576\" src=\"https:\/\/gicd.inf.um.es\/csidpub\/usuario15\/wp-content\/uploads\/2025\/11\/stop-scrolling-start-creating-1-2-1024x576.png\" alt=\"\" class=\"wp-image-201\" srcset=\"https:\/\/gicd.inf.um.es\/csidpub\/usuario15\/wp-content\/uploads\/2025\/11\/stop-scrolling-start-creating-1-2-1024x576.png 1024w, https:\/\/gicd.inf.um.es\/csidpub\/usuario15\/wp-content\/uploads\/2025\/11\/stop-scrolling-start-creating-1-2-300x169.png 300w, https:\/\/gicd.inf.um.es\/csidpub\/usuario15\/wp-content\/uploads\/2025\/11\/stop-scrolling-start-creating-1-2-768x432.png 768w, https:\/\/gicd.inf.um.es\/csidpub\/usuario15\/wp-content\/uploads\/2025\/11\/stop-scrolling-start-creating-1-2-1536x864.png 1536w, https:\/\/gicd.inf.um.es\/csidpub\/usuario15\/wp-content\/uploads\/2025\/11\/stop-scrolling-start-creating-1-2-1280x720.png 1280w, https:\/\/gicd.inf.um.es\/csidpub\/usuario15\/wp-content\/uploads\/2025\/11\/stop-scrolling-start-creating-1-2.png 1920w\" sizes=\"auto, (max-width: 1024px) 100vw, 1024px\" \/><\/figure>\n\n\n\n<p>En esta Actividad 1 he desarrollado un sitio web organizado en <strong>10 categor\u00edas relacionadas con la publicidad<\/strong> \u2014Agencias destacadas, Anuncios destacados, Creativos influyentes, Historia publicitaria, Inspiraci\u00f3n, Marcas referentes, Noticias del sector publicitario, Recomendaciones de libros publicitarios, Recursos creativos y Tendencias publicitarias\u2014 con el objetivo de reunir y sintetizar los aspectos esenciales que cualquier persona deber\u00eda conocer sobre este \u00e1mbito. He realizado este trabajo porque me gusta mucho la publicidad y considero importante presentar sus elementos clave de manera clara, accesible y ordenada, facilitando as\u00ed una comprensi\u00f3n general de sus principales referentes, recursos y contenidos.<\/p>\n\n\n\n<figure class=\"wp-block-gallery has-nested-images columns-default is-cropped wp-block-gallery-1 is-layout-flex wp-block-gallery-is-layout-flex\">\n<figure class=\"wp-block-image size-large is-style-rounded\"><img loading=\"lazy\" decoding=\"async\" width=\"1024\" height=\"576\" data-id=\"471\" src=\"https:\/\/gicd.inf.um.es\/csidpub\/usuario15\/wp-content\/uploads\/2025\/11\/stop-scrolling-start-creating-4-3-1024x576.png\" alt=\"3\" class=\"wp-image-471\" srcset=\"https:\/\/gicd.inf.um.es\/csidpub\/usuario15\/wp-content\/uploads\/2025\/11\/stop-scrolling-start-creating-4-3-1024x576.png 1024w, https:\/\/gicd.inf.um.es\/csidpub\/usuario15\/wp-content\/uploads\/2025\/11\/stop-scrolling-start-creating-4-3-300x169.png 300w, https:\/\/gicd.inf.um.es\/csidpub\/usuario15\/wp-content\/uploads\/2025\/11\/stop-scrolling-start-creating-4-3-768x432.png 768w, https:\/\/gicd.inf.um.es\/csidpub\/usuario15\/wp-content\/uploads\/2025\/11\/stop-scrolling-start-creating-4-3-1536x864.png 1536w, https:\/\/gicd.inf.um.es\/csidpub\/usuario15\/wp-content\/uploads\/2025\/11\/stop-scrolling-start-creating-4-3-1280x720.png 1280w, https:\/\/gicd.inf.um.es\/csidpub\/usuario15\/wp-content\/uploads\/2025\/11\/stop-scrolling-start-creating-4-3.png 1920w\" sizes=\"auto, (max-width: 1024px) 100vw, 1024px\" \/><\/figure>\n\n\n\n<figure class=\"wp-block-image size-large is-style-rounded\"><img loading=\"lazy\" decoding=\"async\" width=\"1024\" height=\"576\" data-id=\"470\" src=\"https:\/\/gicd.inf.um.es\/csidpub\/usuario15\/wp-content\/uploads\/2025\/11\/stop-scrolling-start-creating-3-2-1024x576.png\" alt=\"2\" class=\"wp-image-470\" srcset=\"https:\/\/gicd.inf.um.es\/csidpub\/usuario15\/wp-content\/uploads\/2025\/11\/stop-scrolling-start-creating-3-2-1024x576.png 1024w, https:\/\/gicd.inf.um.es\/csidpub\/usuario15\/wp-content\/uploads\/2025\/11\/stop-scrolling-start-creating-3-2-300x169.png 300w, https:\/\/gicd.inf.um.es\/csidpub\/usuario15\/wp-content\/uploads\/2025\/11\/stop-scrolling-start-creating-3-2-768x432.png 768w, https:\/\/gicd.inf.um.es\/csidpub\/usuario15\/wp-content\/uploads\/2025\/11\/stop-scrolling-start-creating-3-2-1536x864.png 1536w, https:\/\/gicd.inf.um.es\/csidpub\/usuario15\/wp-content\/uploads\/2025\/11\/stop-scrolling-start-creating-3-2-1280x720.png 1280w, https:\/\/gicd.inf.um.es\/csidpub\/usuario15\/wp-content\/uploads\/2025\/11\/stop-scrolling-start-creating-3-2.png 1920w\" sizes=\"auto, (max-width: 1024px) 100vw, 1024px\" \/><\/figure>\n\n\n\n<figure class=\"wp-block-image size-large is-style-rounded\"><img loading=\"lazy\" decoding=\"async\" width=\"1024\" height=\"576\" data-id=\"469\" src=\"https:\/\/gicd.inf.um.es\/csidpub\/usuario15\/wp-content\/uploads\/2025\/11\/stop-scrolling-start-creating-2-5-1024x576.png\" alt=\"1\" class=\"wp-image-469\" srcset=\"https:\/\/gicd.inf.um.es\/csidpub\/usuario15\/wp-content\/uploads\/2025\/11\/stop-scrolling-start-creating-2-5-1024x576.png 1024w, https:\/\/gicd.inf.um.es\/csidpub\/usuario15\/wp-content\/uploads\/2025\/11\/stop-scrolling-start-creating-2-5-300x169.png 300w, https:\/\/gicd.inf.um.es\/csidpub\/usuario15\/wp-content\/uploads\/2025\/11\/stop-scrolling-start-creating-2-5-768x432.png 768w, https:\/\/gicd.inf.um.es\/csidpub\/usuario15\/wp-content\/uploads\/2025\/11\/stop-scrolling-start-creating-2-5-1536x864.png 1536w, https:\/\/gicd.inf.um.es\/csidpub\/usuario15\/wp-content\/uploads\/2025\/11\/stop-scrolling-start-creating-2-5-1280x720.png 1280w, https:\/\/gicd.inf.um.es\/csidpub\/usuario15\/wp-content\/uploads\/2025\/11\/stop-scrolling-start-creating-2-5.png 1920w\" sizes=\"auto, (max-width: 1024px) 100vw, 1024px\" \/><\/figure>\n<\/figure>\n\n\n\n<h1 class=\"wp-block-heading has-vivid-cyan-blue-color has-text-color has-link-color wp-elements-0e68aba64ece65536e27999f141a8f6f\">Motivaciones <\/h1>\n\n\n\n<p class=\"has-black-color has-text-color has-link-color wp-elements-054535e6fb0e651ed107949ae6f90fbb\">La motivaci\u00f3n principal de realizar este trabajo es <strong>crear una gu\u00eda sintetizada, clara y \u00fatil<\/strong> sobre los aspectos fundamentales del \u00e1mbito publicitario y creativo que m\u00e1s me interesan y que considero relevantes para cualquier profesional o estudiante del sector. En un entorno donde la informaci\u00f3n es abundante pero dispersa, necesitaba <strong>ordenar, filtrar y reunir en un solo espacio<\/strong> contenidos que consulto con frecuencia: creativos de referencia, historia publicitaria, fuentes de inspiraci\u00f3n, marcas l\u00edderes, recursos, tendencias, noticias, libros y herramientas.<\/p>\n\n\n\n<p>Este trabajo surge tambi\u00e9n de la necesidad de <strong>profundizar en mi propio proceso de aprendizaje<\/strong>, estructurando el conocimiento de una manera pr\u00e1ctica y accesible. Al sintetizar la informaci\u00f3n, no solo la hago m\u00e1s manejable para m\u00ed, sino que construyo un documento que puede servir como <strong>base de consulta r\u00e1pida<\/strong> para proyectos, ideas creativas, trabajos acad\u00e9micos o momentos de bloqueo.<\/p>\n\n\n\n<p>Adem\u00e1s, este recopilatorio me permite <strong>conectar distintos \u00e1mbitos<\/strong> \u2014creatividad, estrategia, dise\u00f1o, cultura visual y actualidad del sector\u2014 para tener una visi\u00f3n m\u00e1s completa y actualizada de la publicidad. Es una forma de mantenerme al d\u00eda, reforzar mi criterio creativo y disponer de un recurso propio que refleje mis intereses y mi forma de entender la disciplina.<\/p>\n\n\n\n<p>En definitiva, la motivaci\u00f3n es <strong>aprender, sintetizar y tener a mano una gu\u00eda personal<\/strong> que re\u00fana lo m\u00e1s importante y lo m\u00e1s inspirador del mundo publicitario, tanto para mi desarrollo acad\u00e9mico como para mi evoluci\u00f3n profesional.<\/p>\n\n\n\n<figure class=\"wp-block-gallery has-nested-images columns-default is-cropped wp-block-gallery-2 is-layout-flex wp-block-gallery-is-layout-flex\">\n<figure class=\"wp-block-image size-large\"><a href=\"https:\/\/gicd.inf.um.es\/csidpub\/usuario15\/wp-content\/uploads\/2025\/11\/2f3dea8d4f9dd5caea19dc7e2359f402-1.jpg\"><img loading=\"lazy\" decoding=\"async\" width=\"564\" height=\"833\" data-id=\"484\" src=\"https:\/\/gicd.inf.um.es\/csidpub\/usuario15\/wp-content\/uploads\/2025\/11\/2f3dea8d4f9dd5caea19dc7e2359f402-1.jpg\" alt=\"1\" class=\"wp-image-484\" srcset=\"https:\/\/gicd.inf.um.es\/csidpub\/usuario15\/wp-content\/uploads\/2025\/11\/2f3dea8d4f9dd5caea19dc7e2359f402-1.jpg 564w, https:\/\/gicd.inf.um.es\/csidpub\/usuario15\/wp-content\/uploads\/2025\/11\/2f3dea8d4f9dd5caea19dc7e2359f402-1-203x300.jpg 203w\" sizes=\"auto, (max-width: 564px) 100vw, 564px\" \/><\/a><\/figure>\n\n\n\n<figure class=\"wp-block-image size-large\"><a href=\"https:\/\/gicd.inf.um.es\/csidpub\/usuario15\/wp-content\/uploads\/2025\/11\/6a3369be503ba25bc7d82600b36ce372-1.jpg\"><img loading=\"lazy\" decoding=\"async\" width=\"872\" height=\"1024\" data-id=\"485\" src=\"https:\/\/gicd.inf.um.es\/csidpub\/usuario15\/wp-content\/uploads\/2025\/11\/6a3369be503ba25bc7d82600b36ce372-1-872x1024.jpg\" alt=\"3\" class=\"wp-image-485\" srcset=\"https:\/\/gicd.inf.um.es\/csidpub\/usuario15\/wp-content\/uploads\/2025\/11\/6a3369be503ba25bc7d82600b36ce372-1-872x1024.jpg 872w, https:\/\/gicd.inf.um.es\/csidpub\/usuario15\/wp-content\/uploads\/2025\/11\/6a3369be503ba25bc7d82600b36ce372-1-256x300.jpg 256w, https:\/\/gicd.inf.um.es\/csidpub\/usuario15\/wp-content\/uploads\/2025\/11\/6a3369be503ba25bc7d82600b36ce372-1-768x902.jpg 768w, https:\/\/gicd.inf.um.es\/csidpub\/usuario15\/wp-content\/uploads\/2025\/11\/6a3369be503ba25bc7d82600b36ce372-1-1024x1202.jpg 1024w, https:\/\/gicd.inf.um.es\/csidpub\/usuario15\/wp-content\/uploads\/2025\/11\/6a3369be503ba25bc7d82600b36ce372-1.jpg 1200w\" sizes=\"auto, (max-width: 872px) 100vw, 872px\" \/><\/a><\/figure>\n\n\n\n<figure class=\"wp-block-image size-large\"><a href=\"https:\/\/gicd.inf.um.es\/csidpub\/usuario15\/wp-content\/uploads\/2025\/11\/305381043845cc5d847f86b7380e5805-1.jpg\"><img loading=\"lazy\" decoding=\"async\" width=\"564\" height=\"1002\" data-id=\"486\" src=\"https:\/\/gicd.inf.um.es\/csidpub\/usuario15\/wp-content\/uploads\/2025\/11\/305381043845cc5d847f86b7380e5805-1.jpg\" alt=\"4\" class=\"wp-image-486\" srcset=\"https:\/\/gicd.inf.um.es\/csidpub\/usuario15\/wp-content\/uploads\/2025\/11\/305381043845cc5d847f86b7380e5805-1.jpg 564w, https:\/\/gicd.inf.um.es\/csidpub\/usuario15\/wp-content\/uploads\/2025\/11\/305381043845cc5d847f86b7380e5805-1-169x300.jpg 169w\" sizes=\"auto, (max-width: 564px) 100vw, 564px\" \/><\/a><\/figure>\n\n\n\n<figure class=\"wp-block-image size-large\"><a href=\"https:\/\/gicd.inf.um.es\/csidpub\/usuario15\/wp-content\/uploads\/2025\/11\/cfde2b725afd061f32813828b540d436-1.jpg\"><img loading=\"lazy\" decoding=\"async\" width=\"363\" height=\"473\" data-id=\"487\" src=\"https:\/\/gicd.inf.um.es\/csidpub\/usuario15\/wp-content\/uploads\/2025\/11\/cfde2b725afd061f32813828b540d436-1.jpg\" alt=\"5\" class=\"wp-image-487\" srcset=\"https:\/\/gicd.inf.um.es\/csidpub\/usuario15\/wp-content\/uploads\/2025\/11\/cfde2b725afd061f32813828b540d436-1.jpg 363w, https:\/\/gicd.inf.um.es\/csidpub\/usuario15\/wp-content\/uploads\/2025\/11\/cfde2b725afd061f32813828b540d436-1-230x300.jpg 230w\" sizes=\"auto, (max-width: 363px) 100vw, 363px\" \/><\/a><\/figure>\n\n\n\n<figure class=\"wp-block-image size-large\"><a href=\"https:\/\/gicd.inf.um.es\/csidpub\/usuario15\/wp-content\/uploads\/2025\/11\/d8b6adb12226fb22f2e546f15ceab5fe-1.jpg\"><img loading=\"lazy\" decoding=\"async\" width=\"415\" height=\"559\" data-id=\"488\" src=\"https:\/\/gicd.inf.um.es\/csidpub\/usuario15\/wp-content\/uploads\/2025\/11\/d8b6adb12226fb22f2e546f15ceab5fe-1.jpg\" alt=\"6\" class=\"wp-image-488\" srcset=\"https:\/\/gicd.inf.um.es\/csidpub\/usuario15\/wp-content\/uploads\/2025\/11\/d8b6adb12226fb22f2e546f15ceab5fe-1.jpg 415w, https:\/\/gicd.inf.um.es\/csidpub\/usuario15\/wp-content\/uploads\/2025\/11\/d8b6adb12226fb22f2e546f15ceab5fe-1-223x300.jpg 223w\" sizes=\"auto, (max-width: 415px) 100vw, 415px\" \/><\/a><\/figure>\n<\/figure>\n\n\n\n<div class=\"wp-block-cover is-light has-parallax\"><div class=\"wp-block-cover__image-background wp-image-473 size-large has-parallax\" style=\"background-position:50% 50%;background-image:url(https:\/\/gicd.inf.um.es\/csidpub\/usuario15\/wp-content\/uploads\/2025\/11\/CIELO-AZUL-scaled-1-1024x420.jpg)\"><\/div><span aria-hidden=\"true\" class=\"wp-block-cover__background has-background-dim\" style=\"background-color:#5b94e2\"><\/span><div class=\"wp-block-cover__inner-container is-layout-constrained wp-block-cover-is-layout-constrained\">\n<p class=\"has-text-align-left has-pale-cyan-blue-color has-text-color has-link-color has-large-font-size wp-elements-b5b98005406038f993cd4244432e89f5\"><strong>Empieza a crear<\/strong><\/p>\n\n\n\n<p class=\"has-white-color has-text-color has-link-color wp-elements-111cfc4254a7d7b245d7ca54af78b1c4\"><strong>Deja que vuele tu imaginaci\u00f3n<\/strong><\/p>\n<\/div><\/div>\n\n\n\n<p><\/p>\n","protected":false},"excerpt":{"rendered":"<p>En esta Actividad 1 he desarrollado un sitio web organizado en 10 categor\u00edas relacionadas con la publicidad \u2014Agencias destacadas, Anuncios destacados, Creativos influyentes, Historia publicitaria, Inspiraci\u00f3n, Marcas referentes, Noticias del sector publicitario, Recomendaciones de libros publicitarios, Recursos creativos y Tendencias publicitarias\u2014 con el objetivo de reunir y sintetizar los aspectos esenciales que cualquier persona deber\u00eda [&hellip;]<\/p>\n","protected":false},"author":1,"featured_media":0,"parent":0,"menu_order":0,"comment_status":"closed","ping_status":"closed","template":"","meta":{"pgc_sgb_lightbox_settings":"","footnotes":""},"class_list":["post-200","page","type-page","status-publish","hentry"],"_links":{"self":[{"href":"https:\/\/gicd.inf.um.es\/csidpub\/usuario15\/wp-json\/wp\/v2\/pages\/200","targetHints":{"allow":["GET"]}}],"collection":[{"href":"https:\/\/gicd.inf.um.es\/csidpub\/usuario15\/wp-json\/wp\/v2\/pages"}],"about":[{"href":"https:\/\/gicd.inf.um.es\/csidpub\/usuario15\/wp-json\/wp\/v2\/types\/page"}],"author":[{"embeddable":true,"href":"https:\/\/gicd.inf.um.es\/csidpub\/usuario15\/wp-json\/wp\/v2\/users\/1"}],"replies":[{"embeddable":true,"href":"https:\/\/gicd.inf.um.es\/csidpub\/usuario15\/wp-json\/wp\/v2\/comments?post=200"}],"version-history":[{"count":8,"href":"https:\/\/gicd.inf.um.es\/csidpub\/usuario15\/wp-json\/wp\/v2\/pages\/200\/revisions"}],"predecessor-version":[{"id":492,"href":"https:\/\/gicd.inf.um.es\/csidpub\/usuario15\/wp-json\/wp\/v2\/pages\/200\/revisions\/492"}],"wp:attachment":[{"href":"https:\/\/gicd.inf.um.es\/csidpub\/usuario15\/wp-json\/wp\/v2\/media?parent=200"}],"curies":[{"name":"wp","href":"https:\/\/api.w.org\/{rel}","templated":true}]}}