{"id":383,"date":"2025-11-14T13:14:19","date_gmt":"2025-11-14T12:14:19","guid":{"rendered":"https:\/\/gicd.inf.um.es\/csidpub\/usuario18\/?page_id=383"},"modified":"2025-11-22T16:28:49","modified_gmt":"2025-11-22T15:28:49","slug":"todos-los-albumes","status":"publish","type":"page","link":"https:\/\/gicd.inf.um.es\/csidpub\/usuario18\/todos-los-albumes\/","title":{"rendered":"Todos los \u00e1lbumes"},"content":{"rendered":"\n<div class=\"wp-block-columns is-layout-flex wp-container-core-columns-is-layout-9d6595d7 wp-block-columns-is-layout-flex\">\n<div class=\"wp-block-column is-layout-flow wp-block-column-is-layout-flow\" style=\"flex-basis:33.34%\"><\/div>\n\n\n\n<div class=\"wp-block-column is-layout-flow wp-block-column-is-layout-flow\" style=\"flex-basis:33.34%\"><\/div>\n\n\n\n<div class=\"wp-block-column is-layout-flow wp-block-column-is-layout-flow\" style=\"flex-basis:33.33%\"><\/div>\n<\/div>\n\n\n\n<div class=\"wp-block-query is-layout-flow wp-block-query-is-layout-flow\"><ul class=\"wp-block-post-template is-layout-flow wp-block-post-template-is-layout-flow\"><li class=\"wp-block-post post-547 post type-post status-publish format-standard has-post-thumbnail hentry category-ciencia-ficcion category-suspense category-tragedia tag-bucles-temporales tag-desapariciones tag-viajes-en-el-tiempo\">\n\n<div class=\"wp-block-columns alignwide is-layout-flex wp-container-core-columns-is-layout-9d6595d7 wp-block-columns-is-layout-flex\">\n<div class=\"wp-block-column is-layout-flow wp-block-column-is-layout-flow\" style=\"flex-basis:66.66%\"><figure class=\"wp-block-post-featured-image\"><a href=\"https:\/\/gicd.inf.um.es\/csidpub\/usuario18\/the-dark\/\" target=\"_self\"  ><img loading=\"lazy\" decoding=\"async\" width=\"1920\" height=\"1080\" src=\"https:\/\/gicd.inf.um.es\/csidpub\/usuario18\/wp-content\/uploads\/2025\/11\/poster-dark.jpg\" class=\"attachment-post-thumbnail size-post-thumbnail wp-post-image\" alt=\"The Dark\" style=\"object-fit:cover;\" srcset=\"https:\/\/gicd.inf.um.es\/csidpub\/usuario18\/wp-content\/uploads\/2025\/11\/poster-dark.jpg 1920w, https:\/\/gicd.inf.um.es\/csidpub\/usuario18\/wp-content\/uploads\/2025\/11\/poster-dark-300x169.jpg 300w, https:\/\/gicd.inf.um.es\/csidpub\/usuario18\/wp-content\/uploads\/2025\/11\/poster-dark-1024x576.jpg 1024w, https:\/\/gicd.inf.um.es\/csidpub\/usuario18\/wp-content\/uploads\/2025\/11\/poster-dark-768x432.jpg 768w, https:\/\/gicd.inf.um.es\/csidpub\/usuario18\/wp-content\/uploads\/2025\/11\/poster-dark-1536x864.jpg 1536w, https:\/\/gicd.inf.um.es\/csidpub\/usuario18\/wp-content\/uploads\/2025\/11\/poster-dark-1280x720.jpg 1280w\" sizes=\"auto, (max-width: 1920px) 100vw, 1920px\" \/><\/a><\/figure><\/div>\n\n\n\n<div class=\"wp-block-column is-layout-flow wp-block-column-is-layout-flow\" style=\"flex-basis:33.33%\"><h2 class=\"wp-block-post-title\"><a href=\"https:\/\/gicd.inf.um.es\/csidpub\/usuario18\/the-dark\/\" target=\"_self\" >The Dark<\/a><\/h2>\n\n<div class=\"wp-block-post-excerpt\"><p class=\"wp-block-post-excerpt__excerpt\">Tras la desaparici\u00f3n de un ni\u00f1o, cuatro familias desesperadas tratan de entender lo ocurrido a medida que van desvelando un retorcido misterio que abarca tres d\u00e9cadas. <\/p><\/div><\/div>\n<\/div>\n\n<\/li><li class=\"wp-block-post post-550 post type-post status-publish format-standard has-post-thumbnail hentry category-ciencia-ficcion category-drama category-terror tag-distopia tag-nuevas-tecnologias\">\n\n<div class=\"wp-block-columns alignwide is-layout-flex wp-container-core-columns-is-layout-9d6595d7 wp-block-columns-is-layout-flex\">\n<div class=\"wp-block-column is-layout-flow wp-block-column-is-layout-flow\" style=\"flex-basis:66.66%\"><figure class=\"wp-block-post-featured-image\"><a href=\"https:\/\/gicd.inf.um.es\/csidpub\/usuario18\/black-mirror\/\" target=\"_self\"  ><img loading=\"lazy\" decoding=\"async\" width=\"1920\" height=\"1080\" src=\"https:\/\/gicd.inf.um.es\/csidpub\/usuario18\/wp-content\/uploads\/2025\/11\/poster-black-mirror.jpg\" class=\"attachment-post-thumbnail size-post-thumbnail wp-post-image\" alt=\"Black Mirror\" style=\"object-fit:cover;\" srcset=\"https:\/\/gicd.inf.um.es\/csidpub\/usuario18\/wp-content\/uploads\/2025\/11\/poster-black-mirror.jpg 1920w, https:\/\/gicd.inf.um.es\/csidpub\/usuario18\/wp-content\/uploads\/2025\/11\/poster-black-mirror-300x169.jpg 300w, https:\/\/gicd.inf.um.es\/csidpub\/usuario18\/wp-content\/uploads\/2025\/11\/poster-black-mirror-1024x576.jpg 1024w, https:\/\/gicd.inf.um.es\/csidpub\/usuario18\/wp-content\/uploads\/2025\/11\/poster-black-mirror-768x432.jpg 768w, https:\/\/gicd.inf.um.es\/csidpub\/usuario18\/wp-content\/uploads\/2025\/11\/poster-black-mirror-1536x864.jpg 1536w, https:\/\/gicd.inf.um.es\/csidpub\/usuario18\/wp-content\/uploads\/2025\/11\/poster-black-mirror-1280x720.jpg 1280w\" sizes=\"auto, (max-width: 1920px) 100vw, 1920px\" \/><\/a><\/figure><\/div>\n\n\n\n<div class=\"wp-block-column is-layout-flow wp-block-column-is-layout-flow\" style=\"flex-basis:33.33%\"><h2 class=\"wp-block-post-title\"><a href=\"https:\/\/gicd.inf.um.es\/csidpub\/usuario18\/black-mirror\/\" target=\"_self\" >Black Mirror<\/a><\/h2>\n\n<div class=\"wp-block-post-excerpt\"><p class=\"wp-block-post-excerpt__excerpt\">Las historias m\u00e1s retorcidas pueblan esta alucinante serie antol\u00f3gica que muestra los peores rasgos de la humanidad, sus mayores innovaciones y mucho m\u00e1s. <\/p><\/div><\/div>\n<\/div>\n\n<\/li><li class=\"wp-block-post post-379 post type-post status-publish format-standard has-post-thumbnail hentry category-albumes category-urbano-reggaeton\">\n\n<div class=\"wp-block-columns alignwide is-layout-flex wp-container-core-columns-is-layout-9d6595d7 wp-block-columns-is-layout-flex\">\n<div class=\"wp-block-column is-layout-flow wp-block-column-is-layout-flow\" style=\"flex-basis:66.66%\"><figure class=\"wp-block-post-featured-image\"><a href=\"https:\/\/gicd.inf.um.es\/csidpub\/usuario18\/la-joia\/\" target=\"_self\"  ><img loading=\"lazy\" decoding=\"async\" width=\"640\" height=\"640\" src=\"https:\/\/gicd.inf.um.es\/csidpub\/usuario18\/wp-content\/uploads\/2025\/11\/bg-4.jpg\" class=\"attachment-post-thumbnail size-post-thumbnail wp-post-image\" alt=\"La Joia\" style=\"object-fit:cover;\" srcset=\"https:\/\/gicd.inf.um.es\/csidpub\/usuario18\/wp-content\/uploads\/2025\/11\/bg-4.jpg 640w, https:\/\/gicd.inf.um.es\/csidpub\/usuario18\/wp-content\/uploads\/2025\/11\/bg-4-300x300.jpg 300w, https:\/\/gicd.inf.um.es\/csidpub\/usuario18\/wp-content\/uploads\/2025\/11\/bg-4-150x150.jpg 150w\" sizes=\"auto, (max-width: 640px) 100vw, 640px\" \/><\/a><\/figure><\/div>\n\n\n\n<div class=\"wp-block-column is-layout-flow wp-block-column-is-layout-flow\" style=\"flex-basis:33.33%\"><h2 class=\"wp-block-post-title\"><a href=\"https:\/\/gicd.inf.um.es\/csidpub\/usuario18\/la-joia\/\" target=\"_self\" >La Joia<\/a><\/h2>\n\n<div class=\"wp-block-post-excerpt\"><p class=\"wp-block-post-excerpt__excerpt\">Informaci\u00f3n del \u00e1lbum La Joia es el primer \u00e1lbum de estudio de Bad Gyal, lanzado el 26 de enero de 2024. Antes de este proyecto, la artista hab\u00eda publicado mixtapes y EPs como Slow Wine Mixtape (2016) o Worldwide Angel (2018), pero La Joia es considerado oficialmente su debut discogr\u00e1fico.El \u00e1lbum mezcla reguet\u00f3n, dancehall, dembow&hellip; <\/p><\/div><\/div>\n<\/div>\n\n<\/li><li class=\"wp-block-post post-376 post type-post status-publish format-standard has-post-thumbnail hentry category-albumes category-pop category-urbano-reggaeton\">\n\n<div class=\"wp-block-columns alignwide is-layout-flex wp-container-core-columns-is-layout-9d6595d7 wp-block-columns-is-layout-flex\">\n<div class=\"wp-block-column is-layout-flow wp-block-column-is-layout-flow\" style=\"flex-basis:66.66%\"><figure class=\"wp-block-post-featured-image\"><a href=\"https:\/\/gicd.inf.um.es\/csidpub\/usuario18\/el-madrileno\/\" target=\"_self\"  ><img loading=\"lazy\" decoding=\"async\" width=\"615\" height=\"980\" src=\"https:\/\/gicd.inf.um.es\/csidpub\/usuario18\/wp-content\/uploads\/2025\/11\/el-madrileno.jpg\" class=\"attachment-post-thumbnail size-post-thumbnail wp-post-image\" alt=\"El Madrile\u00f1o\" style=\"object-fit:cover;\" srcset=\"https:\/\/gicd.inf.um.es\/csidpub\/usuario18\/wp-content\/uploads\/2025\/11\/el-madrileno.jpg 615w, https:\/\/gicd.inf.um.es\/csidpub\/usuario18\/wp-content\/uploads\/2025\/11\/el-madrileno-188x300.jpg 188w\" sizes=\"auto, (max-width: 615px) 100vw, 615px\" \/><\/a><\/figure><\/div>\n\n\n\n<div class=\"wp-block-column is-layout-flow wp-block-column-is-layout-flow\" style=\"flex-basis:33.33%\"><h2 class=\"wp-block-post-title\"><a href=\"https:\/\/gicd.inf.um.es\/csidpub\/usuario18\/el-madrileno\/\" target=\"_self\" >El Madrile\u00f1o<\/a><\/h2>\n\n<div class=\"wp-block-post-excerpt\"><p class=\"wp-block-post-excerpt__excerpt\">Informaci\u00f3n del \u00e1lbum El Madrile\u00f1o es el segundo \u00e1lbum de estudio de C. Tangana, lanzado el 26 de febrero de 2021. El disco mezcla pop urbano con g\u00e9neros tradicionales como la rumba, la bachata, el flamenco y la m\u00fasica latinoamericana, creando un sonido \u00fanico y revolucionario. Con colaboraciones de artistas como Gipsy Kings, Jorge Drexler,&hellip; <\/p><\/div><\/div>\n<\/div>\n\n<\/li><li class=\"wp-block-post post-358 post type-post status-publish format-standard has-post-thumbnail hentry category-albumes category-rock-alternativo\">\n\n<div class=\"wp-block-columns alignwide is-layout-flex wp-container-core-columns-is-layout-9d6595d7 wp-block-columns-is-layout-flex\">\n<div class=\"wp-block-column is-layout-flow wp-block-column-is-layout-flow\" style=\"flex-basis:66.66%\"><figure class=\"wp-block-post-featured-image\"><a href=\"https:\/\/gicd.inf.um.es\/csidpub\/usuario18\/am\/\" target=\"_self\"  ><img loading=\"lazy\" decoding=\"async\" width=\"480\" height=\"360\" src=\"https:\/\/gicd.inf.um.es\/csidpub\/usuario18\/wp-content\/uploads\/2025\/11\/am-2.jpg\" class=\"attachment-post-thumbnail size-post-thumbnail wp-post-image\" alt=\"AM\" style=\"object-fit:cover;\" srcset=\"https:\/\/gicd.inf.um.es\/csidpub\/usuario18\/wp-content\/uploads\/2025\/11\/am-2.jpg 480w, https:\/\/gicd.inf.um.es\/csidpub\/usuario18\/wp-content\/uploads\/2025\/11\/am-2-300x225.jpg 300w\" sizes=\"auto, (max-width: 480px) 100vw, 480px\" \/><\/a><\/figure><\/div>\n\n\n\n<div class=\"wp-block-column is-layout-flow wp-block-column-is-layout-flow\" style=\"flex-basis:33.33%\"><h2 class=\"wp-block-post-title\"><a href=\"https:\/\/gicd.inf.um.es\/csidpub\/usuario18\/am\/\" target=\"_self\" >AM<\/a><\/h2>\n\n<div class=\"wp-block-post-excerpt\"><p class=\"wp-block-post-excerpt__excerpt\">Informaci\u00f3n del \u00e1lbum AM es el quinto \u00e1lbum de estudio de Arctic Monkeys, lanzado el 9 de septiembre de 2013. El disco mezcla rock alternativo con influencias de R&amp;B, hip-hop y sonidos setenteros, dando como resultado un estilo oscuro, seductor y muy caracter\u00edstico. Gracias a temas ic\u00f3nicos como Do I Wanna Know?, R U Mine?&hellip; <\/p><\/div><\/div>\n<\/div>\n\n<\/li><li class=\"wp-block-post post-356 post type-post status-publish format-standard has-post-thumbnail hentry category-albumes category-electronica-synth-pop category-pop\">\n\n<div class=\"wp-block-columns alignwide is-layout-flex wp-container-core-columns-is-layout-9d6595d7 wp-block-columns-is-layout-flex\">\n<div class=\"wp-block-column is-layout-flow wp-block-column-is-layout-flow\" style=\"flex-basis:66.66%\"><figure class=\"wp-block-post-featured-image\"><a href=\"https:\/\/gicd.inf.um.es\/csidpub\/usuario18\/after-hours\/\" target=\"_self\"  ><img loading=\"lazy\" decoding=\"async\" width=\"736\" height=\"736\" src=\"https:\/\/gicd.inf.um.es\/csidpub\/usuario18\/wp-content\/uploads\/2025\/11\/the-weekend-2.jpg\" class=\"attachment-post-thumbnail size-post-thumbnail wp-post-image\" alt=\"After Hours\" style=\"object-fit:cover;\" srcset=\"https:\/\/gicd.inf.um.es\/csidpub\/usuario18\/wp-content\/uploads\/2025\/11\/the-weekend-2.jpg 736w, https:\/\/gicd.inf.um.es\/csidpub\/usuario18\/wp-content\/uploads\/2025\/11\/the-weekend-2-300x300.jpg 300w, https:\/\/gicd.inf.um.es\/csidpub\/usuario18\/wp-content\/uploads\/2025\/11\/the-weekend-2-150x150.jpg 150w\" sizes=\"auto, (max-width: 736px) 100vw, 736px\" \/><\/a><\/figure><\/div>\n\n\n\n<div class=\"wp-block-column is-layout-flow wp-block-column-is-layout-flow\" style=\"flex-basis:33.33%\"><h2 class=\"wp-block-post-title\"><a href=\"https:\/\/gicd.inf.um.es\/csidpub\/usuario18\/after-hours\/\" target=\"_self\" >After Hours<\/a><\/h2>\n\n<div class=\"wp-block-post-excerpt\"><p class=\"wp-block-post-excerpt__excerpt\">Informaci\u00f3n del \u00e1lbum After Hours es el cuarto \u00e1lbum de estudio de The Weeknd, lanzado el 20 de marzo de 2020. El proyecto combina synth-pop, R&amp;B oscuro y sonidos inspirados en los a\u00f1os 80, creando una est\u00e9tica nocturna y cinematogr\u00e1fica. Con sencillos como Blinding Lights, Heartless y Save Your Tears, el \u00e1lbum rompi\u00f3 r\u00e9cords globales&hellip; <\/p><\/div><\/div>\n<\/div>\n\n<\/li><li class=\"wp-block-post post-342 post type-post status-publish format-standard has-post-thumbnail hentry category-albumes category-urbano-reggaeton\">\n\n<div class=\"wp-block-columns alignwide is-layout-flex wp-container-core-columns-is-layout-9d6595d7 wp-block-columns-is-layout-flex\">\n<div class=\"wp-block-column is-layout-flow wp-block-column-is-layout-flow\" style=\"flex-basis:66.66%\"><figure class=\"wp-block-post-featured-image\"><a href=\"https:\/\/gicd.inf.um.es\/csidpub\/usuario18\/buenas-noches\/\" target=\"_self\"  ><img loading=\"lazy\" decoding=\"async\" width=\"645\" height=\"860\" src=\"https:\/\/gicd.inf.um.es\/csidpub\/usuario18\/wp-content\/uploads\/2025\/11\/quevedo-edited.jpg\" class=\"attachment-post-thumbnail size-post-thumbnail wp-post-image\" alt=\"Buenas Noches\" style=\"object-fit:cover;\" srcset=\"https:\/\/gicd.inf.um.es\/csidpub\/usuario18\/wp-content\/uploads\/2025\/11\/quevedo-edited.jpg 645w, https:\/\/gicd.inf.um.es\/csidpub\/usuario18\/wp-content\/uploads\/2025\/11\/quevedo-edited-225x300.jpg 225w\" sizes=\"auto, (max-width: 645px) 100vw, 645px\" \/><\/a><\/figure><\/div>\n\n\n\n<div class=\"wp-block-column is-layout-flow wp-block-column-is-layout-flow\" style=\"flex-basis:33.33%\"><h2 class=\"wp-block-post-title\"><a href=\"https:\/\/gicd.inf.um.es\/csidpub\/usuario18\/buenas-noches\/\" target=\"_self\" >Buenas Noches<\/a><\/h2>\n\n<div class=\"wp-block-post-excerpt\"><p class=\"wp-block-post-excerpt__excerpt\">Informaci\u00f3n del \u00e1lbum Buenas noches es el segundo \u00e1lbum de estudio del cantante espa\u00f1ol Quevedo, lanzado el 22 de noviembre de 2024 a trav\u00e9s de Rimas Entertainment. El disco contiene 18 canciones y marca la vuelta de Quevedo tras un par\u00f3n de nueve meses, explorando estilos urbanos, reguet\u00f3n y trap latino con colaboraciones como Aitana,&hellip; <\/p><\/div><\/div>\n<\/div>\n\n<\/li><li class=\"wp-block-post post-330 post type-post status-publish format-standard has-post-thumbnail hentry category-albumes category-albumes-del-ano category-electronica-synth-pop category-pop\">\n\n<div class=\"wp-block-columns alignwide is-layout-flex wp-container-core-columns-is-layout-9d6595d7 wp-block-columns-is-layout-flex\">\n<div class=\"wp-block-column is-layout-flow wp-block-column-is-layout-flow\" style=\"flex-basis:66.66%\"><figure class=\"wp-block-post-featured-image\"><a href=\"https:\/\/gicd.inf.um.es\/csidpub\/usuario18\/the-life-of-a-showgirl\/\" target=\"_self\"  ><img loading=\"lazy\" decoding=\"async\" width=\"736\" height=\"736\" src=\"https:\/\/gicd.inf.um.es\/csidpub\/usuario18\/wp-content\/uploads\/2025\/11\/taylor-2.jpg\" class=\"attachment-post-thumbnail size-post-thumbnail wp-post-image\" alt=\"The Life of a Showgirl\" style=\"object-fit:cover;\" srcset=\"https:\/\/gicd.inf.um.es\/csidpub\/usuario18\/wp-content\/uploads\/2025\/11\/taylor-2.jpg 736w, https:\/\/gicd.inf.um.es\/csidpub\/usuario18\/wp-content\/uploads\/2025\/11\/taylor-2-300x300.jpg 300w, https:\/\/gicd.inf.um.es\/csidpub\/usuario18\/wp-content\/uploads\/2025\/11\/taylor-2-150x150.jpg 150w\" sizes=\"auto, (max-width: 736px) 100vw, 736px\" \/><\/a><\/figure><\/div>\n\n\n\n<div class=\"wp-block-column is-layout-flow wp-block-column-is-layout-flow\" style=\"flex-basis:33.33%\"><h2 class=\"wp-block-post-title\"><a href=\"https:\/\/gicd.inf.um.es\/csidpub\/usuario18\/the-life-of-a-showgirl\/\" target=\"_self\" >The Life of a Showgirl<\/a><\/h2>\n\n<div class=\"wp-block-post-excerpt\"><p class=\"wp-block-post-excerpt__excerpt\">Informaci\u00f3n del \u00e1lbum he Life of a Showgirl es el duod\u00e9cimo \u00e1lbum de estudio de Taylor Swift, lanzado el 3 de octubre de 2025. Fue concebido durante su gira \u201cEras Tour\u201d y grabado en Suecia con los productores Max Martin y Shellback. El \u00e1lbum mezcla pop retro-disco, soft rock y una est\u00e9tica teatral de showgirl,&hellip; <\/p><\/div><\/div>\n<\/div>\n\n<\/li><li class=\"wp-block-post post-321 post type-post status-publish format-standard has-post-thumbnail hentry category-albumes category-urbano-reggaeton\">\n\n<div class=\"wp-block-columns alignwide is-layout-flex wp-container-core-columns-is-layout-9d6595d7 wp-block-columns-is-layout-flex\">\n<div class=\"wp-block-column is-layout-flow wp-block-column-is-layout-flow\" style=\"flex-basis:66.66%\"><figure class=\"wp-block-post-featured-image\"><a href=\"https:\/\/gicd.inf.um.es\/csidpub\/usuario18\/debi-tirar-mas-fotos\/\" target=\"_self\"  ><img loading=\"lazy\" decoding=\"async\" width=\"736\" height=\"736\" src=\"https:\/\/gicd.inf.um.es\/csidpub\/usuario18\/wp-content\/uploads\/2025\/11\/dtmf.jpg\" class=\"attachment-post-thumbnail size-post-thumbnail wp-post-image\" alt=\"DeB\u00cd TiRAR M\u00e1S FOToS\" style=\"object-fit:cover;\" srcset=\"https:\/\/gicd.inf.um.es\/csidpub\/usuario18\/wp-content\/uploads\/2025\/11\/dtmf.jpg 736w, https:\/\/gicd.inf.um.es\/csidpub\/usuario18\/wp-content\/uploads\/2025\/11\/dtmf-300x300.jpg 300w, https:\/\/gicd.inf.um.es\/csidpub\/usuario18\/wp-content\/uploads\/2025\/11\/dtmf-150x150.jpg 150w\" sizes=\"auto, (max-width: 736px) 100vw, 736px\" \/><\/a><\/figure><\/div>\n\n\n\n<div class=\"wp-block-column is-layout-flow wp-block-column-is-layout-flow\" style=\"flex-basis:33.33%\"><h2 class=\"wp-block-post-title\"><a href=\"https:\/\/gicd.inf.um.es\/csidpub\/usuario18\/debi-tirar-mas-fotos\/\" target=\"_self\" >DeB\u00cd TiRAR M\u00e1S FOToS<\/a><\/h2>\n\n<div class=\"wp-block-post-excerpt\"><p class=\"wp-block-post-excerpt__excerpt\">Informaci\u00f3n del \u00e1lbum DeB\u00cd TiRAR M\u00e1S FOToS es el sexto \u00e1lbum de estudio en solitario del artista puertorrique\u00f1o Bad Bunny, lanzado el 5 de enero de 2025 a trav\u00e9s del sello Rimas Entertainment. El disco fusiona reguet\u00f3n, house y g\u00e9neros tradicionales de Puerto Rico como la plena y la salsa, explorando su herencia cultural e&hellip; <\/p><\/div><\/div>\n<\/div>\n\n<\/li><li class=\"wp-block-post post-315 post type-post status-publish format-standard has-post-thumbnail hentry category-albumes category-albumes-del-ano category-pop category-ultimos-lanzamientos\">\n\n<div class=\"wp-block-columns alignwide is-layout-flex wp-container-core-columns-is-layout-9d6595d7 wp-block-columns-is-layout-flex\">\n<div class=\"wp-block-column is-layout-flow wp-block-column-is-layout-flow\" style=\"flex-basis:66.66%\"><figure class=\"wp-block-post-featured-image\"><a href=\"https:\/\/gicd.inf.um.es\/csidpub\/usuario18\/mans-best-friend\/\" target=\"_self\"  ><img loading=\"lazy\" decoding=\"async\" width=\"735\" height=\"734\" src=\"https:\/\/gicd.inf.um.es\/csidpub\/usuario18\/wp-content\/uploads\/2025\/11\/sabrina-3.jpg\" class=\"attachment-post-thumbnail size-post-thumbnail wp-post-image\" alt=\"Man&#8217;s best friend\" style=\"object-fit:cover;\" srcset=\"https:\/\/gicd.inf.um.es\/csidpub\/usuario18\/wp-content\/uploads\/2025\/11\/sabrina-3.jpg 735w, https:\/\/gicd.inf.um.es\/csidpub\/usuario18\/wp-content\/uploads\/2025\/11\/sabrina-3-300x300.jpg 300w, https:\/\/gicd.inf.um.es\/csidpub\/usuario18\/wp-content\/uploads\/2025\/11\/sabrina-3-150x150.jpg 150w\" sizes=\"auto, (max-width: 735px) 100vw, 735px\" \/><\/a><\/figure><\/div>\n\n\n\n<div class=\"wp-block-column is-layout-flow wp-block-column-is-layout-flow\" style=\"flex-basis:33.33%\"><h2 class=\"wp-block-post-title\"><a href=\"https:\/\/gicd.inf.um.es\/csidpub\/usuario18\/mans-best-friend\/\" target=\"_self\" >Man&#8217;s best friend<\/a><\/h2>\n\n<div class=\"wp-block-post-excerpt\"><p class=\"wp-block-post-excerpt__excerpt\">Informaci\u00f3n del \u00e1lbum Man\u2019s Best Friend es el s\u00e9ptimo \u00e1lbum de estudio de Sabrina Carpenter, lanzado el 29 de agosto de 2025 por Island Records. El disco explora principalmente el pop con influencias de disco-pop, funk, R&amp;B y synth-rock, y fue producido junto a Jack Antonoff y John Ryan.El \u00e1lbum debut\u00f3 en el n\u00famero 1&hellip; <\/p><\/div><\/div>\n<\/div>\n\n<\/li><\/ul><\/div>\n","protected":false},"excerpt":{"rendered":"","protected":false},"author":1,"featured_media":0,"parent":0,"menu_order":3,"comment_status":"closed","ping_status":"closed","template":"","meta":{"pgc_sgb_lightbox_settings":"","footnotes":""},"class_list":["post-383","page","type-page","status-publish","hentry"],"_links":{"self":[{"href":"https:\/\/gicd.inf.um.es\/csidpub\/usuario18\/wp-json\/wp\/v2\/pages\/383","targetHints":{"allow":["GET"]}}],"collection":[{"href":"https:\/\/gicd.inf.um.es\/csidpub\/usuario18\/wp-json\/wp\/v2\/pages"}],"about":[{"href":"https:\/\/gicd.inf.um.es\/csidpub\/usuario18\/wp-json\/wp\/v2\/types\/page"}],"author":[{"embeddable":true,"href":"https:\/\/gicd.inf.um.es\/csidpub\/usuario18\/wp-json\/wp\/v2\/users\/1"}],"replies":[{"embeddable":true,"href":"https:\/\/gicd.inf.um.es\/csidpub\/usuario18\/wp-json\/wp\/v2\/comments?post=383"}],"version-history":[{"count":10,"href":"https:\/\/gicd.inf.um.es\/csidpub\/usuario18\/wp-json\/wp\/v2\/pages\/383\/revisions"}],"predecessor-version":[{"id":480,"href":"https:\/\/gicd.inf.um.es\/csidpub\/usuario18\/wp-json\/wp\/v2\/pages\/383\/revisions\/480"}],"wp:attachment":[{"href":"https:\/\/gicd.inf.um.es\/csidpub\/usuario18\/wp-json\/wp\/v2\/media?parent=383"}],"curies":[{"name":"wp","href":"https:\/\/api.w.org\/{rel}","templated":true}]}}