{"id":182,"date":"2025-11-16T00:37:14","date_gmt":"2025-11-15T23:37:14","guid":{"rendered":"https:\/\/gicd.inf.um.es\/csidpub\/usuario20\/?page_id=182"},"modified":"2025-11-26T00:22:04","modified_gmt":"2025-11-25T23:22:04","slug":"actividad-1","status":"publish","type":"page","link":"https:\/\/gicd.inf.um.es\/csidpub\/usuario20\/actividad-1\/","title":{"rendered":"Videojuegos"},"content":{"rendered":"\n<p>Este micrositio es un espacio dedicado a los amantes de los videojuegos. Podremos observar diferentes videojuegos junto a ciertas categor\u00edas que nos dar\u00e1n informaci\u00f3n relevante de cada uno de ellos. Es aconsejable disfrutar y saber que los juegos que vamos a ense\u00f1ar son aut\u00e9nticas obras maestras, consideradas piezas audiovisuales \u00fanicas en el mundillo de los videojuegos. Aqu\u00ed os dejamos cada una de las subcategor\u00edas que tendr\u00e1 este micrositio.<\/p>\n\n\n\n<div class=\"wp-block-cover\"><img loading=\"lazy\" decoding=\"async\" width=\"1024\" height=\"576\" class=\"wp-block-cover__image-background wp-image-193 size-large\" alt=\"imagen hero\n\" src=\"https:\/\/gicd.inf.um.es\/csidpub\/usuario20\/wp-content\/uploads\/2025\/11\/thumb-1920-552489_a5yx.1280-1024x576.webp\" data-object-fit=\"cover\" srcset=\"https:\/\/gicd.inf.um.es\/csidpub\/usuario20\/wp-content\/uploads\/2025\/11\/thumb-1920-552489_a5yx.1280-1024x576.webp 1024w, https:\/\/gicd.inf.um.es\/csidpub\/usuario20\/wp-content\/uploads\/2025\/11\/thumb-1920-552489_a5yx.1280-300x169.webp 300w, https:\/\/gicd.inf.um.es\/csidpub\/usuario20\/wp-content\/uploads\/2025\/11\/thumb-1920-552489_a5yx.1280-768x432.webp 768w, https:\/\/gicd.inf.um.es\/csidpub\/usuario20\/wp-content\/uploads\/2025\/11\/thumb-1920-552489_a5yx.1280.webp 1280w\" sizes=\"auto, (max-width: 1024px) 100vw, 1024px\" \/><span aria-hidden=\"true\" class=\"wp-block-cover__background has-background-dim\" style=\"background-color:#4a4354\"><\/span><div class=\"wp-block-cover__inner-container is-layout-constrained wp-block-cover-is-layout-constrained\">\n<h1 class=\"wp-block-heading has-text-align-center has-white-color has-text-color has-link-color has-large-font-size wp-elements-38acaef8454261c280d2222979a699cb\"> Micrositio de Videojuegos<\/h1>\n\n\n\n<p class=\"has-text-align-center\"><strong>Gu\u00edas, rese\u00f1as y todo lo que necesitas para jugar mejor.<\/strong><\/p>\n<\/div><\/div>\n\n\n\n<h2 class=\"wp-block-heading has-text-align-center\">Secciones<\/h2>\n\n\n\n<div class=\"wp-block-columns is-layout-flex wp-container-core-columns-is-layout-9d6595d7 wp-block-columns-is-layout-flex\">\n<div class=\"wp-block-column is-layout-flow wp-block-column-is-layout-flow\">\n<figure class=\"wp-block-image size-full\"><img loading=\"lazy\" decoding=\"async\" width=\"1000\" height=\"525\" src=\"https:\/\/gicd.inf.um.es\/csidpub\/usuario20\/wp-content\/uploads\/2025\/11\/resenas.jpg\" alt=\"rese\u00f1as\" class=\"wp-image-196\" style=\"aspect-ratio:1;object-fit:cover\" srcset=\"https:\/\/gicd.inf.um.es\/csidpub\/usuario20\/wp-content\/uploads\/2025\/11\/resenas.jpg 1000w, https:\/\/gicd.inf.um.es\/csidpub\/usuario20\/wp-content\/uploads\/2025\/11\/resenas-300x158.jpg 300w, https:\/\/gicd.inf.um.es\/csidpub\/usuario20\/wp-content\/uploads\/2025\/11\/resenas-768x403.jpg 768w\" sizes=\"auto, (max-width: 1000px) 100vw, 1000px\" \/><\/figure>\n\n\n\n<h3 class=\"wp-block-heading has-text-align-center\">Rese\u00f1as<\/h3>\n\n\n\n<p>An\u00e1lisis en profundidad de los \u00faltimos juegos.<\/p>\n\n\n\n<div class=\"wp-block-buttons is-layout-flex wp-block-buttons-is-layout-flex\">\n<div class=\"wp-block-button\"><a class=\"wp-block-button__link has-black-background-color has-background wp-element-button\" href=\"https:\/\/gicd.inf.um.es\/csidpub\/usuario20\/category\/actividad-1\/resenas-videojuego\/\">Ver<\/a><\/div>\n<\/div>\n<\/div>\n\n\n\n<div class=\"wp-block-column is-layout-flow wp-block-column-is-layout-flow\">\n<figure class=\"wp-block-image size-full\"><img loading=\"lazy\" decoding=\"async\" width=\"800\" height=\"535\" src=\"https:\/\/gicd.inf.um.es\/csidpub\/usuario20\/wp-content\/uploads\/2025\/11\/guia_compressed.jpg\" alt=\"gu\u00edas y trucos\" class=\"wp-image-200\" style=\"aspect-ratio:1;object-fit:cover\" srcset=\"https:\/\/gicd.inf.um.es\/csidpub\/usuario20\/wp-content\/uploads\/2025\/11\/guia_compressed.jpg 800w, https:\/\/gicd.inf.um.es\/csidpub\/usuario20\/wp-content\/uploads\/2025\/11\/guia_compressed-300x201.jpg 300w, https:\/\/gicd.inf.um.es\/csidpub\/usuario20\/wp-content\/uploads\/2025\/11\/guia_compressed-768x514.jpg 768w\" sizes=\"auto, (max-width: 800px) 100vw, 800px\" \/><\/figure>\n\n\n\n<h3 class=\"wp-block-heading has-text-align-center\">Gu\u00edas y trucos<\/h3>\n\n\n\n<p>Consejos paso a paso para pasarte lo dif\u00edcil.<\/p>\n\n\n\n<div class=\"wp-block-buttons is-layout-flex wp-block-buttons-is-layout-flex\">\n<div class=\"wp-block-button\"><a class=\"wp-block-button__link has-white-color has-black-background-color has-text-color has-background has-link-color wp-element-button\" href=\"https:\/\/gicd.inf.um.es\/csidpub\/usuario20\/category\/actividad-1\/guiasytrucos-videojuego\/\">Ver<\/a><\/div>\n<\/div>\n<\/div>\n\n\n\n<div class=\"wp-block-column is-layout-flow wp-block-column-is-layout-flow\">\n<figure class=\"wp-block-image size-large\"><img loading=\"lazy\" decoding=\"async\" width=\"1024\" height=\"576\" src=\"https:\/\/gicd.inf.um.es\/csidpub\/usuario20\/wp-content\/uploads\/2025\/11\/historia-1024x576.jpeg\" alt=\"historia del videojuego\" class=\"wp-image-201\" style=\"aspect-ratio:1;object-fit:cover\" srcset=\"https:\/\/gicd.inf.um.es\/csidpub\/usuario20\/wp-content\/uploads\/2025\/11\/historia-1024x576.jpeg 1024w, https:\/\/gicd.inf.um.es\/csidpub\/usuario20\/wp-content\/uploads\/2025\/11\/historia-300x169.jpeg 300w, https:\/\/gicd.inf.um.es\/csidpub\/usuario20\/wp-content\/uploads\/2025\/11\/historia-768x432.jpeg 768w, https:\/\/gicd.inf.um.es\/csidpub\/usuario20\/wp-content\/uploads\/2025\/11\/historia.jpeg 1280w\" sizes=\"auto, (max-width: 1024px) 100vw, 1024px\" \/><\/figure>\n\n\n\n<h3 class=\"wp-block-heading has-text-align-center\">Historia del videojuego<\/h3>\n\n\n\n<p>C\u00f3mo han evolucionado los videojuegos.<\/p>\n\n\n\n<div class=\"wp-block-buttons is-layout-flex wp-block-buttons-is-layout-flex\">\n<div class=\"wp-block-button\"><a class=\"wp-block-button__link has-white-color has-black-background-color has-text-color has-background has-link-color wp-element-button\" href=\"https:\/\/gicd.inf.um.es\/csidpub\/usuario20\/category\/actividad-1\/historia-videojuego\/\">Ver<\/a><\/div>\n<\/div>\n<\/div>\n\n\n\n<div class=\"wp-block-column is-layout-flow wp-block-column-is-layout-flow\">\n<figure class=\"wp-block-image size-large\"><img loading=\"lazy\" decoding=\"async\" width=\"1024\" height=\"683\" src=\"https:\/\/gicd.inf.um.es\/csidpub\/usuario20\/wp-content\/uploads\/2025\/11\/personajes_compressed-1024x683.jpg\" alt=\"personajes destacados\" class=\"wp-image-202\" style=\"aspect-ratio:1;object-fit:cover\" srcset=\"https:\/\/gicd.inf.um.es\/csidpub\/usuario20\/wp-content\/uploads\/2025\/11\/personajes_compressed-1024x683.jpg 1024w, https:\/\/gicd.inf.um.es\/csidpub\/usuario20\/wp-content\/uploads\/2025\/11\/personajes_compressed-300x200.jpg 300w, https:\/\/gicd.inf.um.es\/csidpub\/usuario20\/wp-content\/uploads\/2025\/11\/personajes_compressed-768x512.jpg 768w, https:\/\/gicd.inf.um.es\/csidpub\/usuario20\/wp-content\/uploads\/2025\/11\/personajes_compressed.jpg 1200w\" sizes=\"auto, (max-width: 1024px) 100vw, 1024px\" \/><\/figure>\n\n\n\n<h3 class=\"wp-block-heading has-text-align-center\">Personajes destacados<\/h3>\n\n\n\n<p>Fichas y curiosidades de personajes.<\/p>\n\n\n\n<div class=\"wp-block-buttons is-layout-flex wp-block-buttons-is-layout-flex\">\n<div class=\"wp-block-button\"><a class=\"wp-block-button__link has-white-color has-black-background-color has-text-color has-background has-link-color wp-element-button\" href=\"https:\/\/gicd.inf.um.es\/csidpub\/usuario20\/category\/actividad-1\/personajes-videojuego\/\">Ver<\/a><\/div>\n<\/div>\n<\/div>\n<\/div>\n\n\n\n<div class=\"wp-block-columns is-layout-flex wp-container-core-columns-is-layout-9d6595d7 wp-block-columns-is-layout-flex\">\n<div class=\"wp-block-column is-layout-flow wp-block-column-is-layout-flow\">\n<figure class=\"wp-block-image size-large\"><img loading=\"lazy\" decoding=\"async\" width=\"1024\" height=\"576\" src=\"https:\/\/gicd.inf.um.es\/csidpub\/usuario20\/wp-content\/uploads\/2025\/11\/novedades_compressed-1024x576.jpg\" alt=\"novedades\" class=\"wp-image-204\" style=\"aspect-ratio:1;object-fit:cover\" srcset=\"https:\/\/gicd.inf.um.es\/csidpub\/usuario20\/wp-content\/uploads\/2025\/11\/novedades_compressed-1024x576.jpg 1024w, https:\/\/gicd.inf.um.es\/csidpub\/usuario20\/wp-content\/uploads\/2025\/11\/novedades_compressed-300x169.jpg 300w, https:\/\/gicd.inf.um.es\/csidpub\/usuario20\/wp-content\/uploads\/2025\/11\/novedades_compressed-768x432.jpg 768w, https:\/\/gicd.inf.um.es\/csidpub\/usuario20\/wp-content\/uploads\/2025\/11\/novedades_compressed-1536x864.jpg 1536w, https:\/\/gicd.inf.um.es\/csidpub\/usuario20\/wp-content\/uploads\/2025\/11\/novedades_compressed-1280x720.jpg 1280w, https:\/\/gicd.inf.um.es\/csidpub\/usuario20\/wp-content\/uploads\/2025\/11\/novedades_compressed.jpg 1600w\" sizes=\"auto, (max-width: 1024px) 100vw, 1024px\" \/><\/figure>\n\n\n\n<h3 class=\"wp-block-heading has-text-align-center\">Novedades<\/h3>\n\n\n\n<p>Lanzamientos y noticias importantes.<\/p>\n\n\n\n<div class=\"wp-block-buttons is-layout-flex wp-block-buttons-is-layout-flex\">\n<div class=\"wp-block-button\"><a class=\"wp-block-button__link has-white-color has-black-background-color has-text-color has-background has-link-color has-text-align-center wp-element-button\" href=\"https:\/\/gicd.inf.um.es\/csidpub\/usuario20\/category\/actividad-1\/novedades-videojuego\/\">Ver<\/a><\/div>\n<\/div>\n<\/div>\n\n\n\n<div class=\"wp-block-column is-layout-flow wp-block-column-is-layout-flow\">\n<figure class=\"wp-block-image size-full\"><img loading=\"lazy\" decoding=\"async\" width=\"800\" height=\"485\" src=\"https:\/\/gicd.inf.um.es\/csidpub\/usuario20\/wp-content\/uploads\/2025\/11\/opinion.jpg\" alt=\"opinion videojuegos\" class=\"wp-image-209\" style=\"aspect-ratio:1;object-fit:cover\" srcset=\"https:\/\/gicd.inf.um.es\/csidpub\/usuario20\/wp-content\/uploads\/2025\/11\/opinion.jpg 800w, https:\/\/gicd.inf.um.es\/csidpub\/usuario20\/wp-content\/uploads\/2025\/11\/opinion-300x182.jpg 300w, https:\/\/gicd.inf.um.es\/csidpub\/usuario20\/wp-content\/uploads\/2025\/11\/opinion-768x466.jpg 768w\" sizes=\"auto, (max-width: 800px) 100vw, 800px\" \/><\/figure>\n\n\n\n<h3 class=\"wp-block-heading has-text-align-center\">Opini\u00f3n<\/h3>\n\n\n\n<p>Art\u00edculos y debates sobre la industria.<\/p>\n\n\n\n<div class=\"wp-block-buttons is-layout-flex wp-block-buttons-is-layout-flex\">\n<div class=\"wp-block-button\"><a class=\"wp-block-button__link has-white-color has-black-background-color has-text-color has-background has-link-color wp-element-button\" href=\"https:\/\/gicd.inf.um.es\/csidpub\/usuario20\/category\/actividad-1\/opinionyensayos-videojuego\/\">Ver<\/a><\/div>\n<\/div>\n<\/div>\n\n\n\n<div class=\"wp-block-column is-layout-flow wp-block-column-is-layout-flow\">\n<figure class=\"wp-block-image size-full\"><img loading=\"lazy\" decoding=\"async\" width=\"700\" height=\"394\" src=\"https:\/\/gicd.inf.um.es\/csidpub\/usuario20\/wp-content\/uploads\/2025\/11\/easports.jpg\" alt=\"easports\" class=\"wp-image-210\" style=\"aspect-ratio:1;object-fit:cover\" srcset=\"https:\/\/gicd.inf.um.es\/csidpub\/usuario20\/wp-content\/uploads\/2025\/11\/easports.jpg 700w, https:\/\/gicd.inf.um.es\/csidpub\/usuario20\/wp-content\/uploads\/2025\/11\/easports-300x169.jpg 300w\" sizes=\"auto, (max-width: 700px) 100vw, 700px\" \/><\/figure>\n\n\n\n<h3 class=\"wp-block-heading has-text-align-center\">Esports<\/h3>\n\n\n\n<p>Resultados, torneos y equipos.<\/p>\n\n\n\n<div class=\"wp-block-buttons is-layout-flex wp-block-buttons-is-layout-flex\">\n<div class=\"wp-block-button\"><a class=\"wp-block-button__link has-white-color has-black-background-color has-text-color has-background has-link-color wp-element-button\" href=\"https:\/\/gicd.inf.um.es\/csidpub\/usuario20\/category\/actividad-1\/esports-videojuego\/\">Ver<\/a><\/div>\n<\/div>\n<\/div>\n\n\n\n<div class=\"wp-block-column is-layout-flow wp-block-column-is-layout-flow\">\n<figure class=\"wp-block-image size-full\"><img loading=\"lazy\" decoding=\"async\" width=\"500\" height=\"333\" src=\"https:\/\/gicd.inf.um.es\/csidpub\/usuario20\/wp-content\/uploads\/2025\/11\/mods.jpeg\" alt=\"mods\" class=\"wp-image-212\" style=\"aspect-ratio:1;object-fit:cover\" srcset=\"https:\/\/gicd.inf.um.es\/csidpub\/usuario20\/wp-content\/uploads\/2025\/11\/mods.jpeg 500w, https:\/\/gicd.inf.um.es\/csidpub\/usuario20\/wp-content\/uploads\/2025\/11\/mods-300x200.jpeg 300w\" sizes=\"auto, (max-width: 500px) 100vw, 500px\" \/><\/figure>\n\n\n\n<h3 class=\"wp-block-heading has-text-align-center\">Mods y comunidad<\/h3>\n\n\n\n<p>Mods que transforman los juegos.<\/p>\n\n\n\n<div class=\"wp-block-buttons is-layout-flex wp-block-buttons-is-layout-flex\">\n<div class=\"wp-block-button\"><a class=\"wp-block-button__link has-white-color has-black-background-color has-text-color has-background has-link-color wp-element-button\" href=\"https:\/\/gicd.inf.um.es\/csidpub\/usuario20\/category\/actividad-1\/mods-videojuego\/\">Ver<\/a><\/div>\n<\/div>\n<\/div>\n<\/div>\n\n\n\n<div class=\"wp-block-columns is-layout-flex wp-container-core-columns-is-layout-9d6595d7 wp-block-columns-is-layout-flex\">\n<div class=\"wp-block-column is-layout-flow wp-block-column-is-layout-flow\">\n<figure class=\"wp-block-image size-full\"><img loading=\"lazy\" decoding=\"async\" width=\"840\" height=\"560\" src=\"https:\/\/gicd.inf.um.es\/csidpub\/usuario20\/wp-content\/uploads\/2025\/11\/galeria.jpg\" alt=\"galer\u00eda\" class=\"wp-image-213\" style=\"aspect-ratio:1;object-fit:cover\" srcset=\"https:\/\/gicd.inf.um.es\/csidpub\/usuario20\/wp-content\/uploads\/2025\/11\/galeria.jpg 840w, https:\/\/gicd.inf.um.es\/csidpub\/usuario20\/wp-content\/uploads\/2025\/11\/galeria-300x200.jpg 300w, https:\/\/gicd.inf.um.es\/csidpub\/usuario20\/wp-content\/uploads\/2025\/11\/galeria-768x512.jpg 768w\" sizes=\"auto, (max-width: 840px) 100vw, 840px\" \/><\/figure>\n\n\n\n<h3 class=\"wp-block-heading has-text-align-center\">Galer\u00eda<\/h3>\n\n\n\n<p>Capturas y arte. \u00a1Mira las mejores im\u00e1genes!<\/p>\n\n\n\n<div class=\"wp-block-buttons is-layout-flex wp-block-buttons-is-layout-flex\">\n<div class=\"wp-block-button\"><a class=\"wp-block-button__link has-white-color has-black-background-color has-text-color has-background has-link-color wp-element-button\" href=\"https:\/\/gicd.inf.um.es\/csidpub\/usuario20\/category\/actividad-1\/galeria-videojuego\/\">Ver<\/a><\/div>\n<\/div>\n<\/div>\n\n\n\n<div class=\"wp-block-column is-layout-flow wp-block-column-is-layout-flow\">\n<figure class=\"wp-block-image size-full\"><img loading=\"lazy\" decoding=\"async\" width=\"375\" height=\"375\" src=\"https:\/\/gicd.inf.um.es\/csidpub\/usuario20\/wp-content\/uploads\/2025\/11\/entrevistas.jpeg\" alt=\"entrevistas\" class=\"wp-image-214\" style=\"aspect-ratio:1;object-fit:cover\" srcset=\"https:\/\/gicd.inf.um.es\/csidpub\/usuario20\/wp-content\/uploads\/2025\/11\/entrevistas.jpeg 375w, https:\/\/gicd.inf.um.es\/csidpub\/usuario20\/wp-content\/uploads\/2025\/11\/entrevistas-300x300.jpeg 300w, https:\/\/gicd.inf.um.es\/csidpub\/usuario20\/wp-content\/uploads\/2025\/11\/entrevistas-150x150.jpeg 150w\" sizes=\"auto, (max-width: 375px) 100vw, 375px\" \/><\/figure>\n\n\n\n<h3 class=\"wp-block-heading has-text-align-center\">Entrevistas<\/h3>\n\n\n\n<p class=\"has-text-align-center\">Charlas con desarrolladores y jugadores<\/p>\n\n\n\n<div class=\"wp-block-buttons is-layout-flex wp-block-buttons-is-layout-flex\">\n<div class=\"wp-block-button\"><a class=\"wp-block-button__link has-white-color has-black-background-color has-text-color has-background has-link-color wp-element-button\" href=\"https:\/\/gicd.inf.um.es\/csidpub\/usuario20\/category\/actividad-1\/entrevistas-videojuego\/\">Ver<\/a><\/div>\n<\/div>\n<\/div>\n\n\n\n<div class=\"wp-block-column is-layout-flow wp-block-column-is-layout-flow\"><\/div>\n\n\n\n<div class=\"wp-block-column is-layout-flow wp-block-column-is-layout-flow\"><\/div>\n<\/div>\n","protected":false},"excerpt":{"rendered":"<p>Este micrositio es un espacio dedicado a los amantes de los videojuegos. Podremos observar diferentes videojuegos junto a ciertas categor\u00edas que nos dar\u00e1n informaci\u00f3n relevante de cada uno de ellos. Es aconsejable disfrutar y saber que los juegos que vamos a ense\u00f1ar son aut\u00e9nticas obras maestras, consideradas piezas audiovisuales \u00fanicas en el mundillo de los [&hellip;]<\/p>\n","protected":false},"author":1,"featured_media":0,"parent":0,"menu_order":0,"comment_status":"closed","ping_status":"closed","template":"templates\/fullwidth.php","meta":{"pgc_sgb_lightbox_settings":"","footnotes":""},"class_list":["post-182","page","type-page","status-publish","hentry"],"_links":{"self":[{"href":"https:\/\/gicd.inf.um.es\/csidpub\/usuario20\/wp-json\/wp\/v2\/pages\/182","targetHints":{"allow":["GET"]}}],"collection":[{"href":"https:\/\/gicd.inf.um.es\/csidpub\/usuario20\/wp-json\/wp\/v2\/pages"}],"about":[{"href":"https:\/\/gicd.inf.um.es\/csidpub\/usuario20\/wp-json\/wp\/v2\/types\/page"}],"author":[{"embeddable":true,"href":"https:\/\/gicd.inf.um.es\/csidpub\/usuario20\/wp-json\/wp\/v2\/users\/1"}],"replies":[{"embeddable":true,"href":"https:\/\/gicd.inf.um.es\/csidpub\/usuario20\/wp-json\/wp\/v2\/comments?post=182"}],"version-history":[{"count":14,"href":"https:\/\/gicd.inf.um.es\/csidpub\/usuario20\/wp-json\/wp\/v2\/pages\/182\/revisions"}],"predecessor-version":[{"id":788,"href":"https:\/\/gicd.inf.um.es\/csidpub\/usuario20\/wp-json\/wp\/v2\/pages\/182\/revisions\/788"}],"wp:attachment":[{"href":"https:\/\/gicd.inf.um.es\/csidpub\/usuario20\/wp-json\/wp\/v2\/media?parent=182"}],"curies":[{"name":"wp","href":"https:\/\/api.w.org\/{rel}","templated":true}]}}