{"id":432,"date":"2025-11-24T20:48:48","date_gmt":"2025-11-24T19:48:48","guid":{"rendered":"https:\/\/gicd.inf.um.es\/csidpub\/usuario25\/?page_id=432"},"modified":"2025-11-24T21:20:24","modified_gmt":"2025-11-24T20:20:24","slug":"toda-la-musica","status":"publish","type":"page","link":"https:\/\/gicd.inf.um.es\/csidpub\/usuario25\/toda-la-musica\/","title":{"rendered":"Toda la m\u00fasica"},"content":{"rendered":"\n<p>Descubre la m\u00fasica espa\u00f1ola en todas sus formas y estilos, de bandas a solistas que han dejado huella. Cada artista aporta su propia voz y sonido, haciendo de la m\u00fasica de Espa\u00f1a algo \u00fanico. Sum\u00e9rgete y disfruta de este recorrido musical.<\/p>\n\n\n<ul class=\"wp-block-latest-posts__list wp-block-latest-posts\"><li><div class=\"wp-block-latest-posts__featured-image alignleft\"><a href=\"https:\/\/gicd.inf.um.es\/csidpub\/usuario25\/viva-suecia\/\" aria-label=\"Viva Suecia\"><img loading=\"lazy\" decoding=\"async\" width=\"150\" height=\"150\" src=\"https:\/\/gicd.inf.um.es\/csidpub\/usuario25\/wp-content\/uploads\/2025\/11\/VIVA-SUECIA-150x150.jpg\" class=\"attachment-thumbnail size-thumbnail wp-post-image\" alt=\"Viva suecia\" style=\"max-width:113px;max-height:113px;\" \/><\/a><\/div><a class=\"wp-block-latest-posts__post-title\" href=\"https:\/\/gicd.inf.um.es\/csidpub\/usuario25\/viva-suecia\/\">Viva Suecia<\/a><div class=\"wp-block-latest-posts__post-excerpt\">Biograf\u00eda Viva Suecia es una banda espa\u00f1ola de indie\/rock formada en 2013 en Murcia por Rafa Val, Alberto Cant\u00faa, Jess&#8230; <a class=\"wp-block-latest-posts__read-more\" href=\"https:\/\/gicd.inf.um.es\/csidpub\/usuario25\/viva-suecia\/\" rel=\"noopener noreferrer\">Lee m\u00e1s<span class=\"screen-reader-text\">: Viva Suecia<\/span><\/a><\/div><\/li>\n<li><div class=\"wp-block-latest-posts__featured-image alignleft\"><a href=\"https:\/\/gicd.inf.um.es\/csidpub\/usuario25\/melendi\/\" aria-label=\"Melendi\"><img loading=\"lazy\" decoding=\"async\" width=\"150\" height=\"150\" src=\"https:\/\/gicd.inf.um.es\/csidpub\/usuario25\/wp-content\/uploads\/2025\/11\/melendi-3-150x150.jpg\" class=\"attachment-thumbnail size-thumbnail wp-post-image\" alt=\"melendi 3\" style=\"max-width:113px;max-height:113px;\" \/><\/a><\/div><a class=\"wp-block-latest-posts__post-title\" href=\"https:\/\/gicd.inf.um.es\/csidpub\/usuario25\/melendi\/\">Melendi<\/a><div class=\"wp-block-latest-posts__post-excerpt\">Biograf\u00eda Ram\u00f3n Melendi es uno de los artistas m\u00e1s famosos del pop espa\u00f1ol. Debut\u00f3 en 2003 con Sin noticias de&#8230; <a class=\"wp-block-latest-posts__read-more\" href=\"https:\/\/gicd.inf.um.es\/csidpub\/usuario25\/melendi\/\" rel=\"noopener noreferrer\">Lee m\u00e1s<span class=\"screen-reader-text\">: Melendi<\/span><\/a><\/div><\/li>\n<li><div class=\"wp-block-latest-posts__featured-image alignleft\"><a href=\"https:\/\/gicd.inf.um.es\/csidpub\/usuario25\/arde-bogota\/\" aria-label=\"Arde Bogot\u00e1\"><img loading=\"lazy\" decoding=\"async\" width=\"150\" height=\"150\" src=\"https:\/\/gicd.inf.um.es\/csidpub\/usuario25\/wp-content\/uploads\/2025\/11\/169938393-1248x1092-1-150x150.webp\" class=\"attachment-thumbnail size-thumbnail wp-post-image\" alt=\"Arde Bogot\u00e1\" style=\"max-width:113px;max-height:113px;\" \/><\/a><\/div><a class=\"wp-block-latest-posts__post-title\" href=\"https:\/\/gicd.inf.um.es\/csidpub\/usuario25\/arde-bogota\/\">Arde Bogot\u00e1<\/a><div class=\"wp-block-latest-posts__post-excerpt\">Biograf\u00eda Arde Bogot\u00e1 es una banda de rock alternativo formada en Cartagena en 2017 por Antonio Garc\u00eda, Dani S\u00e1nchez, Pepe&#8230; <a class=\"wp-block-latest-posts__read-more\" href=\"https:\/\/gicd.inf.um.es\/csidpub\/usuario25\/arde-bogota\/\" rel=\"noopener noreferrer\">Lee m\u00e1s<span class=\"screen-reader-text\">: Arde Bogot\u00e1<\/span><\/a><\/div><\/li>\n<li><div class=\"wp-block-latest-posts__featured-image alignleft\"><a href=\"https:\/\/gicd.inf.um.es\/csidpub\/usuario25\/estopa\/\" aria-label=\"Estopa\"><img loading=\"lazy\" decoding=\"async\" width=\"150\" height=\"150\" src=\"https:\/\/gicd.inf.um.es\/csidpub\/usuario25\/wp-content\/uploads\/2025\/11\/estopa-2-150x150.jpg\" class=\"attachment-thumbnail size-thumbnail wp-post-image\" alt=\"estopa 2\" style=\"max-width:113px;max-height:113px;\" \/><\/a><\/div><a class=\"wp-block-latest-posts__post-title\" href=\"https:\/\/gicd.inf.um.es\/csidpub\/usuario25\/estopa\/\">Estopa<\/a><div class=\"wp-block-latest-posts__post-excerpt\">Biograf\u00eda Estopa es un d\u00fao de rumba formado por los hermanos David y Jos\u00e9 Mu\u00f1oz en Catalu\u00f1a en 1999. Con&#8230; <a class=\"wp-block-latest-posts__read-more\" href=\"https:\/\/gicd.inf.um.es\/csidpub\/usuario25\/estopa\/\" rel=\"noopener noreferrer\">Lee m\u00e1s<span class=\"screen-reader-text\">: Estopa<\/span><\/a><\/div><\/li>\n<li><div class=\"wp-block-latest-posts__featured-image alignleft\"><a href=\"https:\/\/gicd.inf.um.es\/csidpub\/usuario25\/vetusta-morla\/\" aria-label=\"Vetusta Morla\"><img loading=\"lazy\" decoding=\"async\" width=\"150\" height=\"150\" src=\"https:\/\/gicd.inf.um.es\/csidpub\/usuario25\/wp-content\/uploads\/2025\/11\/vetusta_morla-2-1-150x150.jpg\" class=\"attachment-thumbnail size-thumbnail wp-post-image\" alt=\"vetusta_morla 2 (1)\" style=\"max-width:113px;max-height:113px;\" srcset=\"https:\/\/gicd.inf.um.es\/csidpub\/usuario25\/wp-content\/uploads\/2025\/11\/vetusta_morla-2-1-150x150.jpg 150w, https:\/\/gicd.inf.um.es\/csidpub\/usuario25\/wp-content\/uploads\/2025\/11\/vetusta_morla-2-1-300x300.jpg 300w, https:\/\/gicd.inf.um.es\/csidpub\/usuario25\/wp-content\/uploads\/2025\/11\/vetusta_morla-2-1.jpg 600w\" sizes=\"auto, (max-width: 150px) 100vw, 150px\" \/><\/a><\/div><a class=\"wp-block-latest-posts__post-title\" href=\"https:\/\/gicd.inf.um.es\/csidpub\/usuario25\/vetusta-morla\/\">Vetusta Morla<\/a><div class=\"wp-block-latest-posts__post-excerpt\">Biograf\u00eda Vetusta Morla es una de las bandas clave del indie rock espa\u00f1ol. Empezaron en 1998 en Madrid, eran amigos&#8230; <a class=\"wp-block-latest-posts__read-more\" href=\"https:\/\/gicd.inf.um.es\/csidpub\/usuario25\/vetusta-morla\/\" rel=\"noopener noreferrer\">Lee m\u00e1s<span class=\"screen-reader-text\">: Vetusta Morla<\/span><\/a><\/div><\/li>\n<li><div class=\"wp-block-latest-posts__featured-image alignleft\"><a href=\"https:\/\/gicd.inf.um.es\/csidpub\/usuario25\/lori-meyers\/\" aria-label=\"Lori Meyers\"><img loading=\"lazy\" decoding=\"async\" width=\"150\" height=\"150\" src=\"https:\/\/gicd.inf.um.es\/csidpub\/usuario25\/wp-content\/uploads\/2025\/11\/lori-m3-150x150.jpg\" class=\"attachment-thumbnail size-thumbnail wp-post-image\" alt=\"lori m3\" style=\"max-width:113px;max-height:113px;\" \/><\/a><\/div><a class=\"wp-block-latest-posts__post-title\" href=\"https:\/\/gicd.inf.um.es\/csidpub\/usuario25\/lori-meyers\/\">Lori Meyers<\/a><div class=\"wp-block-latest-posts__post-excerpt\">Biograf\u00eda Lori Meyers es una banda de indie rock formada en Granada en 1998. Comenzaron editando maquetas hasta publicar su&#8230; <a class=\"wp-block-latest-posts__read-more\" href=\"https:\/\/gicd.inf.um.es\/csidpub\/usuario25\/lori-meyers\/\" rel=\"noopener noreferrer\">Lee m\u00e1s<span class=\"screen-reader-text\">: Lori Meyers<\/span><\/a><\/div><\/li>\n<li><div class=\"wp-block-latest-posts__featured-image alignleft\"><a href=\"https:\/\/gicd.inf.um.es\/csidpub\/usuario25\/dani-martin\/\" aria-label=\"Dani Mart\u00edn\"><img loading=\"lazy\" decoding=\"async\" width=\"150\" height=\"150\" src=\"https:\/\/gicd.inf.um.es\/csidpub\/usuario25\/wp-content\/uploads\/2025\/11\/DM-150x150.jpeg\" class=\"attachment-thumbnail size-thumbnail wp-post-image\" alt=\"DM\" style=\"max-width:113px;max-height:113px;\" \/><\/a><\/div><a class=\"wp-block-latest-posts__post-title\" href=\"https:\/\/gicd.inf.um.es\/csidpub\/usuario25\/dani-martin\/\">Dani Mart\u00edn<\/a><div class=\"wp-block-latest-posts__post-excerpt\">Biograf\u00eda Dani Mart\u00edn es un cantante madrile\u00f1o, conocido por ser el compositor y l\u00edder del exitoso grupo El Canto del&#8230; <a class=\"wp-block-latest-posts__read-more\" href=\"https:\/\/gicd.inf.um.es\/csidpub\/usuario25\/dani-martin\/\" rel=\"noopener noreferrer\">Lee m\u00e1s<span class=\"screen-reader-text\">: Dani Mart\u00edn<\/span><\/a><\/div><\/li>\n<li><div class=\"wp-block-latest-posts__featured-image alignleft\"><a href=\"https:\/\/gicd.inf.um.es\/csidpub\/usuario25\/dani-fernandez\/\" aria-label=\"Dani Fern\u00e1ndez\"><img loading=\"lazy\" decoding=\"async\" width=\"150\" height=\"150\" src=\"https:\/\/gicd.inf.um.es\/csidpub\/usuario25\/wp-content\/uploads\/2025\/11\/DF-150x150.jpg\" class=\"attachment-thumbnail size-thumbnail wp-post-image\" alt=\"Dani F\" style=\"max-width:113px;max-height:113px;\" srcset=\"https:\/\/gicd.inf.um.es\/csidpub\/usuario25\/wp-content\/uploads\/2025\/11\/DF-150x150.jpg 150w, https:\/\/gicd.inf.um.es\/csidpub\/usuario25\/wp-content\/uploads\/2025\/11\/DF-300x300.jpg 300w, https:\/\/gicd.inf.um.es\/csidpub\/usuario25\/wp-content\/uploads\/2025\/11\/DF-768x768.jpg 768w, https:\/\/gicd.inf.um.es\/csidpub\/usuario25\/wp-content\/uploads\/2025\/11\/DF.jpg 900w\" sizes=\"auto, (max-width: 150px) 100vw, 150px\" \/><\/a><\/div><a class=\"wp-block-latest-posts__post-title\" href=\"https:\/\/gicd.inf.um.es\/csidpub\/usuario25\/dani-fernandez\/\">Dani Fern\u00e1ndez<\/a><div class=\"wp-block-latest-posts__post-excerpt\">Biograf\u00eda Dani Fern\u00e1ndez es un cantante y compositor espa\u00f1ol. Su carrera comenz\u00f3 en 2006, cuando represent\u00f3 a Espa\u00f1a en el&#8230; <a class=\"wp-block-latest-posts__read-more\" href=\"https:\/\/gicd.inf.um.es\/csidpub\/usuario25\/dani-fernandez\/\" rel=\"noopener noreferrer\">Lee m\u00e1s<span class=\"screen-reader-text\">: Dani Fern\u00e1ndez<\/span><\/a><\/div><\/li>\n<li><div class=\"wp-block-latest-posts__featured-image alignleft\"><a href=\"https:\/\/gicd.inf.um.es\/csidpub\/usuario25\/izal\/\" aria-label=\"Izal\"><img loading=\"lazy\" decoding=\"async\" width=\"150\" height=\"150\" src=\"https:\/\/gicd.inf.um.es\/csidpub\/usuario25\/wp-content\/uploads\/2025\/11\/izal-66-150x150.webp\" class=\"attachment-thumbnail size-thumbnail wp-post-image\" alt=\"IZAL\" style=\"max-width:113px;max-height:113px;\" srcset=\"https:\/\/gicd.inf.um.es\/csidpub\/usuario25\/wp-content\/uploads\/2025\/11\/izal-66-150x150.webp 150w, https:\/\/gicd.inf.um.es\/csidpub\/usuario25\/wp-content\/uploads\/2025\/11\/izal-66-300x300.webp 300w, https:\/\/gicd.inf.um.es\/csidpub\/usuario25\/wp-content\/uploads\/2025\/11\/izal-66.webp 624w\" sizes=\"auto, (max-width: 150px) 100vw, 150px\" \/><\/a><\/div><a class=\"wp-block-latest-posts__post-title\" href=\"https:\/\/gicd.inf.um.es\/csidpub\/usuario25\/izal\/\">Izal<\/a><div class=\"wp-block-latest-posts__post-excerpt\">Biograf\u00eda Izal fue un grupo de indie pop espa\u00f1ol formado en Madrid en 2010, liderado por Mikel Izal y completado&#8230; <a class=\"wp-block-latest-posts__read-more\" href=\"https:\/\/gicd.inf.um.es\/csidpub\/usuario25\/izal\/\" rel=\"noopener noreferrer\">Lee m\u00e1s<span class=\"screen-reader-text\">: Izal<\/span><\/a><\/div><\/li>\n<li><div class=\"wp-block-latest-posts__featured-image alignleft\"><a href=\"https:\/\/gicd.inf.um.es\/csidpub\/usuario25\/amaral\/\" aria-label=\"Amaral\"><img loading=\"lazy\" decoding=\"async\" width=\"150\" height=\"150\" src=\"https:\/\/gicd.inf.um.es\/csidpub\/usuario25\/wp-content\/uploads\/2025\/11\/Amaral-y-James-Morrison-principales-novedades-de-la-semana-_-Musica-_-LOS40-150x150.jpeg\" class=\"attachment-thumbnail size-thumbnail wp-post-image\" alt=\"Amaral\" style=\"max-width:113px;max-height:113px;\" \/><\/a><\/div><a class=\"wp-block-latest-posts__post-title\" href=\"https:\/\/gicd.inf.um.es\/csidpub\/usuario25\/amaral\/\">Amaral<\/a><div class=\"wp-block-latest-posts__post-excerpt\">Biograf\u00eda Amaral, d\u00fao formado por Eva Amaral y Juan Aguirre. Desde finales de los 90, han sido referentes con temas&#8230; <a class=\"wp-block-latest-posts__read-more\" href=\"https:\/\/gicd.inf.um.es\/csidpub\/usuario25\/amaral\/\" rel=\"noopener noreferrer\">Lee m\u00e1s<span class=\"screen-reader-text\">: Amaral<\/span><\/a><\/div><\/li>\n<\/ul>","protected":false},"excerpt":{"rendered":"<p>Descubre la m\u00fasica espa\u00f1ola en todas sus formas y estilos, de bandas a solistas que han dejado huella. Cada artista aporta su propia voz y sonido, haciendo de la m\u00fasica de Espa\u00f1a algo \u00fanico. Sum\u00e9rgete y disfruta de este recorrido musical.<\/p>\n","protected":false},"author":1,"featured_media":438,"parent":0,"menu_order":0,"comment_status":"closed","ping_status":"closed","template":"","meta":{"pgc_sgb_lightbox_settings":"","footnotes":""},"class_list":["post-432","page","type-page","status-publish","has-post-thumbnail","hentry"],"_links":{"self":[{"href":"https:\/\/gicd.inf.um.es\/csidpub\/usuario25\/wp-json\/wp\/v2\/pages\/432","targetHints":{"allow":["GET"]}}],"collection":[{"href":"https:\/\/gicd.inf.um.es\/csidpub\/usuario25\/wp-json\/wp\/v2\/pages"}],"about":[{"href":"https:\/\/gicd.inf.um.es\/csidpub\/usuario25\/wp-json\/wp\/v2\/types\/page"}],"author":[{"embeddable":true,"href":"https:\/\/gicd.inf.um.es\/csidpub\/usuario25\/wp-json\/wp\/v2\/users\/1"}],"replies":[{"embeddable":true,"href":"https:\/\/gicd.inf.um.es\/csidpub\/usuario25\/wp-json\/wp\/v2\/comments?post=432"}],"version-history":[{"count":3,"href":"https:\/\/gicd.inf.um.es\/csidpub\/usuario25\/wp-json\/wp\/v2\/pages\/432\/revisions"}],"predecessor-version":[{"id":436,"href":"https:\/\/gicd.inf.um.es\/csidpub\/usuario25\/wp-json\/wp\/v2\/pages\/432\/revisions\/436"}],"wp:featuredmedia":[{"embeddable":true,"href":"https:\/\/gicd.inf.um.es\/csidpub\/usuario25\/wp-json\/wp\/v2\/media\/438"}],"wp:attachment":[{"href":"https:\/\/gicd.inf.um.es\/csidpub\/usuario25\/wp-json\/wp\/v2\/media?parent=432"}],"curies":[{"name":"wp","href":"https:\/\/api.w.org\/{rel}","templated":true}]}}