{"id":140,"date":"2025-11-09T17:33:37","date_gmt":"2025-11-09T16:33:37","guid":{"rendered":"https:\/\/gicd.inf.um.es\/csidpub\/usuario32\/?page_id=140"},"modified":"2025-11-10T17:12:29","modified_gmt":"2025-11-10T16:12:29","slug":"actividad-1","status":"publish","type":"page","link":"https:\/\/gicd.inf.um.es\/csidpub\/usuario32\/actividad-1\/","title":{"rendered":"ACTIVIDAD 1"},"content":{"rendered":"\n<h2 class=\"wp-block-heading has-text-align-center has-vivid-red-color has-black-background-color has-text-color has-background has-link-color has-large-font-size wp-elements-5a751e1f8a3c9e1435fd74165c1727e4\">BIENVENIDO A \u00abEL DIABLO VISTE DE INDITEX\u00bb<\/h2>\n\n\n\n<p class=\"has-text-align-center has-medium-font-size\"><strong>Bienvenidos a <em>El Diablo Viste de Inditex<\/em>, el rinc\u00f3n donde la moda r\u00e1pida se mezcla con la historia, la innovaci\u00f3n y un toque de iron\u00eda. Si pensabas que Inditex era solo Zara, prep\u00e1rate para descubrir el imperio detr\u00e1s de tus looks favoritos.<\/strong><\/p>\n\n\n\n<p class=\"has-text-align-center has-medium-font-size\"><strong>Todo empez\u00f3 en Galicia, all\u00e1 por los a\u00f1os 80, cuando Amancio Ortega decidi\u00f3 que la moda no deb\u00eda ser un lujo reservado para unos pocos. Desde entonces, Inditex se ha convertido en un gigante que marca tendencias a la velocidad de la luz. Hoy, sus marcas \u2014Zara, Pull&amp;Bear, Bershka, Stradivarius, Massimo Dutti, Oysho y Zara Home\u2014 visten a medio planeta y est\u00e1n presentes en casi cada centro comercial del mundo.<\/strong><\/p>\n\n\n\n<p class=\"has-text-align-center\"><strong>Aqu\u00ed vas a encontrar un poco de todo:<\/strong><\/p>\n\n\n\n<p class=\"has-text-align-center has-medium-font-size\"><strong>HISTORIA, MODA, CONOCIMIENTO Y ESTILO<br><\/strong><\/p>\n\n\n\n<figure class=\"wp-block-gallery has-nested-images columns-default is-cropped wp-block-gallery-1 is-layout-flex wp-block-gallery-is-layout-flex\">\n<figure class=\"wp-block-image size-large\"><img loading=\"lazy\" decoding=\"async\" width=\"1024\" height=\"682\" data-id=\"148\" src=\"https:\/\/gicd.inf.um.es\/csidpub\/usuario32\/wp-content\/uploads\/2025\/11\/catwalk-g901f9a77c_1280-1024x682.jpg\" alt=\"\" class=\"wp-image-148\" srcset=\"https:\/\/gicd.inf.um.es\/csidpub\/usuario32\/wp-content\/uploads\/2025\/11\/catwalk-g901f9a77c_1280-1024x682.jpg 1024w, https:\/\/gicd.inf.um.es\/csidpub\/usuario32\/wp-content\/uploads\/2025\/11\/catwalk-g901f9a77c_1280-300x200.jpg 300w, https:\/\/gicd.inf.um.es\/csidpub\/usuario32\/wp-content\/uploads\/2025\/11\/catwalk-g901f9a77c_1280-768x512.jpg 768w, https:\/\/gicd.inf.um.es\/csidpub\/usuario32\/wp-content\/uploads\/2025\/11\/catwalk-g901f9a77c_1280.jpg 1280w\" sizes=\"auto, (max-width: 1024px) 100vw, 1024px\" \/><\/figure>\n\n\n\n<figure class=\"wp-block-image size-large\"><img loading=\"lazy\" decoding=\"async\" width=\"259\" height=\"194\" data-id=\"146\" src=\"https:\/\/gicd.inf.um.es\/csidpub\/usuario32\/wp-content\/uploads\/2025\/11\/images-1-2.jpeg\" alt=\"\" class=\"wp-image-146\"\/><\/figure>\n\n\n\n<figure class=\"wp-block-image size-large\"><img loading=\"lazy\" decoding=\"async\" width=\"400\" height=\"600\" data-id=\"145\" src=\"https:\/\/gicd.inf.um.es\/csidpub\/usuario32\/wp-content\/uploads\/2025\/11\/pasarelas-de-moda-fely-campo.webp\" alt=\"\" class=\"wp-image-145\" srcset=\"https:\/\/gicd.inf.um.es\/csidpub\/usuario32\/wp-content\/uploads\/2025\/11\/pasarelas-de-moda-fely-campo.webp 400w, https:\/\/gicd.inf.um.es\/csidpub\/usuario32\/wp-content\/uploads\/2025\/11\/pasarelas-de-moda-fely-campo-200x300.webp 200w\" sizes=\"auto, (max-width: 400px) 100vw, 400px\" \/><\/figure>\n<\/figure>\n\n\n\n<p class=\"has-text-align-center has-vivid-red-color has-text-color has-link-color has-medium-font-size wp-elements-213819b23d779b15189b9dce99892768\"><strong>Porque s\u00ed, el diablo puede vestir de Prada\u2026<br>Pero tambi\u00e9n compra en Zara.<\/strong><\/p>\n\n\n\n<p><\/p>\n","protected":false},"excerpt":{"rendered":"<p>BIENVENIDO A \u00abEL DIABLO VISTE DE INDITEX\u00bb Bienvenidos a El Diablo Viste de Inditex, el rinc\u00f3n donde la moda r\u00e1pida se mezcla con la historia, la innovaci\u00f3n y un toque de iron\u00eda. Si pensabas que Inditex era solo Zara, prep\u00e1rate para descubrir el imperio detr\u00e1s de tus looks favoritos. Todo empez\u00f3 en Galicia, all\u00e1 por [&hellip;]<\/p>\n","protected":false},"author":1,"featured_media":153,"parent":0,"menu_order":0,"comment_status":"closed","ping_status":"closed","template":"","meta":{"pgc_sgb_lightbox_settings":"","footnotes":""},"class_list":["post-140","page","type-page","status-publish","has-post-thumbnail","hentry"],"_links":{"self":[{"href":"https:\/\/gicd.inf.um.es\/csidpub\/usuario32\/wp-json\/wp\/v2\/pages\/140","targetHints":{"allow":["GET"]}}],"collection":[{"href":"https:\/\/gicd.inf.um.es\/csidpub\/usuario32\/wp-json\/wp\/v2\/pages"}],"about":[{"href":"https:\/\/gicd.inf.um.es\/csidpub\/usuario32\/wp-json\/wp\/v2\/types\/page"}],"author":[{"embeddable":true,"href":"https:\/\/gicd.inf.um.es\/csidpub\/usuario32\/wp-json\/wp\/v2\/users\/1"}],"replies":[{"embeddable":true,"href":"https:\/\/gicd.inf.um.es\/csidpub\/usuario32\/wp-json\/wp\/v2\/comments?post=140"}],"version-history":[{"count":8,"href":"https:\/\/gicd.inf.um.es\/csidpub\/usuario32\/wp-json\/wp\/v2\/pages\/140\/revisions"}],"predecessor-version":[{"id":159,"href":"https:\/\/gicd.inf.um.es\/csidpub\/usuario32\/wp-json\/wp\/v2\/pages\/140\/revisions\/159"}],"wp:featuredmedia":[{"embeddable":true,"href":"https:\/\/gicd.inf.um.es\/csidpub\/usuario32\/wp-json\/wp\/v2\/media\/153"}],"wp:attachment":[{"href":"https:\/\/gicd.inf.um.es\/csidpub\/usuario32\/wp-json\/wp\/v2\/media?parent=140"}],"curies":[{"name":"wp","href":"https:\/\/api.w.org\/{rel}","templated":true}]}}

<h2 class="wp-block-heading has-text-align-center has-vivid-red-color has-black-background-color has-text-color has-background has-link-color has-large-font-size wp-elements-5a751e1f8a3c9e1435fd74165c1727e4">BIENVENIDO A «EL DIABLO VISTE DE INDITEX»</h2>



<p class="has-text-align-center has-medium-font-size"><strong>Bienvenidos a <em>El Diablo Viste de Inditex</em>, el rincón donde la moda rápida se mezcla con la historia, la innovación y un toque de ironía. Si pensabas que Inditex era solo Zara, prepárate para descubrir el imperio detrás de tus looks favoritos.</strong></p>



<p class="has-text-align-center has-medium-font-size"><strong>Todo empezó en Galicia, allá por los años 80, cuando Amancio Ortega decidió que la moda no debía ser un lujo reservado para unos pocos. Desde entonces, Inditex se ha convertido en un gigante que marca tendencias a la velocidad de la luz. Hoy, sus marcas —Zara, Pull&amp;Bear, Bershka, Stradivarius, Massimo Dutti, Oysho y Zara Home— visten a medio planeta y están presentes en casi cada centro comercial del mundo.</strong></p>



<p class="has-text-align-center"><strong>Aquí vas a encontrar un poco de todo:</strong></p>



<p class="has-text-align-center has-medium-font-size"><strong>HISTORIA, MODA, CONOCIMIENTO Y ESTILO<br></strong></p>



<figure class="wp-block-gallery has-nested-images columns-default is-cropped wp-block-gallery-1 is-layout-flex wp-block-gallery-is-layout-flex">
<figure class="wp-block-image size-large"><img loading="lazy" decoding="async" width="1024" height="682" data-id="148" src="https://gicd.inf.um.es/csidpub/usuario32/wp-content/uploads/2025/11/catwalk-g901f9a77c_1280-1024x682.jpg" alt="" class="wp-image-148" srcset="https://gicd.inf.um.es/csidpub/usuario32/wp-content/uploads/2025/11/catwalk-g901f9a77c_1280-1024x682.jpg 1024w, https://gicd.inf.um.es/csidpub/usuario32/wp-content/uploads/2025/11/catwalk-g901f9a77c_1280-300x200.jpg 300w, https://gicd.inf.um.es/csidpub/usuario32/wp-content/uploads/2025/11/catwalk-g901f9a77c_1280-768x512.jpg 768w, https://gicd.inf.um.es/csidpub/usuario32/wp-content/uploads/2025/11/catwalk-g901f9a77c_1280.jpg 1280w" sizes="auto, (max-width: 1024px) 100vw, 1024px" /></figure>



<figure class="wp-block-image size-large"><img loading="lazy" decoding="async" width="259" height="194" data-id="146" src="https://gicd.inf.um.es/csidpub/usuario32/wp-content/uploads/2025/11/images-1-2.jpeg" alt="" class="wp-image-146"/></figure>



<figure class="wp-block-image size-large"><img loading="lazy" decoding="async" width="400" height="600" data-id="145" src="https://gicd.inf.um.es/csidpub/usuario32/wp-content/uploads/2025/11/pasarelas-de-moda-fely-campo.webp" alt="" class="wp-image-145" srcset="https://gicd.inf.um.es/csidpub/usuario32/wp-content/uploads/2025/11/pasarelas-de-moda-fely-campo.webp 400w, https://gicd.inf.um.es/csidpub/usuario32/wp-content/uploads/2025/11/pasarelas-de-moda-fely-campo-200x300.webp 200w" sizes="auto, (max-width: 400px) 100vw, 400px" /></figure>
</figure>



<p class="has-text-align-center has-vivid-red-color has-text-color has-link-color has-medium-font-size wp-elements-213819b23d779b15189b9dce99892768"><strong>Porque sí, el diablo puede vestir de Prada…<br>Pero también compra en Zara.</strong></p>



<p></p>

<p>BIENVENIDO A «EL DIABLO VISTE DE INDITEX» Bienvenidos a El Diablo Viste de Inditex, el rincón donde la moda rápida se mezcla con la historia, la innovación y un toque de ironía. Si pensabas que Inditex era solo Zara, prepárate para descubrir el imperio detrás de tus looks favoritos. Todo empezó en Galicia, allá por [&hellip;]</p>
