{"id":273,"date":"2025-11-19T19:56:15","date_gmt":"2025-11-19T18:56:15","guid":{"rendered":"https:\/\/gicd.inf.um.es\/csidpub\/usuario32\/?page_id=273"},"modified":"2025-11-26T15:00:04","modified_gmt":"2025-11-26T14:00:04","slug":"colaboraciones","status":"publish","type":"page","link":"https:\/\/gicd.inf.um.es\/csidpub\/usuario32\/colaboraciones\/","title":{"rendered":"COLABORACIONES"},"content":{"rendered":"\n<div class=\"wp-block-query is-layout-flow wp-block-query-is-layout-flow\"><ul class=\"columns-2 wp-block-post-template is-layout-grid wp-container-core-post-template-is-layout-f6ab3723 wp-block-post-template-is-layout-grid\"><li class=\"wp-block-post post-253 post type-post status-publish format-standard has-post-thumbnail hentry category-colaboraciones tag-colaboracion tag-inditex tag-lujo\">\n<h2 class=\"wp-block-post-title\">Zara Home \u00d7 Vincent Van Duysen<\/h2>\n\n<figure class=\"wp-block-post-featured-image\"><img loading=\"lazy\" decoding=\"async\" width=\"1571\" height=\"1178\" src=\"https:\/\/gicd.inf.um.es\/csidpub\/usuario32\/wp-content\/uploads\/2025\/11\/A-LAVISH-ESTATE_01.jpg\" class=\"attachment-post-thumbnail size-post-thumbnail wp-post-image\" alt=\"zh\" style=\"object-fit:cover;\" srcset=\"https:\/\/gicd.inf.um.es\/csidpub\/usuario32\/wp-content\/uploads\/2025\/11\/A-LAVISH-ESTATE_01.jpg 1571w, https:\/\/gicd.inf.um.es\/csidpub\/usuario32\/wp-content\/uploads\/2025\/11\/A-LAVISH-ESTATE_01-300x225.jpg 300w, https:\/\/gicd.inf.um.es\/csidpub\/usuario32\/wp-content\/uploads\/2025\/11\/A-LAVISH-ESTATE_01-1024x768.jpg 1024w, https:\/\/gicd.inf.um.es\/csidpub\/usuario32\/wp-content\/uploads\/2025\/11\/A-LAVISH-ESTATE_01-768x576.jpg 768w, https:\/\/gicd.inf.um.es\/csidpub\/usuario32\/wp-content\/uploads\/2025\/11\/A-LAVISH-ESTATE_01-1536x1152.jpg 1536w\" sizes=\"auto, (max-width: 1571px) 100vw, 1571px\" \/><\/figure>\n\n<div class=\"wp-block-post-excerpt\"><p class=\"wp-block-post-excerpt__excerpt\">Zara Home se asoci\u00f3 con el arquitecto y dise\u00f1ador belga Vincent Van Duysen, reconocido por su estilo minimalista, elegante y atemporal, para lanzar la l\u00ednea Zara Home+ by Vincent Van Duysen. Esta colaboraci\u00f3n busca acercar el dise\u00f1o de autor a un p\u00fablico m\u00e1s amplio mediante piezas accesibles, pero con un enfoque premium y duradero. Concepto&hellip; <\/p><\/div>\n\n\n<div style=\"height:100px\" aria-hidden=\"true\" class=\"wp-block-spacer\"><\/div>\n\n<\/li><li class=\"wp-block-post post-246 post type-post status-publish format-standard has-post-thumbnail hentry category-colaboraciones tag-colaboracion tag-inditex tag-moda\">\n<h2 class=\"wp-block-post-title\">Bershka \u00d7 El Ni\u00f1o \u2014 Colaboraci\u00f3n c\u00e1psula<\/h2>\n\n<figure class=\"wp-block-post-featured-image\"><img loading=\"lazy\" decoding=\"async\" width=\"840\" height=\"560\" src=\"https:\/\/gicd.inf.um.es\/csidpub\/usuario32\/wp-content\/uploads\/2025\/11\/840_560.jpeg\" class=\"attachment-post-thumbnail size-post-thumbnail wp-post-image\" alt=\"bn\" style=\"object-fit:cover;\" srcset=\"https:\/\/gicd.inf.um.es\/csidpub\/usuario32\/wp-content\/uploads\/2025\/11\/840_560.jpeg 840w, https:\/\/gicd.inf.um.es\/csidpub\/usuario32\/wp-content\/uploads\/2025\/11\/840_560-300x200.jpeg 300w, https:\/\/gicd.inf.um.es\/csidpub\/usuario32\/wp-content\/uploads\/2025\/11\/840_560-768x512.jpeg 768w\" sizes=\"auto, (max-width: 840px) 100vw, 840px\" \/><\/figure>\n\n<div class=\"wp-block-post-excerpt\"><p class=\"wp-block-post-excerpt__excerpt\">Bershka, la marca de moda joven del grupo Inditex, lanz\u00f3 una colecci\u00f3n c\u00e1psula con El Ni\u00f1o, la ic\u00f3nica marca espa\u00f1ola de surf y streetwear de finales de los 90 y principios de los 2000. La iniciativa surge dentro del revival de la est\u00e9tica Y2K, recuperando el esp\u00edritu de los a\u00f1os 2000 para un p\u00fablico tanto&hellip; <\/p><\/div>\n\n\n<div style=\"height:100px\" aria-hidden=\"true\" class=\"wp-block-spacer\"><\/div>\n\n<\/li><li class=\"wp-block-post post-238 post type-post status-publish format-standard has-post-thumbnail hentry category-colaboraciones category-zara tag-colaboracion tag-inditex tag-moda\">\n<h2 class=\"wp-block-post-title\">Harry Lambert \u00d7 Zara \u2014 Cutie Chaos<\/h2>\n\n<figure class=\"wp-block-post-featured-image\"><img loading=\"lazy\" decoding=\"async\" width=\"259\" height=\"194\" src=\"https:\/\/gicd.inf.um.es\/csidpub\/usuario32\/wp-content\/uploads\/2025\/11\/images-3.jpeg\" class=\"attachment-post-thumbnail size-post-thumbnail wp-post-image\" alt=\"HL\" style=\"object-fit:cover;\" \/><\/figure>\n\n<div class=\"wp-block-post-excerpt\"><p class=\"wp-block-post-excerpt__excerpt\">La colaboraci\u00f3n \u201cCutie Chaos\u201d marca la primera asociaci\u00f3n de Zara con el estilista brit\u00e1nico Harry Lambert, conocido por ser el estilista de Harry Styles. La colecci\u00f3n est\u00e1 compuesta por m\u00e1s de 60 piezas, incluyendo ropa y accesorios, y se caracteriza por una est\u00e9tica nost\u00e1lgica con fuertes referencias a los a\u00f1os 60 y 70, cortes oversize,&hellip; <\/p><\/div>\n\n\n<div style=\"height:100px\" aria-hidden=\"true\" class=\"wp-block-spacer\"><\/div>\n\n<\/li><\/ul>\n\n<nav class=\"wp-block-query-pagination is-layout-flex wp-block-query-pagination-is-layout-flex\" aria-label=\"Paginaci\u00f3n\">\n\n\n<div class=\"wp-block-query-pagination-numbers\"><span aria-label=\"P\u00e1gina 1\" aria-current=\"page\" class=\"page-numbers current\">1<\/span>\n<a aria-label=\"P\u00e1gina 2\" class=\"page-numbers\" href=\"?query-19-page=2\">2<\/a><\/div>\n\n<a href=\"\/csidpub\/usuario32\/wp-json\/wp\/v2\/pages\/273?query-19-page=2\" class=\"wp-block-query-pagination-next\">P\u00e1gina siguiente<\/a>\n<\/nav>\n\n<\/div>\n","protected":false},"excerpt":{"rendered":"","protected":false},"author":1,"featured_media":0,"parent":0,"menu_order":0,"comment_status":"closed","ping_status":"closed","template":"","meta":{"pgc_sgb_lightbox_settings":"","footnotes":""},"class_list":["post-273","page","type-page","status-publish","hentry"],"_links":{"self":[{"href":"https:\/\/gicd.inf.um.es\/csidpub\/usuario32\/wp-json\/wp\/v2\/pages\/273","targetHints":{"allow":["GET"]}}],"collection":[{"href":"https:\/\/gicd.inf.um.es\/csidpub\/usuario32\/wp-json\/wp\/v2\/pages"}],"about":[{"href":"https:\/\/gicd.inf.um.es\/csidpub\/usuario32\/wp-json\/wp\/v2\/types\/page"}],"author":[{"embeddable":true,"href":"https:\/\/gicd.inf.um.es\/csidpub\/usuario32\/wp-json\/wp\/v2\/users\/1"}],"replies":[{"embeddable":true,"href":"https:\/\/gicd.inf.um.es\/csidpub\/usuario32\/wp-json\/wp\/v2\/comments?post=273"}],"version-history":[{"count":10,"href":"https:\/\/gicd.inf.um.es\/csidpub\/usuario32\/wp-json\/wp\/v2\/pages\/273\/revisions"}],"predecessor-version":[{"id":405,"href":"https:\/\/gicd.inf.um.es\/csidpub\/usuario32\/wp-json\/wp\/v2\/pages\/273\/revisions\/405"}],"wp:attachment":[{"href":"https:\/\/gicd.inf.um.es\/csidpub\/usuario32\/wp-json\/wp\/v2\/media?parent=273"}],"curies":[{"name":"wp","href":"https:\/\/api.w.org\/{rel}","templated":true}]}}

<div class="wp-block-query is-layout-flow wp-block-query-is-layout-flow"><ul class="columns-2 wp-block-post-template is-layout-grid wp-container-core-post-template-is-layout-f6ab3723 wp-block-post-template-is-layout-grid"><li class="wp-block-post post-253 post type-post status-publish format-standard has-post-thumbnail hentry category-colaboraciones tag-colaboracion tag-inditex tag-lujo">
<h2 class="wp-block-post-title">Zara Home × Vincent Van Duysen</h2>

<figure class="wp-block-post-featured-image"><img loading="lazy" decoding="async" width="1571" height="1178" src="https://gicd.inf.um.es/csidpub/usuario32/wp-content/uploads/2025/11/A-LAVISH-ESTATE_01.jpg" class="attachment-post-thumbnail size-post-thumbnail wp-post-image" alt="zh" style="object-fit:cover;" srcset="https://gicd.inf.um.es/csidpub/usuario32/wp-content/uploads/2025/11/A-LAVISH-ESTATE_01.jpg 1571w, https://gicd.inf.um.es/csidpub/usuario32/wp-content/uploads/2025/11/A-LAVISH-ESTATE_01-300x225.jpg 300w, https://gicd.inf.um.es/csidpub/usuario32/wp-content/uploads/2025/11/A-LAVISH-ESTATE_01-1024x768.jpg 1024w, https://gicd.inf.um.es/csidpub/usuario32/wp-content/uploads/2025/11/A-LAVISH-ESTATE_01-768x576.jpg 768w, https://gicd.inf.um.es/csidpub/usuario32/wp-content/uploads/2025/11/A-LAVISH-ESTATE_01-1536x1152.jpg 1536w" sizes="auto, (max-width: 1571px) 100vw, 1571px" /></figure>

<div class="wp-block-post-excerpt"><p class="wp-block-post-excerpt__excerpt">Zara Home se asoció con el arquitecto y diseñador belga Vincent Van Duysen, reconocido por su estilo minimalista, elegante y atemporal, para lanzar la línea Zara Home+ by Vincent Van Duysen. Esta colaboración busca acercar el diseño de autor a un público más amplio mediante piezas accesibles, pero con un enfoque premium y duradero. Concepto&hellip; </p></div>


<div style="height:100px" aria-hidden="true" class="wp-block-spacer"></div>

</li><li class="wp-block-post post-246 post type-post status-publish format-standard has-post-thumbnail hentry category-colaboraciones tag-colaboracion tag-inditex tag-moda">
<h2 class="wp-block-post-title">Bershka × El Niño — Colaboración cápsula</h2>

<figure class="wp-block-post-featured-image"><img loading="lazy" decoding="async" width="840" height="560" src="https://gicd.inf.um.es/csidpub/usuario32/wp-content/uploads/2025/11/840_560.jpeg" class="attachment-post-thumbnail size-post-thumbnail wp-post-image" alt="bn" style="object-fit:cover;" srcset="https://gicd.inf.um.es/csidpub/usuario32/wp-content/uploads/2025/11/840_560.jpeg 840w, https://gicd.inf.um.es/csidpub/usuario32/wp-content/uploads/2025/11/840_560-300x200.jpeg 300w, https://gicd.inf.um.es/csidpub/usuario32/wp-content/uploads/2025/11/840_560-768x512.jpeg 768w" sizes="auto, (max-width: 840px) 100vw, 840px" /></figure>

<div class="wp-block-post-excerpt"><p class="wp-block-post-excerpt__excerpt">Bershka, la marca de moda joven del grupo Inditex, lanzó una colección cápsula con El Niño, la icónica marca española de surf y streetwear de finales de los 90 y principios de los 2000. La iniciativa surge dentro del revival de la estética Y2K, recuperando el espíritu de los años 2000 para un público tanto&hellip; </p></div>


<div style="height:100px" aria-hidden="true" class="wp-block-spacer"></div>

</li><li class="wp-block-post post-238 post type-post status-publish format-standard has-post-thumbnail hentry category-colaboraciones category-zara tag-colaboracion tag-inditex tag-moda">
<h2 class="wp-block-post-title">Harry Lambert × Zara — Cutie Chaos</h2>

<figure class="wp-block-post-featured-image"><img loading="lazy" decoding="async" width="259" height="194" src="https://gicd.inf.um.es/csidpub/usuario32/wp-content/uploads/2025/11/images-3.jpeg" class="attachment-post-thumbnail size-post-thumbnail wp-post-image" alt="HL" style="object-fit:cover;" /></figure>

<div class="wp-block-post-excerpt"><p class="wp-block-post-excerpt__excerpt">La colaboración “Cutie Chaos” marca la primera asociación de Zara con el estilista británico Harry Lambert, conocido por ser el estilista de Harry Styles. La colección está compuesta por más de 60 piezas, incluyendo ropa y accesorios, y se caracteriza por una estética nostálgica con fuertes referencias a los años 60 y 70, cortes oversize,&hellip; </p></div>


<div style="height:100px" aria-hidden="true" class="wp-block-spacer"></div>

</li></ul>

<nav class="wp-block-query-pagination is-layout-flex wp-block-query-pagination-is-layout-flex" aria-label="Paginación">


<div class="wp-block-query-pagination-numbers"><span aria-label="Página 1" aria-current="page" class="page-numbers current">1</span>
<a aria-label="Página 2" class="page-numbers" href="?query-19-page=2">2</a></div>

<a href="/csidpub/usuario32/wp-json/wp/v2/pages/273?query-19-page=2" class="wp-block-query-pagination-next">Página siguiente</a>
</nav>

</div>
