{"id":272,"date":"2025-11-24T13:00:20","date_gmt":"2025-11-24T12:00:20","guid":{"rendered":"https:\/\/gicd.inf.um.es\/csidpub\/usuario33\/?page_id=272"},"modified":"2025-11-28T10:12:49","modified_gmt":"2025-11-28T09:12:49","slug":"juegos-mas-importantes-de-la-historia","status":"publish","type":"page","link":"https:\/\/gicd.inf.um.es\/csidpub\/usuario33\/juegos-mas-importantes-de-la-historia\/","title":{"rendered":"Juegos m\u00e1s importantes de la historia"},"content":{"rendered":"\n<p>Bienvenido\/a a \u00abJuegos m\u00e1s importantes de la historia\u00bb este micrositio dedicado a explorar los videojuegos m\u00e1s influyentes de todos los tiempos. A lo largo de varias d\u00e9cadas, la industria del videojuego ha evolucionado desde simples experimentos electr\u00f3nicos hasta convertirse en uno de los pilares de la cultura digital contempor\u00e1nea.<br>En esta p\u00e1gina encontrar\u00e1s una selecci\u00f3n de t\u00edtulos que han marcado un antes y un despu\u00e9s, no solo en lo tecnol\u00f3gico, sino tambi\u00e9n en lo art\u00edstico, narrativo y social.<\/p>\n\n\n\n<div class=\"wp-block-columns is-layout-flex wp-container-core-columns-is-layout-9d6595d7 wp-block-columns-is-layout-flex\">\n<div class=\"wp-block-column is-layout-flow wp-block-column-is-layout-flow\">\n<h2 class=\"wp-block-heading alignwide has-text-align-center\">Cl\u00e1sicos Fundadores<\/h2>\n\n\n\n<figure class=\"wp-block-image size-full\"><img loading=\"lazy\" decoding=\"async\" width=\"436\" height=\"507\" src=\"https:\/\/gicd.inf.um.es\/csidpub\/usuario33\/wp-content\/uploads\/2025\/11\/Captura-de-pantalla-2025-11-24-193255.png\" alt=\"\" class=\"wp-image-284\" style=\"aspect-ratio:1;object-fit:cover\" srcset=\"https:\/\/gicd.inf.um.es\/csidpub\/usuario33\/wp-content\/uploads\/2025\/11\/Captura-de-pantalla-2025-11-24-193255.png 436w, https:\/\/gicd.inf.um.es\/csidpub\/usuario33\/wp-content\/uploads\/2025\/11\/Captura-de-pantalla-2025-11-24-193255-258x300.png 258w\" sizes=\"auto, (max-width: 436px) 100vw, 436px\" \/><\/figure>\n\n\n\n<div style=\"height:30px\" aria-hidden=\"true\" class=\"wp-block-spacer\"><\/div>\n\n\n\n<p class=\"has-text-align-center\">Los primeros grandes \u00e9xitos que pusieron los videojuegos en el mapa.<\/p>\n<\/div>\n\n\n\n<div class=\"wp-block-column is-layout-flow wp-block-column-is-layout-flow\">\n<h2 class=\"wp-block-heading has-text-align-center\">Revoluci\u00f3n de los 80\/90<\/h2>\n\n\n\n<figure class=\"wp-block-image size-full\"><img loading=\"lazy\" decoding=\"async\" width=\"747\" height=\"358\" src=\"https:\/\/gicd.inf.um.es\/csidpub\/usuario33\/wp-content\/uploads\/2025\/11\/Captura-de-pantalla-2025-11-24-193119.png\" alt=\"\" class=\"wp-image-283\" style=\"aspect-ratio:1;object-fit:cover\" srcset=\"https:\/\/gicd.inf.um.es\/csidpub\/usuario33\/wp-content\/uploads\/2025\/11\/Captura-de-pantalla-2025-11-24-193119.png 747w, https:\/\/gicd.inf.um.es\/csidpub\/usuario33\/wp-content\/uploads\/2025\/11\/Captura-de-pantalla-2025-11-24-193119-300x144.png 300w\" sizes=\"auto, (max-width: 747px) 100vw, 747px\" \/><\/figure>\n\n\n\n<div style=\"height:30px\" aria-hidden=\"true\" class=\"wp-block-spacer\"><\/div>\n\n\n\n<p class=\"has-text-align-center\">Los t\u00edtulos que dominaron salones recreativos y consolas dom\u00e9sticas.<\/p>\n<\/div>\n\n\n\n<div class=\"wp-block-column is-layout-flow wp-block-column-is-layout-flow\">\n<h2 class=\"wp-block-heading has-text-align-center\">La era de los videojuegos 3D<\/h2>\n\n\n\n<figure class=\"wp-block-image size-full\"><img loading=\"lazy\" decoding=\"async\" width=\"454\" height=\"371\" src=\"https:\/\/gicd.inf.um.es\/csidpub\/usuario33\/wp-content\/uploads\/2025\/11\/Captura-de-pantalla-2025-11-25-111027.png\" alt=\"\" class=\"wp-image-288\" style=\"aspect-ratio:1;object-fit:cover\" srcset=\"https:\/\/gicd.inf.um.es\/csidpub\/usuario33\/wp-content\/uploads\/2025\/11\/Captura-de-pantalla-2025-11-25-111027.png 454w, https:\/\/gicd.inf.um.es\/csidpub\/usuario33\/wp-content\/uploads\/2025\/11\/Captura-de-pantalla-2025-11-25-111027-300x245.png 300w\" sizes=\"auto, (max-width: 454px) 100vw, 454px\" \/><\/figure>\n\n\n\n<div style=\"height:30px\" aria-hidden=\"true\" class=\"wp-block-spacer\"><\/div>\n\n\n\n<p>Juegos que marcaron el salto t\u00e9cnico y art\u00edstico en los videojuegos.<\/p>\n<\/div>\n\n\n\n<div class=\"wp-block-column is-layout-flow wp-block-column-is-layout-flow\">\n<h2 class=\"wp-block-heading has-text-align-center\">Modernos e influyentes<\/h2>\n\n\n\n<figure class=\"wp-block-image size-full\"><img loading=\"lazy\" decoding=\"async\" width=\"576\" height=\"427\" src=\"https:\/\/gicd.inf.um.es\/csidpub\/usuario33\/wp-content\/uploads\/2025\/11\/Captura-de-pantalla-2025-11-25-111401.png\" alt=\"\" class=\"wp-image-289\" style=\"aspect-ratio:1;object-fit:cover\" srcset=\"https:\/\/gicd.inf.um.es\/csidpub\/usuario33\/wp-content\/uploads\/2025\/11\/Captura-de-pantalla-2025-11-25-111401.png 576w, https:\/\/gicd.inf.um.es\/csidpub\/usuario33\/wp-content\/uploads\/2025\/11\/Captura-de-pantalla-2025-11-25-111401-300x222.png 300w\" sizes=\"auto, (max-width: 576px) 100vw, 576px\" \/><\/figure>\n\n\n\n<div style=\"height:30px\" aria-hidden=\"true\" class=\"wp-block-spacer\"><\/div>\n\n\n\n<p>Videojuegos recientes que redefinieron g\u00e9neros y nuevas formas de jugar.<\/p>\n<\/div>\n<\/div>\n\n\n\n<p>Los videojuegos han marcado generaciones enteras, transformando la cultura popular, la tecnolog\u00eda e incluso la forma en que entendemos el entretenimiento. En este micrositio exploramos los juegos m\u00e1s influyentes de la historia, analizando su impacto, sus innovaciones y por qu\u00e9 siguen siendo relevantes hoy.<\/p>\n\n\n\n<p>Aqu\u00ed encontrar\u00e1s t\u00edtulos que cambiaron g\u00e9neros, crearon nuevas experiencias y definieron eras completas del videojuego.<\/p>\n\n\n\n<div style=\"height:30px\" aria-hidden=\"true\" class=\"wp-block-spacer\"><\/div>\n\n\n\n<h2 class=\"wp-block-heading has-text-align-center\">Top juegos fundamentales<\/h2>\n\n\n\n<div style=\"height:30px\" aria-hidden=\"true\" class=\"wp-block-spacer\"><\/div>\n\n\n\n<div class=\"wp-block-columns is-layout-flex wp-container-core-columns-is-layout-9d6595d7 wp-block-columns-is-layout-flex\">\n<div class=\"wp-block-column is-layout-flow wp-block-column-is-layout-flow\" style=\"flex-basis:100%\">\n<figure class=\"wp-block-gallery has-nested-images columns-default is-cropped wp-block-gallery-1 is-layout-flex wp-block-gallery-is-layout-flex\">\n<figure class=\"wp-block-image size-large\"><img loading=\"lazy\" decoding=\"async\" width=\"765\" height=\"385\" data-id=\"294\" src=\"https:\/\/gicd.inf.um.es\/csidpub\/usuario33\/wp-content\/uploads\/2025\/11\/Captura-de-pantalla-2025-11-25-112544.png\" alt=\"\" class=\"wp-image-294\" srcset=\"https:\/\/gicd.inf.um.es\/csidpub\/usuario33\/wp-content\/uploads\/2025\/11\/Captura-de-pantalla-2025-11-25-112544.png 765w, https:\/\/gicd.inf.um.es\/csidpub\/usuario33\/wp-content\/uploads\/2025\/11\/Captura-de-pantalla-2025-11-25-112544-300x151.png 300w\" sizes=\"auto, (max-width: 765px) 100vw, 765px\" \/><\/figure>\n\n\n\n<figure class=\"wp-block-image size-large\"><img loading=\"lazy\" decoding=\"async\" width=\"707\" height=\"326\" data-id=\"333\" src=\"https:\/\/gicd.inf.um.es\/csidpub\/usuario33\/wp-content\/uploads\/2025\/11\/Captura-de-pantalla-2025-11-25-131700.png\" alt=\"\" class=\"wp-image-333\" srcset=\"https:\/\/gicd.inf.um.es\/csidpub\/usuario33\/wp-content\/uploads\/2025\/11\/Captura-de-pantalla-2025-11-25-131700.png 707w, https:\/\/gicd.inf.um.es\/csidpub\/usuario33\/wp-content\/uploads\/2025\/11\/Captura-de-pantalla-2025-11-25-131700-300x138.png 300w\" sizes=\"auto, (max-width: 707px) 100vw, 707px\" \/><\/figure>\n\n\n\n<figure class=\"wp-block-image size-large\"><img loading=\"lazy\" decoding=\"async\" width=\"762\" height=\"379\" data-id=\"363\" src=\"https:\/\/gicd.inf.um.es\/csidpub\/usuario33\/wp-content\/uploads\/2025\/11\/Captura-de-pantalla-2025-11-26-115831.png\" alt=\"\" class=\"wp-image-363\" srcset=\"https:\/\/gicd.inf.um.es\/csidpub\/usuario33\/wp-content\/uploads\/2025\/11\/Captura-de-pantalla-2025-11-26-115831.png 762w, https:\/\/gicd.inf.um.es\/csidpub\/usuario33\/wp-content\/uploads\/2025\/11\/Captura-de-pantalla-2025-11-26-115831-300x149.png 300w\" sizes=\"auto, (max-width: 762px) 100vw, 762px\" \/><\/figure>\n<\/figure>\n<\/div>\n<\/div>\n\n\n\n<ul class=\"wp-block-list\">\n<li>Pong (1972): El primer gran \u00e9xito comercial.<\/li>\n<\/ul>\n\n\n\n<ul class=\"wp-block-list\">\n<li>Super Mario Bros (1985): Revolucion\u00f3 las plataformas.<\/li>\n<\/ul>\n\n\n\n<ul class=\"wp-block-list\">\n<li>Minecraft (2009): Creatividad sin l\u00edmites y fen\u00f3meno global.<\/li>\n<\/ul>\n\n\n\n<p><\/p>\n","protected":false},"excerpt":{"rendered":"<p>Bienvenido\/a a \u00abJuegos m\u00e1s importantes de la historia\u00bb este micrositio dedicado a explorar los videojuegos m\u00e1s influyentes de todos los tiempos. A lo largo de varias d\u00e9cadas, la industria del videojuego ha evolucionado desde simples experimentos electr\u00f3nicos hasta convertirse en uno de los pilares de la cultura digital contempor\u00e1nea.En esta p\u00e1gina encontrar\u00e1s una selecci\u00f3n de [&hellip;]<\/p>\n","protected":false},"author":1,"featured_media":276,"parent":0,"menu_order":0,"comment_status":"closed","ping_status":"closed","template":"","meta":{"pgc_sgb_lightbox_settings":"","footnotes":""},"class_list":["post-272","page","type-page","status-publish","has-post-thumbnail","hentry"],"_links":{"self":[{"href":"https:\/\/gicd.inf.um.es\/csidpub\/usuario33\/wp-json\/wp\/v2\/pages\/272","targetHints":{"allow":["GET"]}}],"collection":[{"href":"https:\/\/gicd.inf.um.es\/csidpub\/usuario33\/wp-json\/wp\/v2\/pages"}],"about":[{"href":"https:\/\/gicd.inf.um.es\/csidpub\/usuario33\/wp-json\/wp\/v2\/types\/page"}],"author":[{"embeddable":true,"href":"https:\/\/gicd.inf.um.es\/csidpub\/usuario33\/wp-json\/wp\/v2\/users\/1"}],"replies":[{"embeddable":true,"href":"https:\/\/gicd.inf.um.es\/csidpub\/usuario33\/wp-json\/wp\/v2\/comments?post=272"}],"version-history":[{"count":8,"href":"https:\/\/gicd.inf.um.es\/csidpub\/usuario33\/wp-json\/wp\/v2\/pages\/272\/revisions"}],"predecessor-version":[{"id":428,"href":"https:\/\/gicd.inf.um.es\/csidpub\/usuario33\/wp-json\/wp\/v2\/pages\/272\/revisions\/428"}],"wp:featuredmedia":[{"embeddable":true,"href":"https:\/\/gicd.inf.um.es\/csidpub\/usuario33\/wp-json\/wp\/v2\/media\/276"}],"wp:attachment":[{"href":"https:\/\/gicd.inf.um.es\/csidpub\/usuario33\/wp-json\/wp\/v2\/media?parent=272"}],"curies":[{"name":"wp","href":"https:\/\/api.w.org\/{rel}","templated":true}]}}