{"id":541,"date":"2025-11-15T17:00:13","date_gmt":"2025-11-15T16:00:13","guid":{"rendered":"https:\/\/gicd.inf.um.es\/csidpub\/usuario37\/?page_id=541"},"modified":"2025-11-23T10:47:53","modified_gmt":"2025-11-23T09:47:53","slug":"que-es-el-eneagrama-de-la-personalidad","status":"publish","type":"page","link":"https:\/\/gicd.inf.um.es\/csidpub\/usuario37\/que-es-el-eneagrama-de-la-personalidad\/","title":{"rendered":"\u00bfQu\u00e9 es el eneagrama de la personalidad?"},"content":{"rendered":"\n<figure data-wp-context=\"{&quot;imageId&quot;:&quot;69db6319cff2e&quot;}\" data-wp-interactive=\"core\/image\" class=\"wp-block-image size-full wp-lightbox-container\"><img loading=\"lazy\" decoding=\"async\" width=\"750\" height=\"450\" data-wp-class--hide=\"state.isContentHidden\" data-wp-class--show=\"state.isContentVisible\" data-wp-init=\"callbacks.setButtonStyles\" data-wp-on-async--click=\"actions.showLightbox\" data-wp-on-async--load=\"callbacks.setButtonStyles\" data-wp-on-async-window--resize=\"callbacks.setButtonStyles\" src=\"https:\/\/gicd.inf.um.es\/csidpub\/usuario37\/wp-content\/uploads\/2025\/11\/eneagrama-de-la-personalidad.jpg\" alt=\"foto\n\" class=\"wp-image-545\" srcset=\"https:\/\/gicd.inf.um.es\/csidpub\/usuario37\/wp-content\/uploads\/2025\/11\/eneagrama-de-la-personalidad.jpg 750w, https:\/\/gicd.inf.um.es\/csidpub\/usuario37\/wp-content\/uploads\/2025\/11\/eneagrama-de-la-personalidad-300x180.jpg 300w\" sizes=\"auto, (max-width: 750px) 100vw, 750px\" \/><button\n\t\t\tclass=\"lightbox-trigger\"\n\t\t\ttype=\"button\"\n\t\t\taria-haspopup=\"dialog\"\n\t\t\taria-label=\"Agrandar\"\n\t\t\tdata-wp-init=\"callbacks.initTriggerButton\"\n\t\t\tdata-wp-on-async--click=\"actions.showLightbox\"\n\t\t\tdata-wp-style--right=\"state.imageButtonRight\"\n\t\t\tdata-wp-style--top=\"state.imageButtonTop\"\n\t\t>\n\t\t\t<svg xmlns=\"http:\/\/www.w3.org\/2000\/svg\" width=\"12\" height=\"12\" fill=\"none\" viewBox=\"0 0 12 12\">\n\t\t\t\t<path fill=\"#fff\" d=\"M2 0a2 2 0 0 0-2 2v2h1.5V2a.5.5 0 0 1 .5-.5h2V0H2Zm2 10.5H2a.5.5 0 0 1-.5-.5V8H0v2a2 2 0 0 0 2 2h2v-1.5ZM8 12v-1.5h2a.5.5 0 0 0 .5-.5V8H12v2a2 2 0 0 1-2 2H8Zm2-12a2 2 0 0 1 2 2v2h-1.5V2a.5.5 0 0 0-.5-.5H8V0h2Z\" \/>\n\t\t\t<\/svg>\n\t\t<\/button><\/figure>\n\n\n\n<p>El Eneagrama de la personalidad es un modelo de autoconocimiento que describe nueve patrones fundamentales de comportamiento humano, llamados eneatipos. Cada uno de ellos representa una forma caracter\u00edstica de interpretar la realidad, gestionar las emociones y relacionarse con los dem\u00e1s.<\/p>\n\n\n\n<p>Este sistema parte de la idea de que las personas desarrollamos, a lo largo de nuestra vida, una estructura de personalidad que nos ayuda a adaptarnos y a sentirnos seguros, pero que tambi\u00e9n puede limitarnos cuando se hace r\u00edgida o autom\u00e1tica. Por ello, el Eneagrama no busca encasillar, sino ofrecer una gu\u00eda para comprendernos mejor y crecer de manera consciente.<\/p>\n\n\n\n<p>Aunque todos podemos identificarnos con aspectos de los nueve tipos, generalmente uno de ellos predomina y act\u00faa como nuestra base de comportamiento, influyendo en nuestras decisiones, motivaciones y modo de ver el mundo.<\/p>\n\n\n\n<hr class=\"wp-block-separator has-alpha-channel-opacity\"\/>\n\n\n\n<h3 class=\"wp-block-heading has-cyan-bluish-gray-background-color has-background\">Las tres tr\u00edadas del Eneagrama<\/h3>\n\n\n\n<p>Los nueve eneatipos se agrupan en tres grandes tr\u00edadas de car\u00e1cter, seg\u00fan la funci\u00f3n psicol\u00f3gica que predomina en cada grupo:<\/p>\n\n\n\n<h4 class=\"wp-block-heading has-vivid-purple-color has-text-color has-link-color wp-elements-a0d93bd5b6eeebe4ef953b1e955d36fd\">Car\u00e1cter instintivo (eneatipos 8, 9 y 1)<\/h4>\n\n\n\n<p>Personas orientadas a la acci\u00f3n y a la autodefensa. Suelen responder desde el cuerpo y la energ\u00eda vital, buscando afirmarse, mantener la paz o mejorar lo que les rodea.<\/p>\n\n\n\n<h4 class=\"wp-block-heading has-vivid-purple-color has-text-color has-link-color wp-elements-c2fbb3b70113993fbf9e8bdfbad1c122\">Car\u00e1cter emocional (eneatipos 2, 3 y 4)<\/h4>\n\n\n\n<p>Su foco principal est\u00e1 en las relaciones y la identidad personal. Buscan afecto, reconocimiento o autenticidad, gestionando la vida desde la sensibilidad y el v\u00ednculo emocional.<\/p>\n\n\n\n<h4 class=\"wp-block-heading has-vivid-purple-color has-text-color has-link-color wp-elements-e0d481b6a7d107cae0bc93e74db8d0d9\">Car\u00e1cter mental (eneatipos 5, 6 y 7)<\/h4>\n\n\n\n<p>Se relacionan con el mundo a trav\u00e9s del pensamiento y la anticipaci\u00f3n. Buscan seguridad mediante el an\u00e1lisis, la planificaci\u00f3n o la b\u00fasqueda constante de nuevas experiencias.<\/p>\n\n\n\n<figure data-wp-context=\"{&quot;imageId&quot;:&quot;69db6319d0c58&quot;}\" data-wp-interactive=\"core\/image\" class=\"wp-block-image size-large wp-lightbox-container\"><img loading=\"lazy\" decoding=\"async\" width=\"1024\" height=\"543\" data-wp-class--hide=\"state.isContentHidden\" data-wp-class--show=\"state.isContentVisible\" data-wp-init=\"callbacks.setButtonStyles\" data-wp-on-async--click=\"actions.showLightbox\" data-wp-on-async--load=\"callbacks.setButtonStyles\" data-wp-on-async-window--resize=\"callbacks.setButtonStyles\" src=\"https:\/\/gicd.inf.um.es\/csidpub\/usuario37\/wp-content\/uploads\/2025\/11\/9b0a63c2bce2bb17f0693a03f1ee3ba3-1024x543.jpg\" alt=\"eneagrama\n\" class=\"wp-image-549\" srcset=\"https:\/\/gicd.inf.um.es\/csidpub\/usuario37\/wp-content\/uploads\/2025\/11\/9b0a63c2bce2bb17f0693a03f1ee3ba3-1024x543.jpg 1024w, https:\/\/gicd.inf.um.es\/csidpub\/usuario37\/wp-content\/uploads\/2025\/11\/9b0a63c2bce2bb17f0693a03f1ee3ba3-300x159.jpg 300w, https:\/\/gicd.inf.um.es\/csidpub\/usuario37\/wp-content\/uploads\/2025\/11\/9b0a63c2bce2bb17f0693a03f1ee3ba3-768x407.jpg 768w, https:\/\/gicd.inf.um.es\/csidpub\/usuario37\/wp-content\/uploads\/2025\/11\/9b0a63c2bce2bb17f0693a03f1ee3ba3.jpg 1200w\" sizes=\"auto, (max-width: 1024px) 100vw, 1024px\" \/><button\n\t\t\tclass=\"lightbox-trigger\"\n\t\t\ttype=\"button\"\n\t\t\taria-haspopup=\"dialog\"\n\t\t\taria-label=\"Agrandar\"\n\t\t\tdata-wp-init=\"callbacks.initTriggerButton\"\n\t\t\tdata-wp-on-async--click=\"actions.showLightbox\"\n\t\t\tdata-wp-style--right=\"state.imageButtonRight\"\n\t\t\tdata-wp-style--top=\"state.imageButtonTop\"\n\t\t>\n\t\t\t<svg xmlns=\"http:\/\/www.w3.org\/2000\/svg\" width=\"12\" height=\"12\" fill=\"none\" viewBox=\"0 0 12 12\">\n\t\t\t\t<path fill=\"#fff\" d=\"M2 0a2 2 0 0 0-2 2v2h1.5V2a.5.5 0 0 1 .5-.5h2V0H2Zm2 10.5H2a.5.5 0 0 1-.5-.5V8H0v2a2 2 0 0 0 2 2h2v-1.5ZM8 12v-1.5h2a.5.5 0 0 0 .5-.5V8H12v2a2 2 0 0 1-2 2H8Zm2-12a2 2 0 0 1 2 2v2h-1.5V2a.5.5 0 0 0-.5-.5H8V0h2Z\" \/>\n\t\t\t<\/svg>\n\t\t<\/button><\/figure>\n\n\n\n<hr class=\"wp-block-separator has-alpha-channel-opacity\"\/>\n\n\n\n<h3 class=\"wp-block-heading has-cyan-bluish-gray-background-color has-background\">\u00bfPara qu\u00e9 sirve el Eneagrama?<\/h3>\n\n\n\n<p>El Eneagrama se aplica tanto en el \u00e1mbito personal como profesional, y puede resultar \u00fatil en:<\/p>\n\n\n\n<ul class=\"wp-block-list\">\n<li>Autoconocimiento y desarrollo personal<\/li>\n\n\n\n<li>Mejoras en la comunicaci\u00f3n y las relaciones<\/li>\n\n\n\n<li>Gesti\u00f3n emocional y manejo del estr\u00e9s<\/li>\n\n\n\n<li>Crecimiento en liderazgo y trabajo en equipo<\/li>\n\n\n\n<li>Acompa\u00f1amiento en procesos de coaching o terapia<\/li>\n<\/ul>\n\n\n\n<p>No se trata de una herramienta para etiquetar, sino para <strong>entender nuestros patrones autom\u00e1ticos<\/strong> y abrir posibilidades de cambio, mayor libertad interior y bienestar.<\/p>\n\n\n\n<figure class=\"wp-block-embed is-type-video is-provider-youtube wp-block-embed-youtube wp-embed-aspect-16-9 wp-has-aspect-ratio\"><div class=\"wp-block-embed__wrapper\">\n<iframe loading=\"lazy\" title=\"ENEAGRAMA\u2728QUE ES,  PARA QUE sirve y COMO funciona el ENEAGRAMA de la PERSONALIDAD\" width=\"640\" height=\"360\" src=\"https:\/\/www.youtube.com\/embed\/fQvQFNztHgQ?feature=oembed\" frameborder=\"0\" allow=\"accelerometer; autoplay; clipboard-write; encrypted-media; gyroscope; picture-in-picture; web-share\" referrerpolicy=\"strict-origin-when-cross-origin\" allowfullscreen><\/iframe>\n<\/div><\/figure>\n","protected":false},"excerpt":{"rendered":"<p>El Eneagrama de la personalidad es un modelo de autoconocimiento que describe nueve patrones fundamentales de comportamiento humano, llamados eneatipos. Cada uno de ellos representa una forma caracter\u00edstica de interpretar la realidad, gestionar las emociones y relacionarse con los dem\u00e1s. Este sistema parte de la idea de que las personas desarrollamos, a lo largo de [&hellip;]<\/p>\n","protected":false},"author":1,"featured_media":0,"parent":0,"menu_order":0,"comment_status":"closed","ping_status":"closed","template":"","meta":{"pgc_sgb_lightbox_settings":"","footnotes":""},"class_list":["post-541","page","type-page","status-publish","hentry"],"_links":{"self":[{"href":"https:\/\/gicd.inf.um.es\/csidpub\/usuario37\/wp-json\/wp\/v2\/pages\/541","targetHints":{"allow":["GET"]}}],"collection":[{"href":"https:\/\/gicd.inf.um.es\/csidpub\/usuario37\/wp-json\/wp\/v2\/pages"}],"about":[{"href":"https:\/\/gicd.inf.um.es\/csidpub\/usuario37\/wp-json\/wp\/v2\/types\/page"}],"author":[{"embeddable":true,"href":"https:\/\/gicd.inf.um.es\/csidpub\/usuario37\/wp-json\/wp\/v2\/users\/1"}],"replies":[{"embeddable":true,"href":"https:\/\/gicd.inf.um.es\/csidpub\/usuario37\/wp-json\/wp\/v2\/comments?post=541"}],"version-history":[{"count":10,"href":"https:\/\/gicd.inf.um.es\/csidpub\/usuario37\/wp-json\/wp\/v2\/pages\/541\/revisions"}],"predecessor-version":[{"id":776,"href":"https:\/\/gicd.inf.um.es\/csidpub\/usuario37\/wp-json\/wp\/v2\/pages\/541\/revisions\/776"}],"wp:attachment":[{"href":"https:\/\/gicd.inf.um.es\/csidpub\/usuario37\/wp-json\/wp\/v2\/media?parent=541"}],"curies":[{"name":"wp","href":"https:\/\/api.w.org\/{rel}","templated":true}]}}