{"id":188,"date":"2025-11-27T12:50:53","date_gmt":"2025-11-27T11:50:53","guid":{"rendered":"https:\/\/gicd.inf.um.es\/csidpub\/usuario39\/?page_id=188"},"modified":"2025-11-27T21:33:38","modified_gmt":"2025-11-27T20:33:38","slug":"canciones-que-marcan-historias","status":"publish","type":"page","link":"https:\/\/gicd.inf.um.es\/csidpub\/usuario39\/canciones-que-marcan-historias\/","title":{"rendered":"Canciones que marcan Historias"},"content":{"rendered":"\n<p>En este apartado reunimos las canciones que han dejado huella en el cine y las series, aquellas melod\u00edas que transforman escenas en momentos inolvidables. Desde himnos de los 80 rescatados por nuevas generaciones hasta temas contempor\u00e1neos que elevan la narrativa audiovisual, esta p\u00e1gina destaca la m\u00fasica que trasciende la pantalla y se convierte en parte de nuestra memoria emocional.<\/p>\n\n\n\n<div style=\"height:30px\" aria-hidden=\"true\" class=\"wp-block-spacer\"><\/div>\n\n\n\n<div class=\"wp-block-columns alignwide is-layout-flex wp-container-core-columns-is-layout-9d6595d7 wp-block-columns-is-layout-flex\">\n<div class=\"wp-block-column is-layout-flow wp-block-column-is-layout-flow\">\n<h3 class=\"wp-block-heading has-text-align-center\">Compositores y Creadores<\/h3>\n\n\n\n<figure class=\"wp-block-image size-full\"><img loading=\"lazy\" decoding=\"async\" width=\"1024\" height=\"1024\" src=\"https:\/\/gicd.inf.um.es\/csidpub\/usuario39\/wp-content\/uploads\/2025\/11\/9a4381870011cce0f0831029b0e8dc57.jpg\" alt=\"\" class=\"wp-image-192\" style=\"aspect-ratio:1;object-fit:cover\" srcset=\"https:\/\/gicd.inf.um.es\/csidpub\/usuario39\/wp-content\/uploads\/2025\/11\/9a4381870011cce0f0831029b0e8dc57.jpg 1024w, https:\/\/gicd.inf.um.es\/csidpub\/usuario39\/wp-content\/uploads\/2025\/11\/9a4381870011cce0f0831029b0e8dc57-300x300.jpg 300w, https:\/\/gicd.inf.um.es\/csidpub\/usuario39\/wp-content\/uploads\/2025\/11\/9a4381870011cce0f0831029b0e8dc57-150x150.jpg 150w, https:\/\/gicd.inf.um.es\/csidpub\/usuario39\/wp-content\/uploads\/2025\/11\/9a4381870011cce0f0831029b0e8dc57-768x768.jpg 768w\" sizes=\"auto, (max-width: 1024px) 100vw, 1024px\" \/><\/figure>\n\n\n\n<div style=\"height:30px\" aria-hidden=\"true\" class=\"wp-block-spacer\"><\/div>\n\n\n\n<p class=\"has-text-align-left\">Una mirada a los genios detr\u00e1s de las bandas sonoras, sus estilos, t\u00e9cnicas y c\u00f3mo han influido en la industria del entretenimiento.<\/p>\n<\/div>\n\n\n\n<div class=\"wp-block-column is-layout-flow wp-block-column-is-layout-flow\">\n<h3 class=\"wp-block-heading has-text-align-center\">Momentos Ic\u00f3nicos del Cine<\/h3>\n\n\n\n<figure class=\"wp-block-image size-full\"><img loading=\"lazy\" decoding=\"async\" width=\"1200\" height=\"959\" src=\"https:\/\/gicd.inf.um.es\/csidpub\/usuario39\/wp-content\/uploads\/2025\/11\/524f3a3889bfd16802d586979fc0acda-1.jpg\" alt=\"\" class=\"wp-image-198\" style=\"aspect-ratio:1;object-fit:cover\" srcset=\"https:\/\/gicd.inf.um.es\/csidpub\/usuario39\/wp-content\/uploads\/2025\/11\/524f3a3889bfd16802d586979fc0acda-1.jpg 1200w, https:\/\/gicd.inf.um.es\/csidpub\/usuario39\/wp-content\/uploads\/2025\/11\/524f3a3889bfd16802d586979fc0acda-1-300x240.jpg 300w, https:\/\/gicd.inf.um.es\/csidpub\/usuario39\/wp-content\/uploads\/2025\/11\/524f3a3889bfd16802d586979fc0acda-1-1024x818.jpg 1024w, https:\/\/gicd.inf.um.es\/csidpub\/usuario39\/wp-content\/uploads\/2025\/11\/524f3a3889bfd16802d586979fc0acda-1-768x614.jpg 768w\" sizes=\"auto, (max-width: 1200px) 100vw, 1200px\" \/><\/figure>\n\n\n\n<div style=\"height:30px\" aria-hidden=\"true\" class=\"wp-block-spacer\"><\/div>\n\n\n\n<p class=\"has-text-align-left\">Escenas legendarias que cambiaron la historia del audiovisual por su montaje, est\u00e9tica o impacto cultural, m\u00e1s all\u00e1 de la m\u00fasica utilizada en ellas.<\/p>\n<\/div>\n\n\n\n<div class=\"wp-block-column is-layout-flow wp-block-column-is-layout-flow\">\n<h3 class=\"wp-block-heading has-text-align-center\">Evoluci\u00f3n del Sonido en Series<\/h3>\n\n\n\n<figure class=\"wp-block-image size-full\"><img loading=\"lazy\" decoding=\"async\" width=\"570\" height=\"511\" src=\"https:\/\/gicd.inf.um.es\/csidpub\/usuario39\/wp-content\/uploads\/2025\/11\/ebef4f57fef4b575e667c179b58ece8a.jpg\" alt=\"\" class=\"wp-image-194\" style=\"aspect-ratio:1;object-fit:cover\" srcset=\"https:\/\/gicd.inf.um.es\/csidpub\/usuario39\/wp-content\/uploads\/2025\/11\/ebef4f57fef4b575e667c179b58ece8a.jpg 570w, https:\/\/gicd.inf.um.es\/csidpub\/usuario39\/wp-content\/uploads\/2025\/11\/ebef4f57fef4b575e667c179b58ece8a-300x269.jpg 300w\" sizes=\"auto, (max-width: 570px) 100vw, 570px\" \/><\/figure>\n\n\n\n<div style=\"height:30px\" aria-hidden=\"true\" class=\"wp-block-spacer\"><\/div>\n\n\n\n<p class=\"has-text-align-left\">Un recorrido por c\u00f3mo ha cambiado el dise\u00f1o sonoro televisivo a lo largo de las d\u00e9cadas: efectos, ambientes, atm\u00f3sferas y tendencias.<\/p>\n<\/div>\n\n\n\n<div class=\"wp-block-column is-layout-flow wp-block-column-is-layout-flow\">\n<h3 class=\"wp-block-heading has-text-align-center\">Cultura Pop y Tendencias<\/h3>\n\n\n\n<figure class=\"wp-block-image size-full\"><img loading=\"lazy\" decoding=\"async\" width=\"593\" height=\"861\" src=\"https:\/\/gicd.inf.um.es\/csidpub\/usuario39\/wp-content\/uploads\/2025\/11\/1aadb5cd8fc8e49313481aa33444f079-1.jpg\" alt=\"\" class=\"wp-image-201\" style=\"aspect-ratio:1;object-fit:cover\" srcset=\"https:\/\/gicd.inf.um.es\/csidpub\/usuario39\/wp-content\/uploads\/2025\/11\/1aadb5cd8fc8e49313481aa33444f079-1.jpg 593w, https:\/\/gicd.inf.um.es\/csidpub\/usuario39\/wp-content\/uploads\/2025\/11\/1aadb5cd8fc8e49313481aa33444f079-1-207x300.jpg 207w\" sizes=\"auto, (max-width: 593px) 100vw, 593px\" \/><\/figure>\n\n\n\n<div style=\"height:30px\" aria-hidden=\"true\" class=\"wp-block-spacer\"><\/div>\n\n\n\n<p class=\"has-text-align-left\">An\u00e1lisis de fen\u00f3menos culturales, modas, referencias visuales y elementos creativos que conectan al p\u00fablico con sus producciones favoritas.<\/p>\n<\/div>\n<\/div>\n\n\n\n<div class=\"wp-block-cover has-parallax is-repeated\"><div class=\"wp-block-cover__image-background wp-image-196 size-full has-parallax is-repeated\" style=\"background-position:60% 32%;background-image:url(https:\/\/gicd.inf.um.es\/csidpub\/usuario39\/wp-content\/uploads\/2025\/11\/23b7898e2793b20bc216ab5efe07f647.jpg)\"><\/div><span aria-hidden=\"true\" class=\"wp-block-cover__background has-black-background-color has-background-dim-10 has-background-dim\"><\/span><div class=\"wp-block-cover__inner-container is-layout-constrained wp-block-cover-is-layout-constrained\">\n<p class=\"has-text-align-left has-white-color has-text-color has-background has-link-color has-medium-font-size wp-elements-0b24c84e6c332c2a0b480b0bdf6989c8\" style=\"background-color:#00000066\">Descubre c\u00f3mo <strong>la m\u00fasica<\/strong> y <strong>la pantalla <\/strong>se unen para <strong>contar historias<\/strong> que nos acompa\u00f1an <strong>toda la vida<\/strong>.<\/p>\n<\/div><\/div>\n","protected":false},"excerpt":{"rendered":"<p>En este apartado reunimos las canciones que han dejado huella en el cine y las series, aquellas melod\u00edas que transforman escenas en momentos inolvidables. Desde himnos de los 80 rescatados por nuevas generaciones hasta temas contempor\u00e1neos que elevan la narrativa audiovisual, esta p\u00e1gina destaca la m\u00fasica que trasciende la pantalla y se convierte en parte [&hellip;]<\/p>\n","protected":false},"author":1,"featured_media":204,"parent":0,"menu_order":0,"comment_status":"closed","ping_status":"closed","template":"","meta":{"pgc_sgb_lightbox_settings":"","footnotes":""},"class_list":["post-188","page","type-page","status-publish","has-post-thumbnail","hentry"],"_links":{"self":[{"href":"https:\/\/gicd.inf.um.es\/csidpub\/usuario39\/wp-json\/wp\/v2\/pages\/188","targetHints":{"allow":["GET"]}}],"collection":[{"href":"https:\/\/gicd.inf.um.es\/csidpub\/usuario39\/wp-json\/wp\/v2\/pages"}],"about":[{"href":"https:\/\/gicd.inf.um.es\/csidpub\/usuario39\/wp-json\/wp\/v2\/types\/page"}],"author":[{"embeddable":true,"href":"https:\/\/gicd.inf.um.es\/csidpub\/usuario39\/wp-json\/wp\/v2\/users\/1"}],"replies":[{"embeddable":true,"href":"https:\/\/gicd.inf.um.es\/csidpub\/usuario39\/wp-json\/wp\/v2\/comments?post=188"}],"version-history":[{"count":11,"href":"https:\/\/gicd.inf.um.es\/csidpub\/usuario39\/wp-json\/wp\/v2\/pages\/188\/revisions"}],"predecessor-version":[{"id":265,"href":"https:\/\/gicd.inf.um.es\/csidpub\/usuario39\/wp-json\/wp\/v2\/pages\/188\/revisions\/265"}],"wp:featuredmedia":[{"embeddable":true,"href":"https:\/\/gicd.inf.um.es\/csidpub\/usuario39\/wp-json\/wp\/v2\/media\/204"}],"wp:attachment":[{"href":"https:\/\/gicd.inf.um.es\/csidpub\/usuario39\/wp-json\/wp\/v2\/media?parent=188"}],"curies":[{"name":"wp","href":"https:\/\/api.w.org\/{rel}","templated":true}]}}

<p>En este apartado reunimos las canciones que han dejado huella en el cine y las series, aquellas melodías que transforman escenas en momentos inolvidables. Desde himnos de los 80 rescatados por nuevas generaciones hasta temas contemporáneos que elevan la narrativa audiovisual, esta página destaca la música que trasciende la pantalla y se convierte en parte de nuestra memoria emocional.</p>



<div style="height:30px" aria-hidden="true" class="wp-block-spacer"></div>



<div class="wp-block-columns alignwide is-layout-flex wp-container-core-columns-is-layout-9d6595d7 wp-block-columns-is-layout-flex">
<div class="wp-block-column is-layout-flow wp-block-column-is-layout-flow">
<h3 class="wp-block-heading has-text-align-center">Compositores y Creadores</h3>



<figure class="wp-block-image size-full"><img loading="lazy" decoding="async" width="1024" height="1024" src="https://gicd.inf.um.es/csidpub/usuario39/wp-content/uploads/2025/11/9a4381870011cce0f0831029b0e8dc57.jpg" alt="" class="wp-image-192" style="aspect-ratio:1;object-fit:cover" srcset="https://gicd.inf.um.es/csidpub/usuario39/wp-content/uploads/2025/11/9a4381870011cce0f0831029b0e8dc57.jpg 1024w, https://gicd.inf.um.es/csidpub/usuario39/wp-content/uploads/2025/11/9a4381870011cce0f0831029b0e8dc57-300x300.jpg 300w, https://gicd.inf.um.es/csidpub/usuario39/wp-content/uploads/2025/11/9a4381870011cce0f0831029b0e8dc57-150x150.jpg 150w, https://gicd.inf.um.es/csidpub/usuario39/wp-content/uploads/2025/11/9a4381870011cce0f0831029b0e8dc57-768x768.jpg 768w" sizes="auto, (max-width: 1024px) 100vw, 1024px" /></figure>



<div style="height:30px" aria-hidden="true" class="wp-block-spacer"></div>



<p class="has-text-align-left">Una mirada a los genios detrás de las bandas sonoras, sus estilos, técnicas y cómo han influido en la industria del entretenimiento.</p>
</div>



<div class="wp-block-column is-layout-flow wp-block-column-is-layout-flow">
<h3 class="wp-block-heading has-text-align-center">Momentos Icónicos del Cine</h3>



<figure class="wp-block-image size-full"><img loading="lazy" decoding="async" width="1200" height="959" src="https://gicd.inf.um.es/csidpub/usuario39/wp-content/uploads/2025/11/524f3a3889bfd16802d586979fc0acda-1.jpg" alt="" class="wp-image-198" style="aspect-ratio:1;object-fit:cover" srcset="https://gicd.inf.um.es/csidpub/usuario39/wp-content/uploads/2025/11/524f3a3889bfd16802d586979fc0acda-1.jpg 1200w, https://gicd.inf.um.es/csidpub/usuario39/wp-content/uploads/2025/11/524f3a3889bfd16802d586979fc0acda-1-300x240.jpg 300w, https://gicd.inf.um.es/csidpub/usuario39/wp-content/uploads/2025/11/524f3a3889bfd16802d586979fc0acda-1-1024x818.jpg 1024w, https://gicd.inf.um.es/csidpub/usuario39/wp-content/uploads/2025/11/524f3a3889bfd16802d586979fc0acda-1-768x614.jpg 768w" sizes="auto, (max-width: 1200px) 100vw, 1200px" /></figure>



<div style="height:30px" aria-hidden="true" class="wp-block-spacer"></div>



<p class="has-text-align-left">Escenas legendarias que cambiaron la historia del audiovisual por su montaje, estética o impacto cultural, más allá de la música utilizada en ellas.</p>
</div>



<div class="wp-block-column is-layout-flow wp-block-column-is-layout-flow">
<h3 class="wp-block-heading has-text-align-center">Evolución del Sonido en Series</h3>



<figure class="wp-block-image size-full"><img loading="lazy" decoding="async" width="570" height="511" src="https://gicd.inf.um.es/csidpub/usuario39/wp-content/uploads/2025/11/ebef4f57fef4b575e667c179b58ece8a.jpg" alt="" class="wp-image-194" style="aspect-ratio:1;object-fit:cover" srcset="https://gicd.inf.um.es/csidpub/usuario39/wp-content/uploads/2025/11/ebef4f57fef4b575e667c179b58ece8a.jpg 570w, https://gicd.inf.um.es/csidpub/usuario39/wp-content/uploads/2025/11/ebef4f57fef4b575e667c179b58ece8a-300x269.jpg 300w" sizes="auto, (max-width: 570px) 100vw, 570px" /></figure>



<div style="height:30px" aria-hidden="true" class="wp-block-spacer"></div>



<p class="has-text-align-left">Un recorrido por cómo ha cambiado el diseño sonoro televisivo a lo largo de las décadas: efectos, ambientes, atmósferas y tendencias.</p>
</div>



<div class="wp-block-column is-layout-flow wp-block-column-is-layout-flow">
<h3 class="wp-block-heading has-text-align-center">Cultura Pop y Tendencias</h3>



<figure class="wp-block-image size-full"><img loading="lazy" decoding="async" width="593" height="861" src="https://gicd.inf.um.es/csidpub/usuario39/wp-content/uploads/2025/11/1aadb5cd8fc8e49313481aa33444f079-1.jpg" alt="" class="wp-image-201" style="aspect-ratio:1;object-fit:cover" srcset="https://gicd.inf.um.es/csidpub/usuario39/wp-content/uploads/2025/11/1aadb5cd8fc8e49313481aa33444f079-1.jpg 593w, https://gicd.inf.um.es/csidpub/usuario39/wp-content/uploads/2025/11/1aadb5cd8fc8e49313481aa33444f079-1-207x300.jpg 207w" sizes="auto, (max-width: 593px) 100vw, 593px" /></figure>



<div style="height:30px" aria-hidden="true" class="wp-block-spacer"></div>



<p class="has-text-align-left">Análisis de fenómenos culturales, modas, referencias visuales y elementos creativos que conectan al público con sus producciones favoritas.</p>
</div>
</div>



<div class="wp-block-cover has-parallax is-repeated"><div class="wp-block-cover__image-background wp-image-196 size-full has-parallax is-repeated" style="background-position:60% 32%;background-image:url(https://gicd.inf.um.es/csidpub/usuario39/wp-content/uploads/2025/11/23b7898e2793b20bc216ab5efe07f647.jpg)"></div><span aria-hidden="true" class="wp-block-cover__background has-black-background-color has-background-dim-10 has-background-dim"></span><div class="wp-block-cover__inner-container is-layout-constrained wp-block-cover-is-layout-constrained">
<p class="has-text-align-left has-white-color has-text-color has-background has-link-color has-medium-font-size wp-elements-0b24c84e6c332c2a0b480b0bdf6989c8" style="background-color:#00000066">Descubre cómo <strong>la música</strong> y <strong>la pantalla </strong>se unen para <strong>contar historias</strong> que nos acompañan <strong>toda la vida</strong>.</p>
</div></div>

<p>En este apartado reunimos las canciones que han dejado huella en el cine y las series, aquellas melodías que transforman escenas en momentos inolvidables. Desde himnos de los 80 rescatados por nuevas generaciones hasta temas contemporáneos que elevan la narrativa audiovisual, esta página destaca la música que trasciende la pantalla y se convierte en parte [&hellip;]</p>
